{"id":5,"date":"2016-05-26T06:01:23","date_gmt":"2016-05-26T04:01:23","guid":{"rendered":"https:\/\/sanktlukas.se\/eskilstuna\/kontakt\/"},"modified":"2025-04-01T14:41:42","modified_gmt":"2025-04-01T12:41:42","slug":"kontakt","status":"publish","type":"page","link":"https:\/\/sanktlukas.se\/eskilstuna\/kontakt\/","title":{"rendered":"Kontakt"},"content":{"rendered":"\n<p>&nbsp;<\/p>\n\n\n\n<h2 class=\"wp-block-heading\">S:t Lukas i V\u00e4ster\u00e5s driver psykoterapimottagningen i Eskilstuna.<\/h2>\n\n\n\n<p>Bokning online via bokningssystemet \u00e4r inte aktuell f\u00f6r mottagningen i Eskilstuna.<\/p>\n\n\n\n<p>Vill du boka privat, kontakta oss och ber\u00e4tta att du vill komma till Eskilstunamottagningen via mail\u00a0\u00a0<a href=\"mailto:vasteras@sanktlukas.se\">eskilstuna@sanktlukas.se<\/a><\/p>\n\n\n\n<p><\/p>\n","protected":false},"excerpt":{"rendered":"<p>&nbsp; S:t Lukas i V\u00e4ster\u00e5s driver psykoterapimottagningen i Eskilstuna. Bokning online via bokningssystemet \u00e4r inte aktuell f\u00f6r mottagningen i Eskilstuna. Vill du boka privat, kontakta oss och ber\u00e4tta att du vill komma till Eskilstunamottagningen via mail\u00a0\u00a0eskilstuna@sanktlukas.se<\/p>\n","protected":false},"author":3,"featured_media":-1,"parent":0,"menu_order":0,"comment_status":"closed","ping_status":"closed","template":"template-contact.php","meta":{"_acf_changed":false,"footnotes":""},"class_list":["post-5","page","type-page","status-publish","has-post-thumbnail","hentry"],"acf":[],"_links":{"self":[{"href":"https:\/\/sanktlukas.se\/eskilstuna\/wp-json\/wp\/v2\/pages\/5","targetHints":{"allow":["GET"]}}],"collection":[{"href":"https:\/\/sanktlukas.se\/eskilstuna\/wp-json\/wp\/v2\/pages"}],"about":[{"href":"https:\/\/sanktlukas.se\/eskilstuna\/wp-json\/wp\/v2\/types\/page"}],"author":[{"embeddable":true,"href":"https:\/\/sanktlukas.se\/eskilstuna\/wp-json\/wp\/v2\/users\/3"}],"replies":[{"embeddable":true,"href":"https:\/\/sanktlukas.se\/eskilstuna\/wp-json\/wp\/v2\/comments?post=5"}],"version-history":[{"count":21,"href":"https:\/\/sanktlukas.se\/eskilstuna\/wp-json\/wp\/v2\/pages\/5\/revisions"}],"predecessor-version":[{"id":421,"href":"https:\/\/sanktlukas.se\/eskilstuna\/wp-json\/wp\/v2\/pages\/5\/revisions\/421"}],"wp:featuredmedia":[{"embeddable":true,"href":"https:\/\/sanktlukas.se\/eskilstuna\/wp-json\/"}],"wp:attachment":[{"href":"https:\/\/sanktlukas.se\/eskilstuna\/wp-json\/wp\/v2\/media?parent=5"}],"curies":[{"name":"wp","href":"https:\/\/api.w.org\/{rel}","templated":true}]}}

<p>&nbsp;</p>



<h2 class="wp-block-heading">S:t Lukas i Västerås driver psykoterapimottagningen i Eskilstuna.</h2>



<p>Bokning online via bokningssystemet är inte aktuell för mottagningen i Eskilstuna.</p>



<p>Vill du boka privat, kontakta oss och berätta att du vill komma till Eskilstunamottagningen via mail  <a href="mailto:vasteras@sanktlukas.se">eskilstuna@sanktlukas.se</a></p>



<p></p>

<p>&nbsp; S:t Lukas i Västerås driver psykoterapimottagningen i Eskilstuna. Bokning online via bokningssystemet är inte aktuell för mottagningen i Eskilstuna. Vill du boka privat, kontakta oss och berätta att du vill komma till Eskilstunamottagningen via mail  eskilstuna@sanktlukas.se</p>
