{"id":1,"date":"2016-05-26T06:01:25","date_gmt":"2016-05-26T04:01:25","guid":{"rendered":"https:\/\/sanktlukas.se\/falkenberg\/foreningen\/"},"modified":"2017-02-02T16:16:50","modified_gmt":"2017-02-02T15:16:50","slug":"foreningen","status":"publish","type":"page","link":"https:\/\/sanktlukas.se\/falkenberg\/foreningen\/","title":{"rendered":"F\u00f6reningen &#8211; se Halmstad"},"content":{"rendered":"<h5>Den ideella f\u00f6reningen S:t Lukas Halland vill:<\/h5>\n<ul>\n<li>fr\u00e4mja samarbetet mellan f\u00f6retr\u00e4dare f\u00f6r olika m\u00e4nniskov\u00e5rdande yrken.<\/li>\n<li>informera och v\u00e4cka opinion i fr\u00e5gor som r\u00f6r det inre livets betydelse f\u00f6r individer, grupper och organisationer.<\/li>\n<\/ul>\n<p>Den lokala f\u00f6reningen bedriver ut\u00e5triktad verksamhet i form av f\u00f6redrag och \u00e4r huvudman f\u00f6r <span style=\"font-family: Thread-000019e0-Id-00000ead\"><strong>S:t Lukas mottagning i Halmstad, Falkenberg\u00a0och Varberg.\u00a0\u00a0<\/strong><br \/>\n<\/span> Du blir medlem genom att betala\u00a0200 kr till v\u00e5rt postgiro 64 63 12 \u2013 9. Av dessa g\u00e5r 125 kr till f\u00f6reningen och resterande till F\u00f6rbundet S:t Lukas,\u00a0centralt.\u00a0Medlemskap ger neds\u00e4ttning av entr\u00e9avgiften vid f\u00f6rel\u00e4sningar som f\u00f6reningen anordnar.<\/p>\n<p>F\u00f6r information om f\u00f6reningens program: G\u00e5 till sidan HALMSTAD!<\/p>\n<h5><strong>V\u00e4lkommen!<\/strong><\/h5>\n","protected":false},"excerpt":{"rendered":"<p>Den ideella f\u00f6reningen S:t Lukas Halland vill: fr\u00e4mja samarbetet mellan f\u00f6retr\u00e4dare f\u00f6r olika m\u00e4nniskov\u00e5rdande yrken. informera och v\u00e4cka opinion i fr\u00e5gor som r\u00f6r det inre livets betydelse f\u00f6r individer, grupper och organisationer. Den lokala f\u00f6reningen bedriver ut\u00e5triktad verksamhet i form av f\u00f6redrag och \u00e4r huvudman f\u00f6r S:t Lukas mottagning i Halmstad, Falkenberg\u00a0och Varberg.\u00a0\u00a0 Du blir [&hellip;]<\/p>\n","protected":false},"author":3,"featured_media":-1,"parent":0,"menu_order":0,"comment_status":"closed","ping_status":"closed","template":"","meta":{"_acf_changed":false,"footnotes":""},"class_list":["post-1","page","type-page","status-publish","has-post-thumbnail","hentry"],"acf":[],"_links":{"self":[{"href":"https:\/\/sanktlukas.se\/falkenberg\/wp-json\/wp\/v2\/pages\/1","targetHints":{"allow":["GET"]}}],"collection":[{"href":"https:\/\/sanktlukas.se\/falkenberg\/wp-json\/wp\/v2\/pages"}],"about":[{"href":"https:\/\/sanktlukas.se\/falkenberg\/wp-json\/wp\/v2\/types\/page"}],"author":[{"embeddable":true,"href":"https:\/\/sanktlukas.se\/falkenberg\/wp-json\/wp\/v2\/users\/3"}],"replies":[{"embeddable":true,"href":"https:\/\/sanktlukas.se\/falkenberg\/wp-json\/wp\/v2\/comments?post=1"}],"version-history":[{"count":3,"href":"https:\/\/sanktlukas.se\/falkenberg\/wp-json\/wp\/v2\/pages\/1\/revisions"}],"predecessor-version":[{"id":28,"href":"https:\/\/sanktlukas.se\/falkenberg\/wp-json\/wp\/v2\/pages\/1\/revisions\/28"}],"wp:featuredmedia":[{"embeddable":true,"href":"https:\/\/sanktlukas.se\/falkenberg\/wp-json\/"}],"wp:attachment":[{"href":"https:\/\/sanktlukas.se\/falkenberg\/wp-json\/wp\/v2\/media?parent=1"}],"curies":[{"name":"wp","href":"https:\/\/api.w.org\/{rel}","templated":true}]}}