{"id":1,"date":"2021-03-26T06:01:29","date_gmt":"2021-03-26T05:01:29","guid":{"rendered":"https:\/\/sanktlukas.se\/falun\/foreningen\/"},"modified":"2025-03-15T20:46:08","modified_gmt":"2025-03-15T19:46:08","slug":"foreningen","status":"publish","type":"page","link":"https:\/\/sanktlukas.se\/falun\/foreningen\/","title":{"rendered":"F\u00f6reningen"},"content":{"rendered":"\n<div class=\"wp-block-sanktlukas-pageblock page-block\">\n<h1 class=\"wp-block-sanktlukas-genericheading headline headline--large medium-green\">F\u00f6reningen<\/h1>\n\n\n\n<figure class=\"wp-block-image size-large\"><a href=\"https:\/\/sanktlukas.se\/falun\/wp-content\/uploads\/sites\/8\/grupp-av-olika-manniskor-ute_kopt-bild.jpg\"><img loading=\"lazy\" decoding=\"async\" width=\"1200\" height=\"789\" src=\"https:\/\/sanktlukas.se\/falun\/wp-content\/uploads\/sites\/8\/grupp-av-olika-manniskor-ute_kopt-bild-1200x789.jpg\" alt=\"\" class=\"wp-image-792\" srcset=\"https:\/\/sanktlukas.se\/falun\/wp-content\/uploads\/sites\/8\/grupp-av-olika-manniskor-ute_kopt-bild-1200x789.jpg 1200w, https:\/\/sanktlukas.se\/falun\/wp-content\/uploads\/sites\/8\/grupp-av-olika-manniskor-ute_kopt-bild-600x394.jpg 600w, https:\/\/sanktlukas.se\/falun\/wp-content\/uploads\/sites\/8\/grupp-av-olika-manniskor-ute_kopt-bild-768x505.jpg 768w, https:\/\/sanktlukas.se\/falun\/wp-content\/uploads\/sites\/8\/grupp-av-olika-manniskor-ute_kopt-bild.jpg 1465w\" sizes=\"auto, (max-width: 1200px) 100vw, 1200px\" \/><\/a><\/figure>\n\n\n\n<div class=\"wp-block-sanktlukas-pagetext page-text\">F\u00f6reningen S:t Lukas Dalarna \u00e4r en ideell f\u00f6rening som ocks\u00e5 \u00e4r huvudman och arbetsgivare f\u00f6r den professionella samtalsmottagningen, bel\u00e4gen i Falun. Som medlem i S:t Lukas f\u00f6reningsverksamhet \u00e4r du med och st\u00f6ttar arbetet med att v\u00e4rna det meningsskapande samtalet, s\u00e5v\u00e4l genom f\u00f6reningarnas aktiviteter, i samtalsmottagningen\u00a0som via ungdomschatten Unga Lukas.<br><br>Medlemskapet i S:t Lukas Dalarna inneb\u00e4r att du blir medlem i v\u00e5r lokalf\u00f6rening och har m\u00f6jlighet att delta i f\u00f6reningsaktiviteterna. Du som har vana av psykosocialt arbete kan \u00e4ven delta som volont\u00e4r i ungdomschatten. Medlemskapet ger dig m\u00f6jlighet att vara med och p\u00e5verka S:t Lukas verksamhet b\u00e5de genom din lokalf\u00f6rening och genom f\u00f6rbundets fullm\u00e4ktige som h\u00e5lls en g\u00e5ng per \u00e5r.<br><br>Vill du bli medlem, f\u00f6lj <a href=\"https:\/\/sanktlukas.se\/falun\/foreningen\/bli-medlem\/\">l\u00e4nken!<\/a><br><\/div>\n<\/div>\n","protected":false},"excerpt":{"rendered":"","protected":false},"author":5,"featured_media":-1,"parent":0,"menu_order":0,"comment_status":"closed","ping_status":"closed","template":"","meta":{"_acf_changed":false,"footnotes":""},"class_list":["post-1","page","type-page","status-publish","has-post-thumbnail","hentry"],"acf":[],"_links":{"self":[{"href":"https:\/\/sanktlukas.se\/falun\/wp-json\/wp\/v2\/pages\/1","targetHints":{"allow":["GET"]}}],"collection":[{"href":"https:\/\/sanktlukas.se\/falun\/wp-json\/wp\/v2\/pages"}],"about":[{"href":"https:\/\/sanktlukas.se\/falun\/wp-json\/wp\/v2\/types\/page"}],"author":[{"embeddable":true,"href":"https:\/\/sanktlukas.se\/falun\/wp-json\/wp\/v2\/users\/5"}],"replies":[{"embeddable":true,"href":"https:\/\/sanktlukas.se\/falun\/wp-json\/wp\/v2\/comments?post=1"}],"version-history":[{"count":8,"href":"https:\/\/sanktlukas.se\/falun\/wp-json\/wp\/v2\/pages\/1\/revisions"}],"predecessor-version":[{"id":1052,"href":"https:\/\/sanktlukas.se\/falun\/wp-json\/wp\/v2\/pages\/1\/revisions\/1052"}],"wp:featuredmedia":[{"embeddable":true,"href":"https:\/\/sanktlukas.se\/falun\/wp-json\/"}],"wp:attachment":[{"href":"https:\/\/sanktlukas.se\/falun\/wp-json\/wp\/v2\/media?parent=1"}],"curies":[{"name":"wp","href":"https:\/\/api.w.org\/{rel}","templated":true}]}}

Föreningen

<div class="wp-block-sanktlukas-pageblock page-block">
<h1 class="wp-block-sanktlukas-genericheading headline headline--large medium-green">Föreningen</h1>



<figure class="wp-block-image size-large"><a href="https://sanktlukas.se/falun/wp-content/uploads/sites/8/grupp-av-olika-manniskor-ute_kopt-bild.jpg"><img loading="lazy" decoding="async" width="1200" height="789" src="https://sanktlukas.se/falun/wp-content/uploads/sites/8/grupp-av-olika-manniskor-ute_kopt-bild-1200x789.jpg" alt="" class="wp-image-792" srcset="https://sanktlukas.se/falun/wp-content/uploads/sites/8/grupp-av-olika-manniskor-ute_kopt-bild-1200x789.jpg 1200w, https://sanktlukas.se/falun/wp-content/uploads/sites/8/grupp-av-olika-manniskor-ute_kopt-bild-600x394.jpg 600w, https://sanktlukas.se/falun/wp-content/uploads/sites/8/grupp-av-olika-manniskor-ute_kopt-bild-768x505.jpg 768w, https://sanktlukas.se/falun/wp-content/uploads/sites/8/grupp-av-olika-manniskor-ute_kopt-bild.jpg 1465w" sizes="auto, (max-width: 1200px) 100vw, 1200px" /></a></figure>



<div class="wp-block-sanktlukas-pagetext page-text">Föreningen S:t Lukas Dalarna är en ideell förening som också är huvudman och arbetsgivare för den professionella samtalsmottagningen, belägen i Falun. Som medlem i S:t Lukas föreningsverksamhet är du med och stöttar arbetet med att värna det meningsskapande samtalet, såväl genom föreningarnas aktiviteter, i samtalsmottagningen som via ungdomschatten Unga Lukas.<br><br>Medlemskapet i S:t Lukas Dalarna innebär att du blir medlem i vår lokalförening och har möjlighet att delta i föreningsaktiviteterna. Du som har vana av psykosocialt arbete kan även delta som volontär i ungdomschatten. Medlemskapet ger dig möjlighet att vara med och påverka S:t Lukas verksamhet både genom din lokalförening och genom förbundets fullmäktige som hålls en gång per år.<br><br>Vill du bli medlem, följ <a href="https://sanktlukas.se/falun/foreningen/bli-medlem/">länken!</a><br></div>
</div>
