{"id":11,"date":"2020-06-27T09:42:05","date_gmt":"2020-06-27T07:42:05","guid":{"rendered":"https:\/\/sanktlukas.se\/falun\/?page_id=11"},"modified":"2025-01-22T11:35:24","modified_gmt":"2025-01-22T10:35:24","slug":"bli-medlem","status":"publish","type":"page","link":"https:\/\/sanktlukas.se\/falun\/foreningen\/bli-medlem\/","title":{"rendered":"Bli medlem"},"content":{"rendered":"\n<h2 class=\"wp-block-sanktlukas-genericheading headline headline--medium medium-green\">Bli medlem<\/h2>\n\n\n\n<div class=\"wp-block-sanktlukas-generictextblock textblock textblock--undefined\">Du som \u00e4r intresserad av existentiella samtal och vill att psykoterapi ska vara tillg\u00e4ngligt f\u00f6r alla som beh\u00f6ver &#8211; st\u00f6tta oss genom att bli medlem! Som medlem kan du st\u00f6dja och vara med och p\u00e5verka f\u00f6reningens verksamhet. Genom att st\u00f6tta S:t Lukas i Dalarna \u00e4r du med och v\u00e4rnar det goda samtalet som g\u00f6r att vi kan v\u00e4xa som m\u00e4nniskor. Genom f\u00f6reningen st\u00f6djer du m\u00e4nniskors m\u00f6jlighet att f\u00e5 professionell psykologisk hj\u00e4lp till rimliga kostnader. <br><br>\u00c4r du beteendevetare eller har erfarenhet av m\u00e4nniskov\u00e5rdande yrke kan du delta som volont\u00e4r i v\u00e5r chatt Unga Lukas. D\u00e4r st\u00f6ttar vi ungdomar som vill diskutera sv\u00e5ra fr\u00e5gor. <br><br>Om du vill veta mer, kontakta ordf\u00f6rande Ingrid Wahlman tel. 070-625 66 76, eller maila <a href=\"mailto:\" data-type=\"mailto\" data-id=\"mailto:\"><a href=\"mailto:dalarna@sanktlukas.se\">dalarna@sanktlukas.se<\/a>.<\/a><\/div>\n\n\n\n<h3 class=\"wp-block-sanktlukas-genericheading headline headline--small medium-green\">Fri entr\u00e9 vid programkv\u00e4llar<\/h3>\n\n\n\n<div class=\"wp-block-sanktlukas-generictextblock textblock textblock--undefined\">Som medlem ing\u00e5r fri entr\u00e9 till samtliga programkv\u00e4llar under innevarande \u00e5r. Du blir ocks\u00e5 inbjuden till v\u00e5ra programaktiviteter genom e-post.<br><br>Bli medlem genom att swisha \u00e5rsavgiften 200 kr\u00a0till 123 239 31 30 eller g\u00f6ra en inbetalning till bankgiro 55 50-6588 samt och fylla i v\u00e5rt formul\u00e4r som du hittar l\u00e4ngre ner p\u00e5 sidan. M\u00e4rk din inbetalning med ditt namn.<br><br>V\u00e4lkommen som Lukas-v\u00e4n!<\/div>\n\n\n\n<div class=\"wp-block-contact-form-7-contact-form-selector\">\n<div class=\"wpcf7 no-js\" id=\"wpcf7-f774-o1\" lang=\"sv-SE\" dir=\"ltr\" data-wpcf7-id=\"774\">\n<div class=\"screen-reader-response\"><p role=\"status\" aria-live=\"polite\" aria-atomic=\"true\"><\/p> <ul><\/ul><\/div>\n<form action=\"\/falun\/wp-json\/wp\/v2\/pages\/11#wpcf7-f774-o1\" method=\"post\" class=\"wpcf7-form init\" aria-label=\"Kontaktformul\u00e4r\" novalidate=\"novalidate\" data-status=\"init\">\n<fieldset class=\"hidden-fields-container\"><input type=\"hidden\" name=\"_wpcf7\" value=\"774\" \/><input type=\"hidden\" name=\"_wpcf7_version\" value=\"6.1.5\" \/><input type=\"hidden\" name=\"_wpcf7_locale\" value=\"sv_SE\" \/><input type=\"hidden\" name=\"_wpcf7_unit_tag\" value=\"wpcf7-f774-o1\" \/><input type=\"hidden\" name=\"_wpcf7_container_post\" value=\"0\" \/><input type=\"hidden\" name=\"_wpcf7_posted_data_hash\" value=\"\" \/>\n<\/fieldset>\n<p><label> Ditt namn<br \/>\n<span class=\"wpcf7-form-control-wrap\" data-name=\"your-name\"><input size=\"40\" maxlength=\"400\" class=\"wpcf7-form-control wpcf7-text wpcf7-validates-as-required\" autocomplete=\"name\" aria-required=\"true\" aria-invalid=\"false\" value=\"\" type=\"text\" name=\"your-name\" \/><\/span> <\/label>\n<\/p>\n<p><label> Din e-post<br \/>\n<span class=\"wpcf7-form-control-wrap\" data-name=\"your-email\"><input size=\"40\" maxlength=\"400\" class=\"wpcf7-form-control wpcf7-email wpcf7-validates-as-required wpcf7-text wpcf7-validates-as-email\" autocomplete=\"email\" aria-required=\"true\" aria-invalid=\"false\" value=\"\" type=\"email\" name=\"your-email\" \/><\/span> <\/label>\n<\/p>\n<p><label> Telefonnummer<br \/>\n<span class=\"wpcf7-form-control-wrap\" data-name=\"your-number\"><input size=\"40\" maxlength=\"400\" class=\"wpcf7-form-control wpcf7-text wpcf7-validates-as-required\" aria-required=\"true\" aria-invalid=\"false\" value=\"\" type=\"text\" name=\"your-number\" \/><\/span> <\/label>\n<\/p>\n<p><label> Din adress<br \/>\n<span class=\"wpcf7-form-control-wrap\" data-name=\"your-message\"><textarea cols=\"40\" rows=\"10\" maxlength=\"2000\" class=\"wpcf7-form-control wpcf7-textarea wpcf7-validates-as-required\" aria-required=\"true\" aria-invalid=\"false\" name=\"your-message\"><\/textarea><\/span> <\/label>\n<\/p>\n<p><span class=\"wpcf7-form-control-wrap\" data-name=\"acceptance-452\"><span class=\"wpcf7-form-control wpcf7-acceptance\"><span class=\"wpcf7-list-item\"><label><input type=\"checkbox\" name=\"acceptance-452\" value=\"1\" aria-invalid=\"false\" \/><span class=\"wpcf7-list-item-label\">Jag har swishat eller betalat in medlemsavgiften<\/span><\/label><\/span><\/span><\/span>\n<\/p>\n<p><input class=\"wpcf7-form-control wpcf7-submit has-spinner\" type=\"submit\" value=\"Skicka\" \/>\n<\/p><div class=\"wpcf7-response-output\" aria-hidden=\"true\"><\/div>\n<\/form>\n<\/div>\n<\/div>\n\n\n\n<p><\/p>\n","protected":false},"excerpt":{"rendered":"","protected":false},"author":5,"featured_media":-1,"parent":1,"menu_order":0,"comment_status":"closed","ping_status":"closed","template":"","meta":{"_acf_changed":false,"footnotes":""},"class_list":["post-11","page","type-page","status-publish","has-post-thumbnail","hentry"],"acf":[],"_links":{"self":[{"href":"https:\/\/sanktlukas.se\/falun\/wp-json\/wp\/v2\/pages\/11","targetHints":{"allow":["GET"]}}],"collection":[{"href":"https:\/\/sanktlukas.se\/falun\/wp-json\/wp\/v2\/pages"}],"about":[{"href":"https:\/\/sanktlukas.se\/falun\/wp-json\/wp\/v2\/types\/page"}],"author":[{"embeddable":true,"href":"https:\/\/sanktlukas.se\/falun\/wp-json\/wp\/v2\/users\/5"}],"replies":[{"embeddable":true,"href":"https:\/\/sanktlukas.se\/falun\/wp-json\/wp\/v2\/comments?post=11"}],"version-history":[{"count":14,"href":"https:\/\/sanktlukas.se\/falun\/wp-json\/wp\/v2\/pages\/11\/revisions"}],"predecessor-version":[{"id":1023,"href":"https:\/\/sanktlukas.se\/falun\/wp-json\/wp\/v2\/pages\/11\/revisions\/1023"}],"up":[{"embeddable":true,"href":"https:\/\/sanktlukas.se\/falun\/wp-json\/wp\/v2\/pages\/1"}],"wp:featuredmedia":[{"embeddable":true,"href":"https:\/\/sanktlukas.se\/falun\/wp-json\/"}],"wp:attachment":[{"href":"https:\/\/sanktlukas.se\/falun\/wp-json\/wp\/v2\/media?parent=11"}],"curies":[{"name":"wp","href":"https:\/\/api.w.org\/{rel}","templated":true}]}}