{"id":272,"date":"2020-11-07T13:58:28","date_gmt":"2020-11-07T12:58:28","guid":{"rendered":"https:\/\/sanktlukas.se\/falun\/?page_id=272"},"modified":"2025-01-22T11:30:59","modified_gmt":"2025-01-22T10:30:59","slug":"ett-gott-arbetsliv","status":"publish","type":"page","link":"https:\/\/sanktlukas.se\/falun\/ett-gott-arbetsliv\/","title":{"rendered":"F\u00f6retagstj\u00e4nster"},"content":{"rendered":"\n<h1 class=\"wp-block-sanktlukas-genericheading headline headline--large medium-green\">Ett gott arbetsliv<\/h1>\n\n\n\n<div style=\"height:30px\" aria-hidden=\"true\" class=\"wp-block-spacer\"><\/div>\n\n\n\n<figure class=\"wp-block-image alignfull size-full\"><a href=\"https:\/\/sanktlukas.se\/falun\/wp-content\/uploads\/sites\/8\/leende-kvinnar-halsar-pa-man.jpg\"><img loading=\"lazy\" decoding=\"async\" width=\"1376\" height=\"851\" src=\"https:\/\/sanktlukas.se\/falun\/wp-content\/uploads\/sites\/8\/leende-kvinnar-halsar-pa-man.jpg\" alt=\"\" class=\"wp-image-797\" srcset=\"https:\/\/sanktlukas.se\/falun\/wp-content\/uploads\/sites\/8\/leende-kvinnar-halsar-pa-man.jpg 1376w, https:\/\/sanktlukas.se\/falun\/wp-content\/uploads\/sites\/8\/leende-kvinnar-halsar-pa-man-600x371.jpg 600w, https:\/\/sanktlukas.se\/falun\/wp-content\/uploads\/sites\/8\/leende-kvinnar-halsar-pa-man-1200x742.jpg 1200w, https:\/\/sanktlukas.se\/falun\/wp-content\/uploads\/sites\/8\/leende-kvinnar-halsar-pa-man-768x475.jpg 768w\" sizes=\"auto, (max-width: 1376px) 100vw, 1376px\" \/><\/a><\/figure>\n\n\n\n<div class=\"wp-block-sanktlukas-generictextblock textblock textblock--undefined\">Arbetslivet \u00e4r ett komplext sammanhang d\u00e4r en m\u00e4ngd faktorer samverkar och p\u00e5verkar s\u00e5v\u00e4l medarbetarnas v\u00e4lbefinnande som vad verksamheten \u00e5stadkommer. Med hj\u00e4lp av psykologisk kunskap verkar vi f\u00f6r ett arbetsliv d\u00e4r m\u00e4nniskor b\u00e5de m\u00e5r bra och g\u00f6r ett gott jobb, f\u00f6r det h\u00e4nger ihop.<br><br><strong>M\u00e4nniskor vill och f\u00f6rs\u00f6ker sitt b\u00e4sta f\u00f6r att hantera utmaningar i arbetslivet. \u00c4nd\u00e5 n\u00e5r vi inte alltid \u00e4nda fram: det uppst\u00e5r konflikter, n\u00e5gon blir sjukskriven, personal s\u00e4ger upp sig eller v\u00e5r k\u00e4rnverksamhet blir inte s\u00e5 bra som vi hade hoppats.<\/strong><br><br>M\u00e5nga g\u00e5nger kan organisationer hantera problem p\u00e5 egen hand. N\u00e4r man k\u00f6r fast \u00e4r ett professionellt externt st\u00f6d till hj\u00e4lp. Vi hj\u00e4lper individer, grupper och organisationer att komma vidare i sin str\u00e4van mot ett gott arbetsliv.<br><br><\/div>\n\n\n\n<hr class=\"wp-block-separator has-alpha-channel-opacity\"\/>\n\n\n\n<div class=\"wp-block-columns is-layout-flex wp-container-core-columns-is-layout-9d6595d7 wp-block-columns-is-layout-flex\">\n<div class=\"wp-block-column is-vertically-aligned-center is-layout-flow wp-block-column-is-layout-flow\">\n<h3 class=\"wp-block-sanktlukas-genericheading headline headline--small medium-green\">Samtalsst\u00f6d<\/h3>\n\n\n\n<div class=\"wp-block-sanktlukas-generictextblock textblock textblock--undefined\"><br>Medarbetare kan beh\u00f6va st\u00f6d, hj\u00e4lp och strategier f\u00f6r att hantera stress, kriser och arbetsrelaterade p\u00e5frestningar. Vi erbjuder kvalificerat samtalsst\u00f6d med legitimerade terapeuter som har gedigen erfarenhet.<br><br><\/div>\n\n\n\n<div class=\"wp-block-sanktlukas-genericbutton button-container\"><a role=\"button\" href=\"https:\/\/sanktlukas.se\/falun\/medarbetare\/\" class=\"button button--medium button--dark-green\">L\u00e4s mer<\/a><\/div>\n<\/div>\n\n\n\n<div class=\"wp-block-column is-layout-flow wp-block-column-is-layout-flow\">\n<h3 class=\"wp-block-heading has-text-align-left\">Handledning<\/h3>\n\n\n\n<div class=\"wp-block-sanktlukas-generictextblock textblock textblock--undefined\"><br>Handledning \u00e4r ett viktigt st\u00f6d f\u00f6r medarbetare i kontaktyrken d\u00e4r relationen st\u00e5r i centrum. Vi erbjuder handledning d\u00e4r individen f\u00e5r m\u00f6jlighet att utvecklas professionellt under trygga former.<br><br><br><\/div>\n\n\n\n<div class=\"wp-block-sanktlukas-genericbutton button-container\"><a role=\"button\" href=\"https:\/\/sanktlukas.se\/falun\/handledning\/\" class=\"button button--medium button--dark-green\">L\u00e4s mer<\/a><\/div>\n<\/div>\n<\/div>\n\n\n\n<div class=\"wp-block-columns is-layout-flex wp-container-core-columns-is-layout-9d6595d7 wp-block-columns-is-layout-flex\">\n<div class=\"wp-block-column is-layout-flow wp-block-column-is-layout-flow\">\n<h3 class=\"wp-block-heading\">Grupper och team<\/h3>\n\n\n\n<div class=\"wp-block-sanktlukas-generictextblock textblock textblock--undefined\"><br>Utvecklande insatser f\u00f6r grupper och team kan bli det st\u00f6d som beh\u00f6vs f\u00f6r att komma vidare. Tillsammans med dig som chef och teamet du leder kan vi planera och genomf\u00f6ra ett f\u00f6r\u00e4ndringsarbete.<br><br><\/div>\n\n\n\n<div class=\"wp-block-sanktlukas-genericbutton button-container\"><a role=\"button\" href=\"https:\/\/sanktlukas.se\/falun\/grupper-och-team\/\" class=\"button button--medium button--dark-green\">L\u00e4s mer<\/a><\/div>\n<\/div>\n\n\n\n<div class=\"wp-block-column is-layout-flow wp-block-column-is-layout-flow\">\n<h3 class=\"wp-block-heading\">Chefsst\u00f6d<\/h3>\n\n\n\n<div class=\"wp-block-sanktlukas-generictextblock textblock textblock--undefined\"><br>Ledarskap inneb\u00e4r att ha fokus p\u00e5 och balans mellan uppgift och relationer. Tillsammans med dig utforskar vi s\u00e4tt att skapa f\u00f6ruts\u00e4ttningar f\u00f6r utveckling, delaktighet och h\u00e5llbarhet.<br><br><\/div>\n\n\n\n<div class=\"wp-block-sanktlukas-genericbutton button-container\"><a role=\"button\" href=\"https:\/\/sanktlukas.se\/falun\/ledarskap\/\" class=\"button button--medium button--dark-green\">L\u00e4s mer<\/a><\/div>\n<\/div>\n<\/div>\n\n\n\n<hr class=\"wp-block-separator has-alpha-channel-opacity\"\/>\n\n\n\n<h3 class=\"wp-block-sanktlukas-genericheading headline headline--small medium-green\">F\u00f6r att boka eller f\u00e5 mer information om v\u00e5ra tj\u00e4nster, kontakta:<br><\/h3>\n\n\n\n<div class=\"wp-block-sanktlukas-generictextblock textblock textblock--undefined\">Amanda Held<br>Verksamhetschef, leg psykolog<br><a href=\"tel:023-705049\">023-70 50 49<\/a>, <a href=\"tel:076-4929801\">076-492 98 01<\/a><br><a href=\"mailto:dalarna@sanktlukas.se\">dalarna@sanktlukas.se<\/a><\/div>\n\n\n\n<p><\/p>\n","protected":false},"excerpt":{"rendered":"<p>Handledning Grupper och team Chefsst\u00f6d<\/p>\n","protected":false},"author":18,"featured_media":-1,"parent":0,"menu_order":0,"comment_status":"closed","ping_status":"closed","template":"","meta":{"_acf_changed":false,"footnotes":""},"class_list":["post-272","page","type-page","status-publish","has-post-thumbnail","hentry"],"acf":[],"_links":{"self":[{"href":"https:\/\/sanktlukas.se\/falun\/wp-json\/wp\/v2\/pages\/272","targetHints":{"allow":["GET"]}}],"collection":[{"href":"https:\/\/sanktlukas.se\/falun\/wp-json\/wp\/v2\/pages"}],"about":[{"href":"https:\/\/sanktlukas.se\/falun\/wp-json\/wp\/v2\/types\/page"}],"author":[{"embeddable":true,"href":"https:\/\/sanktlukas.se\/falun\/wp-json\/wp\/v2\/users\/18"}],"replies":[{"embeddable":true,"href":"https:\/\/sanktlukas.se\/falun\/wp-json\/wp\/v2\/comments?post=272"}],"version-history":[{"count":52,"href":"https:\/\/sanktlukas.se\/falun\/wp-json\/wp\/v2\/pages\/272\/revisions"}],"predecessor-version":[{"id":1019,"href":"https:\/\/sanktlukas.se\/falun\/wp-json\/wp\/v2\/pages\/272\/revisions\/1019"}],"wp:featuredmedia":[{"embeddable":true,"href":"https:\/\/sanktlukas.se\/falun\/wp-json\/"}],"wp:attachment":[{"href":"https:\/\/sanktlukas.se\/falun\/wp-json\/wp\/v2\/media?parent=272"}],"curies":[{"name":"wp","href":"https:\/\/api.w.org\/{rel}","templated":true}]}}

Företagstjänster

<h1 class="wp-block-sanktlukas-genericheading headline headline--large medium-green">Ett gott arbetsliv</h1>



<div style="height:30px" aria-hidden="true" class="wp-block-spacer"></div>



<figure class="wp-block-image alignfull size-full"><a href="https://sanktlukas.se/falun/wp-content/uploads/sites/8/leende-kvinnar-halsar-pa-man.jpg"><img loading="lazy" decoding="async" width="1376" height="851" src="https://sanktlukas.se/falun/wp-content/uploads/sites/8/leende-kvinnar-halsar-pa-man.jpg" alt="" class="wp-image-797" srcset="https://sanktlukas.se/falun/wp-content/uploads/sites/8/leende-kvinnar-halsar-pa-man.jpg 1376w, https://sanktlukas.se/falun/wp-content/uploads/sites/8/leende-kvinnar-halsar-pa-man-600x371.jpg 600w, https://sanktlukas.se/falun/wp-content/uploads/sites/8/leende-kvinnar-halsar-pa-man-1200x742.jpg 1200w, https://sanktlukas.se/falun/wp-content/uploads/sites/8/leende-kvinnar-halsar-pa-man-768x475.jpg 768w" sizes="auto, (max-width: 1376px) 100vw, 1376px" /></a></figure>



<div class="wp-block-sanktlukas-generictextblock textblock textblock--undefined">Arbetslivet är ett komplext sammanhang där en mängd faktorer samverkar och påverkar såväl medarbetarnas välbefinnande som vad verksamheten åstadkommer. Med hjälp av psykologisk kunskap verkar vi för ett arbetsliv där människor både mår bra och gör ett gott jobb, för det hänger ihop.<br><br><strong>Människor vill och försöker sitt bästa för att hantera utmaningar i arbetslivet. Ändå når vi inte alltid ända fram: det uppstår konflikter, någon blir sjukskriven, personal säger upp sig eller vår kärnverksamhet blir inte så bra som vi hade hoppats.</strong><br><br>Många gånger kan organisationer hantera problem på egen hand. När man kör fast är ett professionellt externt stöd till hjälp. Vi hjälper individer, grupper och organisationer att komma vidare i sin strävan mot ett gott arbetsliv.<br><br></div>



<hr class="wp-block-separator has-alpha-channel-opacity"/>



<div class="wp-block-columns is-layout-flex wp-container-core-columns-is-layout-9d6595d7 wp-block-columns-is-layout-flex">
<div class="wp-block-column is-vertically-aligned-center is-layout-flow wp-block-column-is-layout-flow">
<h3 class="wp-block-sanktlukas-genericheading headline headline--small medium-green">Samtalsstöd</h3>



<div class="wp-block-sanktlukas-generictextblock textblock textblock--undefined"><br>Medarbetare kan behöva stöd, hjälp och strategier för att hantera stress, kriser och arbetsrelaterade påfrestningar. Vi erbjuder kvalificerat samtalsstöd med legitimerade terapeuter som har gedigen erfarenhet.<br><br></div>



<div class="wp-block-sanktlukas-genericbutton button-container"><a role="button" href="https://sanktlukas.se/falun/medarbetare/" class="button button--medium button--dark-green">Läs mer</a></div>
</div>



<div class="wp-block-column is-layout-flow wp-block-column-is-layout-flow">
<h3 class="wp-block-heading has-text-align-left">Handledning</h3>



<div class="wp-block-sanktlukas-generictextblock textblock textblock--undefined"><br>Handledning är ett viktigt stöd för medarbetare i kontaktyrken där relationen står i centrum. Vi erbjuder handledning där individen får möjlighet att utvecklas professionellt under trygga former.<br><br><br></div>



<div class="wp-block-sanktlukas-genericbutton button-container"><a role="button" href="https://sanktlukas.se/falun/handledning/" class="button button--medium button--dark-green">Läs mer</a></div>
</div>
</div>



<div class="wp-block-columns is-layout-flex wp-container-core-columns-is-layout-9d6595d7 wp-block-columns-is-layout-flex">
<div class="wp-block-column is-layout-flow wp-block-column-is-layout-flow">
<h3 class="wp-block-heading">Grupper och team</h3>



<div class="wp-block-sanktlukas-generictextblock textblock textblock--undefined"><br>Utvecklande insatser för grupper och team kan bli det stöd som behövs för att komma vidare. Tillsammans med dig som chef och teamet du leder kan vi planera och genomföra ett förändringsarbete.<br><br></div>



<div class="wp-block-sanktlukas-genericbutton button-container"><a role="button" href="https://sanktlukas.se/falun/grupper-och-team/" class="button button--medium button--dark-green">Läs mer</a></div>
</div>



<div class="wp-block-column is-layout-flow wp-block-column-is-layout-flow">
<h3 class="wp-block-heading">Chefsstöd</h3>



<div class="wp-block-sanktlukas-generictextblock textblock textblock--undefined"><br>Ledarskap innebär att ha fokus på och balans mellan uppgift och relationer. Tillsammans med dig utforskar vi sätt att skapa förutsättningar för utveckling, delaktighet och hållbarhet.<br><br></div>



<div class="wp-block-sanktlukas-genericbutton button-container"><a role="button" href="https://sanktlukas.se/falun/ledarskap/" class="button button--medium button--dark-green">Läs mer</a></div>
</div>
</div>



<hr class="wp-block-separator has-alpha-channel-opacity"/>



<h3 class="wp-block-sanktlukas-genericheading headline headline--small medium-green">För att boka eller få mer information om våra tjänster, kontakta:<br></h3>



<div class="wp-block-sanktlukas-generictextblock textblock textblock--undefined">Amanda Held<br>Verksamhetschef, leg psykolog<br><a href="tel:023-705049">023-70 50 49</a>, <a href="tel:076-4929801">076-492 98 01</a><br><a href="mailto:dalarna@sanktlukas.se">dalarna@sanktlukas.se</a></div>



<p></p>

<p>Handledning Grupper och team Chefsstöd</p>
