{"id":624,"date":"2022-07-19T13:02:30","date_gmt":"2022-07-19T11:02:30","guid":{"rendered":"https:\/\/sanktlukas.se\/falun\/?page_id=624"},"modified":"2025-01-22T11:43:18","modified_gmt":"2025-01-22T10:43:18","slug":"visioner","status":"publish","type":"page","link":"https:\/\/sanktlukas.se\/falun\/visioner\/","title":{"rendered":"Visioner f\u00f6r S:t Lukas Dalarna"},"content":{"rendered":"\n<h1 class=\"wp-block-sanktlukas-genericheading headline headline--large medium-green\">Visioner f\u00f6r S:t Lukas Dalarna<\/h1>\n\n\n\n<h3 class=\"wp-block-sanktlukas-genericheading headline headline--small medium-green\">Psykiskt v\u00e4lbefinnande<\/h3>\n\n\n\n<div class=\"wp-block-sanktlukas-generictextblock textblock textblock--undefined\">I livet st\u00f6ter vi p\u00e5 sv\u00e5righeter och de flesta kan vi klara sj\u00e4lva eller med st\u00f6d av<br>v\u00e5ra n\u00e4ra och k\u00e4ra. Ibland hamnar vi i situationer d\u00e5 vi beh\u00f6ver n\u00e5gonting mer<br>och d\u00e5 kan psykoterapi vara det som hj\u00e4lper oss fram\u00e5t. Vi arbetar f\u00f6r att alla<br>ska ha tillg\u00e5ng till psykoterapi och vi vill att terapin ska utformas tillsammans<br>med konfidenten enligt de behov som hen har och med b\u00e4sta kvalitet.<br><\/div>\n\n\n\n<h3 class=\"wp-block-sanktlukas-genericheading headline headline--small medium-green\">Goda relationer<\/h3>\n\n\n\n<div class=\"wp-block-sanktlukas-generictextblock textblock textblock--undefined\">Genom goda relationer kan vi utvecklas, skapa mening och f\u00e5 st\u00f6d n\u00e4r vi<br>beh\u00f6ver det. Alla kan st\u00f6ta p\u00e5 sv\u00e5righeter i sina relationer och det allra mesta<br>g\u00e5r att hantera inom relationen. Ibland blir det dock \u00f6verm\u00e4ktigt och d\u00e5 kan ett<br>professionellt st\u00f6d vara det som beh\u00f6vs f\u00f6r att komma vidare. Vi vill att alla<br>som beh\u00f6ver ska ha m\u00f6jlighet att f\u00e5 detta st\u00f6d.<br><\/div>\n\n\n\n<h3 class=\"wp-block-sanktlukas-genericheading headline headline--small medium-green\">Ett gott arbetsliv<\/h3>\n\n\n\n<div class=\"wp-block-sanktlukas-generictextblock textblock textblock--undefined\">Arbetslivet \u00e4r ett komplext sammanhang d\u00e4r en m\u00e4ngd faktorer samverkar och<br>p\u00e5verkar s\u00e5v\u00e4l medarbetarnas v\u00e4lbefinnande som vad verksamheten<br>\u00e5stadkommer. Med hj\u00e4lp av psykologisk kunskap verkar vi f\u00f6r ett arbetsliv d\u00e4r<br>alla b\u00e5de m\u00e5r bra och g\u00f6r ett gott jobb, f\u00f6r det h\u00e4nger ihop.<br><\/div>\n\n\n\n<h3 class=\"wp-block-sanktlukas-genericheading headline headline--small medium-green\">Att g\u00f6ra skillnad<\/h3>\n\n\n\n<div class=\"wp-block-sanktlukas-generictextblock textblock textblock--undefined\">Arbetslivet, v\u00e5ra relationer och v\u00e5r psykiska h\u00e4lsa h\u00e4nger ihop och p\u00e5verkar<br>varandra \u00f6msesidigt. Genom att verka i flera sammanhang ser vi till att g\u00f6ra<br>skillnad f\u00f6r s\u00e5 m\u00e5nga som m\u00f6jligt d\u00e4r det beh\u00f6vs.<\/div>\n\n\n\n<p><\/p>\n","protected":false},"excerpt":{"rendered":"","protected":false},"author":18,"featured_media":0,"parent":0,"menu_order":0,"comment_status":"closed","ping_status":"closed","template":"","meta":{"_acf_changed":false,"footnotes":""},"class_list":["post-624","page","type-page","status-publish","hentry"],"acf":[],"_links":{"self":[{"href":"https:\/\/sanktlukas.se\/falun\/wp-json\/wp\/v2\/pages\/624","targetHints":{"allow":["GET"]}}],"collection":[{"href":"https:\/\/sanktlukas.se\/falun\/wp-json\/wp\/v2\/pages"}],"about":[{"href":"https:\/\/sanktlukas.se\/falun\/wp-json\/wp\/v2\/types\/page"}],"author":[{"embeddable":true,"href":"https:\/\/sanktlukas.se\/falun\/wp-json\/wp\/v2\/users\/18"}],"replies":[{"embeddable":true,"href":"https:\/\/sanktlukas.se\/falun\/wp-json\/wp\/v2\/comments?post=624"}],"version-history":[{"count":11,"href":"https:\/\/sanktlukas.se\/falun\/wp-json\/wp\/v2\/pages\/624\/revisions"}],"predecessor-version":[{"id":1026,"href":"https:\/\/sanktlukas.se\/falun\/wp-json\/wp\/v2\/pages\/624\/revisions\/1026"}],"wp:attachment":[{"href":"https:\/\/sanktlukas.se\/falun\/wp-json\/wp\/v2\/media?parent=624"}],"curies":[{"name":"wp","href":"https:\/\/api.w.org\/{rel}","templated":true}]}}

Visioner för S:t Lukas Dalarna

<h1 class="wp-block-sanktlukas-genericheading headline headline--large medium-green">Visioner för S:t Lukas Dalarna</h1>



<h3 class="wp-block-sanktlukas-genericheading headline headline--small medium-green">Psykiskt välbefinnande</h3>



<div class="wp-block-sanktlukas-generictextblock textblock textblock--undefined">I livet stöter vi på svårigheter och de flesta kan vi klara själva eller med stöd av<br>våra nära och kära. Ibland hamnar vi i situationer då vi behöver någonting mer<br>och då kan psykoterapi vara det som hjälper oss framåt. Vi arbetar för att alla<br>ska ha tillgång till psykoterapi och vi vill att terapin ska utformas tillsammans<br>med konfidenten enligt de behov som hen har och med bästa kvalitet.<br></div>



<h3 class="wp-block-sanktlukas-genericheading headline headline--small medium-green">Goda relationer</h3>



<div class="wp-block-sanktlukas-generictextblock textblock textblock--undefined">Genom goda relationer kan vi utvecklas, skapa mening och få stöd när vi<br>behöver det. Alla kan stöta på svårigheter i sina relationer och det allra mesta<br>går att hantera inom relationen. Ibland blir det dock övermäktigt och då kan ett<br>professionellt stöd vara det som behövs för att komma vidare. Vi vill att alla<br>som behöver ska ha möjlighet att få detta stöd.<br></div>



<h3 class="wp-block-sanktlukas-genericheading headline headline--small medium-green">Ett gott arbetsliv</h3>



<div class="wp-block-sanktlukas-generictextblock textblock textblock--undefined">Arbetslivet är ett komplext sammanhang där en mängd faktorer samverkar och<br>påverkar såväl medarbetarnas välbefinnande som vad verksamheten<br>åstadkommer. Med hjälp av psykologisk kunskap verkar vi för ett arbetsliv där<br>alla både mår bra och gör ett gott jobb, för det hänger ihop.<br></div>



<h3 class="wp-block-sanktlukas-genericheading headline headline--small medium-green">Att göra skillnad</h3>



<div class="wp-block-sanktlukas-generictextblock textblock textblock--undefined">Arbetslivet, våra relationer och vår psykiska hälsa hänger ihop och påverkar<br>varandra ömsesidigt. Genom att verka i flera sammanhang ser vi till att göra<br>skillnad för så många som möjligt där det behövs.</div>



<p></p>
