{"id":670,"date":"2022-12-21T18:21:47","date_gmt":"2022-12-21T17:21:47","guid":{"rendered":"https:\/\/sanktlukas.se\/fyrbodal\/?post_type=calendar&#038;p=670"},"modified":"2023-02-02T20:10:55","modified_gmt":"2023-02-02T19:10:55","slug":"programkvall-tomas-sjodin","status":"publish","type":"calendar","link":"https:\/\/sanktlukas.se\/fyrbodal\/kalendarium\/programkvall-tomas-sjodin\/","title":{"rendered":"Programkv\u00e4ll &#8211; Tomas Sj\u00f6din"},"content":{"rendered":"\n<div class=\"wp-block-sanktlukas-pageblock page-block\">\n<h1 class=\"wp-block-sanktlukas-genericheading headline headline--large medium-green\">Programkv\u00e4ll &#8211; Tomas Sj\u00f6din<\/h1>\n\n\n\n<div class=\"wp-block-sanktlukas-pagetext page-text\">Ljudet av tystnad &#8211; en djupt personlig betraktelse om att v\u00e4rna sitt inre liv.<br>Tomas Sj\u00f6din \u00e4r f\u00f6rfattare, pastor, f\u00f6rel\u00e4sare och kr\u00f6nik\u00f6r. Han har varit<br>en uppskattad sommar- och vinterv\u00e4rd i Sveriges Radio.<br>\u00a0<br>Tid: 2 februari 19.00<br>Plats: Equmeniakyrkan, V\u00e4nersborg<\/div>\n<\/div>\n","protected":false},"featured_media":-1,"template":"single-news","class_list":["post-670","calendar","type-calendar","status-publish","has-post-thumbnail","hentry"],"acf":[],"_links":{"self":[{"href":"https:\/\/sanktlukas.se\/fyrbodal\/wp-json\/wp\/v2\/calendar\/670","targetHints":{"allow":["GET"]}}],"collection":[{"href":"https:\/\/sanktlukas.se\/fyrbodal\/wp-json\/wp\/v2\/calendar"}],"about":[{"href":"https:\/\/sanktlukas.se\/fyrbodal\/wp-json\/wp\/v2\/types\/calendar"}],"wp:featuredmedia":[{"embeddable":true,"href":"https:\/\/sanktlukas.se\/fyrbodal\/wp-json\/"}],"wp:attachment":[{"href":"https:\/\/sanktlukas.se\/fyrbodal\/wp-json\/wp\/v2\/media?parent=670"}],"curies":[{"name":"wp","href":"https:\/\/api.w.org\/{rel}","templated":true}]}}

Programkväll &#8211; Tomas Sjödin

<div class="wp-block-sanktlukas-pageblock page-block">
<h1 class="wp-block-sanktlukas-genericheading headline headline--large medium-green">Programkväll &#8211; Tomas Sjödin</h1>



<div class="wp-block-sanktlukas-pagetext page-text">Ljudet av tystnad &#8211; en djupt personlig betraktelse om att värna sitt inre liv.<br>Tomas Sjödin är författare, pastor, föreläsare och krönikör. Han har varit<br>en uppskattad sommar- och vintervärd i Sveriges Radio.<br> <br>Tid: 2 februari 19.00<br>Plats: Equmeniakyrkan, Vänersborg</div>
</div>
