{"id":829,"date":"2025-12-19T10:05:30","date_gmt":"2025-12-19T09:05:30","guid":{"rendered":"https:\/\/sanktlukas.se\/gavle-sandviken\/?post_type=calendar&#038;p=829"},"modified":"2026-01-29T12:43:14","modified_gmt":"2026-01-29T11:43:14","slug":"att-knyta-ann-och-slappa-taget-anknytning-genom-livet","status":"publish","type":"calendar","link":"https:\/\/sanktlukas.se\/gavle-sandviken\/kalendarium\/att-knyta-ann-och-slappa-taget-anknytning-genom-livet\/","title":{"rendered":"Att knyta an och sl\u00e4ppa taget- anknytning genom livet- Camilla von Below"},"content":{"rendered":"\n<h2 class=\"wp-block-heading\">F\u00f6rel\u00e4sning<\/h2>\n\n\n\n<p>Anknytningsm\u00f6nster skapas tidigt i livet som kartor \u00f6ver vad vi kan f\u00f6rv\u00e4nta oss i relationer. Hur g\u00f6r vi f\u00f6r att hj\u00e4lpa oss sj\u00e4lva till en trygg anknytning i relationer genom livet och i relation till oss sj\u00e4lva?<\/p>\n\n\n\n<p><strong>Plats:<\/strong>\u00a0Krusenstjernasalen, plan 2 i Agnes Kulturhus<br><strong>Tid:<\/strong>\u00a0Tisdag 5 maj kl. 18:00-19:30 med 10 minuters paus. D\u00f6rrarna \u00f6ppnar 30 minuter innan programstart.<\/p>\n\n\n\n<h3 class=\"wp-block-heading\">Om f\u00f6rel\u00e4saren<\/h3>\n\n\n\n<p>Camilla von Below \u00e4r psykolog, lektor och f\u00f6rfattare vid Stockholms universitet och S:t Lukas i Uppsala. Med utg\u00e5ngspunkt i sina b\u00f6cker om anknytning och omvandlingen n\u00e4r barnen flyttar hemifr\u00e5n tar hon oss med p\u00e5 en f\u00f6rel\u00e4sning om anknytning genom livet, om l\u00e4kning och relationen till sig sj\u00e4lv.<\/p>\n\n\n\n<p><a href=\"https:\/\/www.gavle.se\/evenemang\/att-knyta-an-och-slappa-taget-anknytning-genom-livet\/?startdate=2026-05-05%2018.00\">Att knyta an och sl\u00e4ppa taget \u2013 anknytning genom livet \u2013 G\u00e4vle kommun<\/a><\/p>\n","protected":false},"featured_media":830,"template":"","class_list":["post-829","calendar","type-calendar","status-publish","has-post-thumbnail","hentry"],"acf":[],"_links":{"self":[{"href":"https:\/\/sanktlukas.se\/gavle-sandviken\/wp-json\/wp\/v2\/calendar\/829","targetHints":{"allow":["GET"]}}],"collection":[{"href":"https:\/\/sanktlukas.se\/gavle-sandviken\/wp-json\/wp\/v2\/calendar"}],"about":[{"href":"https:\/\/sanktlukas.se\/gavle-sandviken\/wp-json\/wp\/v2\/types\/calendar"}],"wp:featuredmedia":[{"embeddable":true,"href":"https:\/\/sanktlukas.se\/gavle-sandviken\/wp-json\/wp\/v2\/media\/830"}],"wp:attachment":[{"href":"https:\/\/sanktlukas.se\/gavle-sandviken\/wp-json\/wp\/v2\/media?parent=829"}],"curies":[{"name":"wp","href":"https:\/\/api.w.org\/{rel}","templated":true}]}}

Att knyta an och släppa taget- anknytning genom livet- Camilla von Below

<h2 class="wp-block-heading">Föreläsning</h2>



<p>Anknytningsmönster skapas tidigt i livet som kartor över vad vi kan förvänta oss i relationer. Hur gör vi för att hjälpa oss själva till en trygg anknytning i relationer genom livet och i relation till oss själva?</p>



<p><strong>Plats:</strong> Krusenstjernasalen, plan 2 i Agnes Kulturhus<br><strong>Tid:</strong> Tisdag 5 maj kl. 18:00-19:30 med 10 minuters paus. Dörrarna öppnar 30 minuter innan programstart.</p>



<h3 class="wp-block-heading">Om föreläsaren</h3>



<p>Camilla von Below är psykolog, lektor och författare vid Stockholms universitet och S:t Lukas i Uppsala. Med utgångspunkt i sina böcker om anknytning och omvandlingen när barnen flyttar hemifrån tar hon oss med på en föreläsning om anknytning genom livet, om läkning och relationen till sig själv.</p>



<p><a href="https://www.gavle.se/evenemang/att-knyta-an-och-slappa-taget-anknytning-genom-livet/?startdate=2026-05-05%2018.00">Att knyta an och släppa taget – anknytning genom livet – Gävle kommun</a></p>
