{"id":836,"date":"2026-01-08T10:42:04","date_gmt":"2026-01-08T09:42:04","guid":{"rendered":"https:\/\/sanktlukas.se\/gavle-sandviken\/?post_type=calendar&#038;p=836"},"modified":"2026-01-19T10:08:01","modified_gmt":"2026-01-19T09:08:01","slug":"existentiell-kurs-for-dig-som-ar-65","status":"publish","type":"calendar","link":"https:\/\/sanktlukas.se\/gavle-sandviken\/kalendarium\/existentiell-kurs-for-dig-som-ar-65\/","title":{"rendered":"Existentiell kurs f\u00f6r dig som \u00e4r 65+"},"content":{"rendered":"\n<p><strong>Kursen \u00e4r nu fulltecknad. Vi hoppas kunna \u00e5terkomma med ny kursstart till h\u00f6sten 2026.<\/strong><\/p>\n\n\n\n<p><\/p>\n\n\n\n<p><img loading=\"lazy\" decoding=\"async\" height=\"16\" width=\"16\" src=\"https:\/\/static.xx.fbcdn.net\/images\/emoji.php\/v9\/t1e\/1\/16\/1f33f.png\" alt=\"\ud83c\udf3f\"> Existentiell kurs f\u00f6r dig som \u00e4r 65+ i G\u00e4vle &#8211; ledd av erfarna psykoterapeuter<img loading=\"lazy\" decoding=\"async\" height=\"16\" width=\"16\" src=\"https:\/\/static.xx.fbcdn.net\/images\/emoji.php\/v9\/t1e\/1\/16\/1f33f.png\" alt=\"\ud83c\udf3f\"> <\/p>\n\n\n\n<p>Vad ger livet mening? Hur kan vi st\u00e4rka hopp, harmoni och inre kraft \u2013 \u00e4ven senare i livet?<\/p>\n\n\n\n<p>S:t Lukas G\u00e4vleborg bjuder in till en existentiell kurs som tar sin utg\u00e5ngspunkt i V\u00e4rldsh\u00e4lsoorganisationens (WHO:s) helhetssyn p\u00e5 h\u00e4lsa. Kursen \u00e4r \u00f6ppen f\u00f6r alla \u2013 oavsett tro och livs\u00e5sk\u00e5dning.<\/p>\n\n\n\n<p>Under kursen m\u00f6ts vi i samtal, kreativa \u00f6vningar och avslappning kring teman som:<\/p>\n\n\n\n<p><img loading=\"lazy\" decoding=\"async\" height=\"16\" width=\"16\" alt=\"\u2728\" src=\"https:\/\/static.xx.fbcdn.net\/images\/emoji.php\/v9\/tf4\/1\/16\/2728.png\"> Tro &amp; mening<\/p>\n\n\n\n<p><img loading=\"lazy\" decoding=\"async\" height=\"16\" width=\"16\" alt=\"\u2728\" src=\"https:\/\/static.xx.fbcdn.net\/images\/emoji.php\/v9\/tf4\/1\/16\/2728.png\"> Hoppfullhet &amp; harmoni<\/p>\n\n\n\n<p><img loading=\"lazy\" decoding=\"async\" height=\"16\" width=\"16\" alt=\"\u2728\" src=\"https:\/\/static.xx.fbcdn.net\/images\/emoji.php\/v9\/tf4\/1\/16\/2728.png\"> Helhet &amp; f\u00f6rundran<\/p>\n\n\n\n<p><img loading=\"lazy\" decoding=\"async\" height=\"16\" width=\"16\" alt=\"\u2728\" src=\"https:\/\/static.xx.fbcdn.net\/images\/emoji.php\/v9\/tf4\/1\/16\/2728.png\"> Andlig kontakt &amp; andlig styrka<\/p>\n\n\n\n<p>Start: 18 februari<\/p>\n\n\n\n<p>Tid: kl. 14.00\u201316.00<\/p>\n\n\n\n<p>Omfattning: 8 tillf\u00e4llen<\/p>\n\n\n\n<p>Kostnad: 350 kr totalt f\u00f6r alla tillf\u00e4llen<\/p>\n\n\n\n<p>Max: 8 deltagare<\/p>\n\n\n\n<p><img loading=\"lazy\" decoding=\"async\" height=\"16\" width=\"16\" alt=\"\ud83d\udccd\" src=\"https:\/\/static.xx.fbcdn.net\/images\/emoji.php\/v9\/t2d\/1\/16\/1f4cd.png\">Plats: S:t Lukas lokaler, Norra Skeppsbron 7 A, G\u00e4vle<\/p>\n\n\n\n<p><img loading=\"lazy\" decoding=\"async\" height=\"16\" width=\"16\" alt=\"\ud83d\udc69\u200d\ud83c\udfeb\" src=\"https:\/\/static.xx.fbcdn.net\/images\/emoji.php\/v9\/t94\/1\/16\/1f469_200d_1f3eb.png\"> Kursledare:<\/p>\n\n\n\n<p>Kristina Iredahl, Ewa J\u00f6nsson och Yvonne Eklund \u2013 samtliga legitimerade psykoterapeuter med l\u00e5ng erfarenhet av existentiella fr\u00e5gor vid S:t Lukas G\u00e4vleborg.<\/p>\n\n\n\n<p><img loading=\"lazy\" decoding=\"async\" height=\"16\" width=\"16\" alt=\"\ud83d\udce9\" src=\"https:\/\/static.xx.fbcdn.net\/images\/emoji.php\/v9\/tc0\/1\/16\/1f4e9.png\"> Anm\u00e4lan senast 1 februari 2026 till:<\/p>\n\n\n\n<p><a href=\"mailto:ann-sofie.lasell@sanktlukas.se\">ann-sofie.lasell@sanktlukas.se<\/a><\/p>\n\n\n\n<p>Varmt v\u00e4lkommen till gemenskap, samtal och reflektion i en liten grupp<img loading=\"lazy\" decoding=\"async\" height=\"16\" width=\"16\" alt=\"\ud83d\udc9a\" src=\"https:\/\/static.xx.fbcdn.net\/images\/emoji.php\/v9\/t94\/1\/16\/1f49a.png\"><\/p>\n\n\n\n<p>I samarbete med Handelsocieteten i Gefle.<\/p>\n","protected":false},"featured_media":837,"template":"","class_list":["post-836","calendar","type-calendar","status-publish","has-post-thumbnail","hentry"],"acf":[],"_links":{"self":[{"href":"https:\/\/sanktlukas.se\/gavle-sandviken\/wp-json\/wp\/v2\/calendar\/836","targetHints":{"allow":["GET"]}}],"collection":[{"href":"https:\/\/sanktlukas.se\/gavle-sandviken\/wp-json\/wp\/v2\/calendar"}],"about":[{"href":"https:\/\/sanktlukas.se\/gavle-sandviken\/wp-json\/wp\/v2\/types\/calendar"}],"wp:featuredmedia":[{"embeddable":true,"href":"https:\/\/sanktlukas.se\/gavle-sandviken\/wp-json\/wp\/v2\/media\/837"}],"wp:attachment":[{"href":"https:\/\/sanktlukas.se\/gavle-sandviken\/wp-json\/wp\/v2\/media?parent=836"}],"curies":[{"name":"wp","href":"https:\/\/api.w.org\/{rel}","templated":true}]}}

Existentiell kurs för dig som är 65+

<p><strong>Kursen är nu fulltecknad. Vi hoppas kunna återkomma med ny kursstart till hösten 2026.</strong></p>



<p></p>



<p><img loading="lazy" decoding="async" height="16" width="16" src="https://static.xx.fbcdn.net/images/emoji.php/v9/t1e/1/16/1f33f.png" alt="🌿"> Existentiell kurs för dig som är 65+ i Gävle &#8211; ledd av erfarna psykoterapeuter<img loading="lazy" decoding="async" height="16" width="16" src="https://static.xx.fbcdn.net/images/emoji.php/v9/t1e/1/16/1f33f.png" alt="🌿"> </p>



<p>Vad ger livet mening? Hur kan vi stärka hopp, harmoni och inre kraft – även senare i livet?</p>



<p>S:t Lukas Gävleborg bjuder in till en existentiell kurs som tar sin utgångspunkt i Världshälsoorganisationens (WHO:s) helhetssyn på hälsa. Kursen är öppen för alla – oavsett tro och livsåskådning.</p>



<p>Under kursen möts vi i samtal, kreativa övningar och avslappning kring teman som:</p>



<p><img loading="lazy" decoding="async" height="16" width="16" alt="✨" src="https://static.xx.fbcdn.net/images/emoji.php/v9/tf4/1/16/2728.png"> Tro &amp; mening</p>



<p><img loading="lazy" decoding="async" height="16" width="16" alt="✨" src="https://static.xx.fbcdn.net/images/emoji.php/v9/tf4/1/16/2728.png"> Hoppfullhet &amp; harmoni</p>



<p><img loading="lazy" decoding="async" height="16" width="16" alt="✨" src="https://static.xx.fbcdn.net/images/emoji.php/v9/tf4/1/16/2728.png"> Helhet &amp; förundran</p>



<p><img loading="lazy" decoding="async" height="16" width="16" alt="✨" src="https://static.xx.fbcdn.net/images/emoji.php/v9/tf4/1/16/2728.png"> Andlig kontakt &amp; andlig styrka</p>



<p>Start: 18 februari</p>



<p>Tid: kl. 14.00–16.00</p>



<p>Omfattning: 8 tillfällen</p>



<p>Kostnad: 350 kr totalt för alla tillfällen</p>



<p>Max: 8 deltagare</p>



<p><img loading="lazy" decoding="async" height="16" width="16" alt="📍" src="https://static.xx.fbcdn.net/images/emoji.php/v9/t2d/1/16/1f4cd.png">Plats: S:t Lukas lokaler, Norra Skeppsbron 7 A, Gävle</p>



<p><img loading="lazy" decoding="async" height="16" width="16" alt="👩‍🏫" src="https://static.xx.fbcdn.net/images/emoji.php/v9/t94/1/16/1f469_200d_1f3eb.png"> Kursledare:</p>



<p>Kristina Iredahl, Ewa Jönsson och Yvonne Eklund – samtliga legitimerade psykoterapeuter med lång erfarenhet av existentiella frågor vid S:t Lukas Gävleborg.</p>



<p><img loading="lazy" decoding="async" height="16" width="16" alt="📩" src="https://static.xx.fbcdn.net/images/emoji.php/v9/tc0/1/16/1f4e9.png"> Anmälan senast 1 februari 2026 till:</p>



<p><a href="mailto:ann-sofie.lasell@sanktlukas.se">ann-sofie.lasell@sanktlukas.se</a></p>



<p>Varmt välkommen till gemenskap, samtal och reflektion i en liten grupp<img loading="lazy" decoding="async" height="16" width="16" alt="💚" src="https://static.xx.fbcdn.net/images/emoji.php/v9/t94/1/16/1f49a.png"></p>



<p>I samarbete med Handelsocieteten i Gefle.</p>
