{"id":1715,"date":"2020-06-22T17:54:17","date_gmt":"2020-06-22T15:54:17","guid":{"rendered":"https:\/\/sanktlukas.se\/goteborg\/?page_id=1715"},"modified":"2025-04-11T09:34:37","modified_gmt":"2025-04-11T07:34:37","slug":"styrelse-st-lukas-i-goteborg-ab","status":"publish","type":"page","link":"https:\/\/sanktlukas.se\/goteborg\/styrelse-st-lukas-i-goteborg-ab\/","title":{"rendered":"Styrelse S:t Lukas i G\u00f6teborg AB"},"content":{"rendered":"\n<h1 class=\"wp-block-sanktlukas-genericheading headline headline--large medium-green\">Styrelse S:t Lukas i G\u00f6teborg AB 2025\/2026<\/h1>\n\n\n\n<h3 class=\"wp-block-sanktlukas-genericheading headline headline--small medium-green\">Ordf\u00f6rande<\/h3>\n\n\n\n<figure class=\"wp-block-table is-style-stripes\"><table class=\"has-fixed-layout\"><tbody><tr><td>Fredrik Gunmalm<\/td><td>070-639 74 24<\/td><\/tr><\/tbody><\/table><\/figure>\n\n\n\n<h3 class=\"wp-block-sanktlukas-genericheading headline headline--small medium-green\"><br>Ledam\u00f6ter<\/h3>\n\n\n\n<figure class=\"wp-block-table is-style-stripes\"><table class=\"has-fixed-layout\"><tbody><tr><td>G\u00f6ran Adrian<\/td><td>070-914 66 95<\/td><\/tr><tr><td>Ingrid Alestig<\/td><td>073-374 11 65<\/td><\/tr><tr><td>\u00c5sa Fr\u00f6ding<\/td><td>070-712 86 79<\/td><\/tr><tr><td>Jerker Sundstr\u00f6m<\/td><td>070-849 44 04<\/td><\/tr><tr><td>Per Reinhardt, personalrepresentant<\/td><td>072-050 48 58<\/td><\/tr><tr><td>Daniel Oscarsson, VD<\/td><td>072-552 80 28<\/td><\/tr><\/tbody><\/table><\/figure>\n\n\n\n<h3 class=\"wp-block-sanktlukas-genericheading headline headline--small medium-green\"><br>Valberedning<br><br>Sammankallande<\/h3>\n\n\n\n<figure class=\"wp-block-table is-style-stripes\"><table class=\"has-fixed-layout\"><tbody><tr><td>Bo L\u00f6nn<\/td><td>070-583 30 12<\/td><\/tr><\/tbody><\/table><\/figure>\n\n\n\n<h3 class=\"wp-block-sanktlukas-genericheading headline headline--small medium-green\">\u00d6vriga ledam\u00f6ter<\/h3>\n\n\n\n<figure class=\"wp-block-table is-style-stripes\"><table class=\"has-fixed-layout\"><tbody><tr><td>Josefine Elfvin<\/td><td>073-270 53 52<\/td><\/tr><\/tbody><\/table><\/figure>\n\n\n\n<h3 class=\"wp-block-sanktlukas-genericheading headline headline--small medium-green\"><br>Revisor<\/h3>\n\n\n\n<figure class=\"wp-block-table is-style-stripes\"><table class=\"has-fixed-layout\"><tbody><tr><td>Carina Fridberg, auktoriserad revisor<\/td><td>070-893 96 35<\/td><\/tr><tr><td><\/td><td><\/td><\/tr><\/tbody><\/table><\/figure>\n\n\n\n<p><\/p>\n","protected":false},"excerpt":{"rendered":"<p>Fredrik Gunmalm 070-639 74 24 G\u00f6ran Adrian 070-914 66 95 Ingrid Alestig 073-374 11 65 \u00c5sa Fr\u00f6ding 070-712 86 79 Jerker Sundstr\u00f6m 070-849 44 04 Per Reinhardt, personalrepresentant 072-050 48 58 Daniel Oscarsson, VD 072-552 80 28 Bo L\u00f6nn 070-583 30 12 Josefine Elfvin 073-270 53 52 Carina Fridberg, auktoriserad revisor 070-893 96 35<\/p>\n","protected":false},"author":3,"featured_media":-1,"parent":0,"menu_order":0,"comment_status":"closed","ping_status":"closed","template":"","meta":{"_acf_changed":false,"footnotes":""},"class_list":["post-1715","page","type-page","status-publish","has-post-thumbnail","hentry"],"acf":[],"_links":{"self":[{"href":"https:\/\/sanktlukas.se\/goteborg\/wp-json\/wp\/v2\/pages\/1715","targetHints":{"allow":["GET"]}}],"collection":[{"href":"https:\/\/sanktlukas.se\/goteborg\/wp-json\/wp\/v2\/pages"}],"about":[{"href":"https:\/\/sanktlukas.se\/goteborg\/wp-json\/wp\/v2\/types\/page"}],"author":[{"embeddable":true,"href":"https:\/\/sanktlukas.se\/goteborg\/wp-json\/wp\/v2\/users\/3"}],"replies":[{"embeddable":true,"href":"https:\/\/sanktlukas.se\/goteborg\/wp-json\/wp\/v2\/comments?post=1715"}],"version-history":[{"count":18,"href":"https:\/\/sanktlukas.se\/goteborg\/wp-json\/wp\/v2\/pages\/1715\/revisions"}],"predecessor-version":[{"id":4327,"href":"https:\/\/sanktlukas.se\/goteborg\/wp-json\/wp\/v2\/pages\/1715\/revisions\/4327"}],"wp:featuredmedia":[{"embeddable":true,"href":"https:\/\/sanktlukas.se\/goteborg\/wp-json\/"}],"wp:attachment":[{"href":"https:\/\/sanktlukas.se\/goteborg\/wp-json\/wp\/v2\/media?parent=1715"}],"curies":[{"name":"wp","href":"https:\/\/api.w.org\/{rel}","templated":true}]}}