{"id":1801,"date":"2020-11-03T16:38:18","date_gmt":"2020-11-03T15:38:18","guid":{"rendered":"https:\/\/sanktlukas.se\/goteborg\/?page_id=1801"},"modified":"2020-11-03T16:38:18","modified_gmt":"2020-11-03T15:38:18","slug":"klagomal-och-forbattringsforslag","status":"publish","type":"page","link":"https:\/\/sanktlukas.se\/goteborg\/klagomal-och-forbattringsforslag\/","title":{"rendered":"Klagom\u00e5l och f\u00f6rb\u00e4ttringsf\u00f6rslag"},"content":{"rendered":"<p><iframe width=\"640px\" height= \"480px\" src= \"https:\/\/forms.office.com\/Pages\/ResponsePage.aspx?id=nNAc7YY07UawTl2Q9SrY14pYRcXZ7MdHt3HEHmH4-7VUOEpGUzdFR0ZQMUdLSzdITFIyNUlRUzVOTS4u&#038;embed=true\" frameborder= \"0\" marginwidth= \"0\" marginheight= \"0\" style= \"border: none; max-width:100%; max-height:100vh\" allowfullscreen webkitallowfullscreen mozallowfullscreen msallowfullscreen> <\/iframe><\/p>\n","protected":false},"excerpt":{"rendered":"","protected":false},"author":3,"featured_media":-1,"parent":0,"menu_order":0,"comment_status":"closed","ping_status":"closed","template":"","meta":{"_acf_changed":false,"footnotes":""},"class_list":["post-1801","page","type-page","status-publish","has-post-thumbnail","hentry"],"acf":[],"_links":{"self":[{"href":"https:\/\/sanktlukas.se\/goteborg\/wp-json\/wp\/v2\/pages\/1801","targetHints":{"allow":["GET"]}}],"collection":[{"href":"https:\/\/sanktlukas.se\/goteborg\/wp-json\/wp\/v2\/pages"}],"about":[{"href":"https:\/\/sanktlukas.se\/goteborg\/wp-json\/wp\/v2\/types\/page"}],"author":[{"embeddable":true,"href":"https:\/\/sanktlukas.se\/goteborg\/wp-json\/wp\/v2\/users\/3"}],"replies":[{"embeddable":true,"href":"https:\/\/sanktlukas.se\/goteborg\/wp-json\/wp\/v2\/comments?post=1801"}],"version-history":[{"count":1,"href":"https:\/\/sanktlukas.se\/goteborg\/wp-json\/wp\/v2\/pages\/1801\/revisions"}],"predecessor-version":[{"id":1802,"href":"https:\/\/sanktlukas.se\/goteborg\/wp-json\/wp\/v2\/pages\/1801\/revisions\/1802"}],"wp:featuredmedia":[{"embeddable":true,"href":"https:\/\/sanktlukas.se\/goteborg\/wp-json\/"}],"wp:attachment":[{"href":"https:\/\/sanktlukas.se\/goteborg\/wp-json\/wp\/v2\/media?parent=1801"}],"curies":[{"name":"wp","href":"https:\/\/api.w.org\/{rel}","templated":true}]}}