{"id":2190,"date":"2022-03-17T10:42:45","date_gmt":"2022-03-17T09:42:45","guid":{"rendered":"https:\/\/sanktlukas.se\/goteborg\/?page_id=2190"},"modified":"2023-02-07T17:50:09","modified_gmt":"2023-02-07T16:50:09","slug":"kostnadsfria-samtal-for-dig-som-ar-drabbad-av-kriget-i-ukraina","status":"publish","type":"page","link":"https:\/\/sanktlukas.se\/goteborg\/kostnadsfria-samtal-for-dig-som-ar-drabbad-av-kriget-i-ukraina\/","title":{"rendered":"Kostnadsfria samtal f\u00f6r dig som \u00e4r drabbad av kriget i Ukraina"},"content":{"rendered":"\n<h2 class=\"wp-block-sanktlukas-genericheading headline headline--medium medium-green\">Kostnadsfria samtal f\u00f6r dig som \u00e4r drabbad av kriget i Ukraina<\/h2>\n\n\n\n<div class=\"wp-block-media-text alignwide has-media-on-the-right is-stacked-on-mobile has-beige-background-color has-background\"><div class=\"wp-block-media-text__content\">\n<h3 class=\"wp-block-heading\">Vi vill p\u00e5 detta s\u00e4tt bidra med<br>v\u00e5r kompetens.<br>\u00a0<br>Vi vet att samtal kan g\u00f6ra en mycket <br>sv\u00e5r situation n\u00e5got mindre sv\u00e5r.<\/h3>\n<\/div><figure class=\"wp-block-media-text__media\"><img loading=\"lazy\" decoding=\"async\" width=\"600\" height=\"399\" src=\"https:\/\/sanktlukas.se\/goteborg\/wp-content\/uploads\/sites\/11\/StockSnap_6GFWQLOMXW_svvit-600x399.jpg\" alt=\"\" class=\"wp-image-2593 size-medium\" srcset=\"https:\/\/sanktlukas.se\/goteborg\/wp-content\/uploads\/sites\/11\/StockSnap_6GFWQLOMXW_svvit-600x399.jpg 600w, https:\/\/sanktlukas.se\/goteborg\/wp-content\/uploads\/sites\/11\/StockSnap_6GFWQLOMXW_svvit-1200x799.jpg 1200w, https:\/\/sanktlukas.se\/goteborg\/wp-content\/uploads\/sites\/11\/StockSnap_6GFWQLOMXW_svvit-768x511.jpg 768w, https:\/\/sanktlukas.se\/goteborg\/wp-content\/uploads\/sites\/11\/StockSnap_6GFWQLOMXW_svvit-1536x1023.jpg 1536w, https:\/\/sanktlukas.se\/goteborg\/wp-content\/uploads\/sites\/11\/StockSnap_6GFWQLOMXW_svvit-2048x1364.jpg 2048w\" sizes=\"auto, (max-width: 600px) 100vw, 600px\" \/><\/figure><\/div>\n\n\n\n<div class=\"wp-block-sanktlukas-generictextblock textblock textblock--undefined\"><br>S:t Lukas i G\u00f6teborg, M\u00f6lndal och Bor\u00e5s erbjuder nu\u00a0tre kostnadsfria samtal\u00a0f\u00f6r dig som personligen \u00e4r drabbad av situationen i Ukraina. Du kanske har familj och n\u00e4rst\u00e5ende i Ukraina eller p\u00e5 flykt undan kriget.<br><br>Samtalen kan ske via videol\u00e4nk, telefon eller p\u00e5 n\u00e5gon av v\u00e5ra mottagningar.<br>Samtalen genomf\u00f6rs p\u00e5 svenska eller engelska.<br><br>Ring 031-58 85 00\u00a0f\u00f6r att boka.<br>Uppge\u00a0\u201dUkraina-samtal\u201d\u00a0s\u00e5 blir du erbjuden\u00a0upp till tre samtal utan kostnad.<\/div>\n","protected":false},"excerpt":{"rendered":"<p>Vi vill p\u00e5 detta s\u00e4tt bidra medv\u00e5r kompetens.\u00a0Vi vet att samtal kan g\u00f6ra en mycket sv\u00e5r situation n\u00e5got mindre sv\u00e5r.<\/p>\n","protected":false},"author":3,"featured_media":0,"parent":0,"menu_order":0,"comment_status":"closed","ping_status":"closed","template":"","meta":{"_acf_changed":false,"footnotes":""},"class_list":["post-2190","page","type-page","status-publish","hentry"],"acf":[],"_links":{"self":[{"href":"https:\/\/sanktlukas.se\/goteborg\/wp-json\/wp\/v2\/pages\/2190","targetHints":{"allow":["GET"]}}],"collection":[{"href":"https:\/\/sanktlukas.se\/goteborg\/wp-json\/wp\/v2\/pages"}],"about":[{"href":"https:\/\/sanktlukas.se\/goteborg\/wp-json\/wp\/v2\/types\/page"}],"author":[{"embeddable":true,"href":"https:\/\/sanktlukas.se\/goteborg\/wp-json\/wp\/v2\/users\/3"}],"replies":[{"embeddable":true,"href":"https:\/\/sanktlukas.se\/goteborg\/wp-json\/wp\/v2\/comments?post=2190"}],"version-history":[{"count":20,"href":"https:\/\/sanktlukas.se\/goteborg\/wp-json\/wp\/v2\/pages\/2190\/revisions"}],"predecessor-version":[{"id":3208,"href":"https:\/\/sanktlukas.se\/goteborg\/wp-json\/wp\/v2\/pages\/2190\/revisions\/3208"}],"wp:attachment":[{"href":"https:\/\/sanktlukas.se\/goteborg\/wp-json\/wp\/v2\/media?parent=2190"}],"curies":[{"name":"wp","href":"https:\/\/api.w.org\/{rel}","templated":true}]}}