{"id":3275,"date":"2023-03-17T15:18:15","date_gmt":"2023-03-17T14:18:15","guid":{"rendered":"https:\/\/sanktlukas.se\/goteborg\/?page_id=3275"},"modified":"2025-04-11T09:52:28","modified_gmt":"2025-04-11T07:52:28","slug":"arsmote","status":"publish","type":"page","link":"https:\/\/sanktlukas.se\/goteborg\/arsmote\/","title":{"rendered":"\u00c5rsm\u00f6te"},"content":{"rendered":"\n<h3 class=\"wp-block-sanktlukas-genericheading headline headline--small medium-green\">\u00c5rsm\u00f6te 2025 h\u00f6lls den 24 mars<br><br>H\u00e4r kan nedan kan du ta del av \u00e5rsm\u00f6tesprotokollet<br><\/h3>\n\n\n\n<div data-wp-interactive=\"core\/file\" class=\"wp-block-file\"><object data-wp-bind--hidden=\"!state.hasPdfPreview\" hidden class=\"wp-block-file__embed\" data=\"https:\/\/sanktlukas.se\/goteborg\/wp-content\/uploads\/sites\/11\/Arsmotesprotokoll-250324-1.pdf\" type=\"application\/pdf\" style=\"width:100%;height:600px\" aria-label=\"Inb\u00e4ddning av \u00c5rsm\u00f6tesprotokoll 250324.\"><\/object><a id=\"wp-block-file--media-3a5e4736-4bf6-4456-b36d-295bc04c6bbd\" href=\"https:\/\/sanktlukas.se\/goteborg\/wp-content\/uploads\/sites\/11\/Arsmotesprotokoll-250324-1.pdf\">\u00c5rsm\u00f6tesprotokoll 250324<\/a><a href=\"https:\/\/sanktlukas.se\/goteborg\/wp-content\/uploads\/sites\/11\/Arsmotesprotokoll-250324-1.pdf\" class=\"wp-block-file__button wp-element-button\" download aria-describedby=\"wp-block-file--media-3a5e4736-4bf6-4456-b36d-295bc04c6bbd\">Ladda ner<\/a><\/div>\n","protected":false},"excerpt":{"rendered":"","protected":false},"author":3,"featured_media":0,"parent":0,"menu_order":0,"comment_status":"closed","ping_status":"closed","template":"","meta":{"_acf_changed":false,"footnotes":""},"class_list":["post-3275","page","type-page","status-publish","hentry"],"acf":[],"_links":{"self":[{"href":"https:\/\/sanktlukas.se\/goteborg\/wp-json\/wp\/v2\/pages\/3275","targetHints":{"allow":["GET"]}}],"collection":[{"href":"https:\/\/sanktlukas.se\/goteborg\/wp-json\/wp\/v2\/pages"}],"about":[{"href":"https:\/\/sanktlukas.se\/goteborg\/wp-json\/wp\/v2\/types\/page"}],"author":[{"embeddable":true,"href":"https:\/\/sanktlukas.se\/goteborg\/wp-json\/wp\/v2\/users\/3"}],"replies":[{"embeddable":true,"href":"https:\/\/sanktlukas.se\/goteborg\/wp-json\/wp\/v2\/comments?post=3275"}],"version-history":[{"count":9,"href":"https:\/\/sanktlukas.se\/goteborg\/wp-json\/wp\/v2\/pages\/3275\/revisions"}],"predecessor-version":[{"id":4338,"href":"https:\/\/sanktlukas.se\/goteborg\/wp-json\/wp\/v2\/pages\/3275\/revisions\/4338"}],"wp:attachment":[{"href":"https:\/\/sanktlukas.se\/goteborg\/wp-json\/wp\/v2\/media?parent=3275"}],"curies":[{"name":"wp","href":"https:\/\/api.w.org\/{rel}","templated":true}]}}