{"id":4066,"date":"2024-09-05T16:55:56","date_gmt":"2024-09-05T14:55:56","guid":{"rendered":"https:\/\/sanktlukas.se\/goteborg\/?page_id=4066"},"modified":"2026-02-06T13:58:41","modified_gmt":"2026-02-06T12:58:41","slug":"handledarutbildning-i-personalhandledning","status":"publish","type":"page","link":"https:\/\/sanktlukas.se\/goteborg\/utbildning\/handledarutbildning-i-personalhandledning\/","title":{"rendered":"Handledarutbildning i personalhandledning"},"content":{"rendered":"\n<h2 class=\"wp-block-sanktlukas-genericheading headline headline--medium medium-green\">Handledarutbildning i personalhandledning<\/h2>\n\n\n<div class=\"sanktlukas-splitblock\">\n    <div class=\"sanktlukas-splitblock__data beige\">\n        \n\n<div class=\"wp-block-sanktlukas-generictextblock textblock textblock--undefined\"><br><br><br><br><strong>EN PRAKTIKERN\u00c4RA UTBILDNING MED FOKUS P\u00c5 HANDLEDARENS HANTVERKSM\u00c4SSIGA UTVECKLING<\/strong><br><br>Motsvarande 45 hp. <br>Examineras av examinator vid G\u00f6teborgs Universitet<br><br>N\u00e4sta kursstart 17 aug 2026<br><br>Sista anm\u00e4lningsdag 30 juni 2026<\/div>\n\n    <\/div>\n       <div class=\"sanktlukas-splitblock__photo\" style=\"background-image: url('https:\/\/sanktlukas.se\/goteborg\/wp-content\/uploads\/sites\/11\/Bild-handeledarutb-i-personalhandledning-_1200x800_72px-640x432.jpg');\"><\/div>\n    <\/div>\n\n\n<h3 class=\"wp-block-sanktlukas-genericheading headline headline--small medium-green\">En handledarutbildning med fokus p\u00e5 hantverket<\/h3>\n\n\n\n<div class=\"wp-block-sanktlukas-generictextblock textblock textblock--undefined\">Handledning fyller en viktig funktion som st\u00f6d, avlastning och l\u00e4rande inom b\u00e5de privat, id\u00e9buren och offentlig sektor. Handledning av personal inom m\u00e4nniskov\u00e5rdande yrken s\u00e5som v\u00e5rd, skola, omsorg och HR \u00e4r ett hantverk som kr\u00e4ver b\u00e5de ett teoretiskt kunnande och praktiskt handlag.<br><br>M\u00e5nga handledarutbildningar l\u00e4gger stor vikt p\u00e5 teoretisk f\u00f6rdjupning, men mindre vikt vid f\u00e4rdighetstr\u00e4ning och oms\u00e4ttning av teori i praktik. Detta g\u00f6r att deltagare efter avslutad utbildning k\u00e4nner os\u00e4kerhet inf\u00f6r att hantera det uppdrag som handledarrollen inneb\u00e4r, trots flera terminers studier. De kortare handledarutbildningar inom specifika metoder som finns tillhanda kan i m\u00e5nga fall ge en bra grund att st\u00e5 p\u00e5, men uppfyller s\u00e4llan de h\u00f6gt st\u00e4llda krav som \u00e5terfinns vid offentlig upphandling av handledning i yrkesut\u00f6vningen.<br><br>Vi p\u00e5 S:t Lukas erbjuder d\u00e4rf\u00f6r en praktikern\u00e4ra handledarutbildning, med stort fokus p\u00e5 hantverket, den egna utvecklingen i rollen som handledare, reflektion och kunskapsutbyte. Utbildningen anv\u00e4nder sig av ett integrativt f\u00f6rh\u00e5llningss\u00e4tt, vilket g\u00f6r att den passar yrkesverksamma oavsett teoretisk och metodologisk grund (psykodynamisk, kognitiv beteendeterapeutisk, systemteoretisk eller pedagogisk). Utbildningen baseras p\u00e5 aktuell forskning och b\u00e4sta tillg\u00e4ngliga kunskap inom kunskapsomr\u00e5det och str\u00e4var efter att tr\u00e4na deltagarna i evidensbaserad praktik. Utbildningen leds av legitimerade psykologer och psykoterapeuter med gedigen erfarenhet av handledning, samt av fil. dr. i psykologi.<br><br>Utbildningen syftar till att st\u00e4rka deltagarnas f\u00f6rm\u00e5ga att sj\u00e4lvst\u00e4ndigt bedriva personalhandledning med \u00f6kad praktisk skicklighet och teoretisk kunskap.<\/div>\n\n\n\n<h3 class=\"wp-block-sanktlukas-genericheading headline headline--small medium-green\">Handledning som metod i st\u00f6d till personalgrupper<\/h3>\n\n\n\n<div class=\"wp-block-sanktlukas-generictextblock textblock textblock--undefined\">F\u00f6r att handledningen skall bli verksam beh\u00f6ver handledaren ha god kunskap om individers och gruppers fungerande, samt f\u00f6rst\u00e5else f\u00f6r den organisation som de befinner sig i. Den h\u00e4r handledarutbildningen utg\u00e5r ifr\u00e5n ett tv\u00e4r-vetenskapligt perspektiv och anv\u00e4nder sig av teori inom psykosocial och klinisk handledning, grupp-psykologisk teori, arbets- och organisations-psykologisk teori samt pedagogisk teori.<br><br>Handledaren beh\u00f6ver ocks\u00e5 kunna m\u00f6ta de handleddas behov av avlastning och reflektion, yrkesm\u00e4ssig utveckling och de processer som kan uppst\u00e5 i en arbetsgrupp. Handledaren beh\u00f6ver d\u00e4rf\u00f6r p\u00e5 ett pedagogiskt och flexibelt s\u00e4tt kunna anv\u00e4nda sig av metoder, verktyg och faciliterings-tekniker f\u00f6r att p\u00e5 ett konstruktivt s\u00e4tt skapa en struktur f\u00f6r handledningen som fr\u00e4mjar deltagarnas professionella utveckling i linje med deras uppdrag.<\/div>\n\n\n\n<h3 class=\"wp-block-sanktlukas-genericheading headline headline--small medium-green\">F\u00f6rkunskapskrav<\/h3>\n\n\n\n<div class=\"wp-block-sanktlukas-generictextblock textblock textblock--undefined\">Akademisk examen om minst 120 h\u00f6gskolepo\u00e4ng (80 po\u00e4ng enligt tidigare po\u00e4ngsystem) inom pedagogik, h\u00e4lsa, v\u00e5rd, omsorg och socialt arbete eller motsvarande.<br>Minst fem \u00e5rs yrkeserfarenhet efter avlagd grundexamen.<\/div>\n\n\n\n<h3 class=\"wp-block-sanktlukas-genericheading headline headline--small medium-green\">M\u00e5lgrupp<\/h3>\n\n\n\n<div class=\"wp-block-sanktlukas-generictextblock textblock textblock--undefined\">Utbildningen v\u00e4nder sig till dig som idag \u00e4r verksam eller planerar att arbeta med personalhandledning inom v\u00e5rd, skola, omsorg eller HR.<\/div>\n\n\n\n<h3 class=\"wp-block-sanktlukas-genericheading headline headline--small medium-green\">Omfattning<\/h3>\n\n\n\n<div class=\"wp-block-sanktlukas-generictextblock textblock textblock--undefined\">Utbildningen sker p\u00e5 halvtid under tre terminer och motsvarar totalt 45 hp. Varje deltagare deltar \u00e4ven i en egen mindre handledningsgrupp, som tr\u00e4ffas f\u00f6r handledning p\u00e5 handledning var fj\u00e4rde vecka. Dessa handledningstillf\u00e4llen sker prim\u00e4rt digitalt och leds av en utbildad handledare vid S:t Lukas G\u00f6teborg.<\/div>\n\n\n\n<h3 class=\"wp-block-sanktlukas-genericheading headline headline--small medium-green\">Plats<\/h3>\n\n\n\n<div class=\"wp-block-sanktlukas-generictextblock textblock textblock--undefined\">Tv\u00e5 till tre sammanh\u00e5llna kurstillf\u00e4llen per termin sker p\u00e5 plats i centrala G\u00f6teborg, d\u00e4remellan sker utbildningen digitalt sk. blended learning.<\/div>\n\n\n\n<h3 class=\"wp-block-sanktlukas-genericheading headline headline--small medium-green\">Pedagogik<\/h3>\n\n\n\n<div class=\"wp-block-sanktlukas-generictextblock textblock textblock--undefined\">Utbildningen omfattar varierande undervisningsformer, d\u00e4r tiden d\u00e5 vi ses till st\u00f6rsta del kommer att \u00e4gnas \u00e5t egen reflektion, \u00f6vning och metodtr\u00e4ning, arbete med case, egna \u00e4renden varvat med teori. Stort fokus kommer att ligga p\u00e5 praktiskt inriktade uppl\u00e4gg inneh\u00e5llande handledningsmetodik, konsultation, coachande f\u00f6rh\u00e5llningss\u00e4tt och facilitering.\u00a0<br><br>Mellan tillf\u00e4llena kommer deltagarna att f\u00e5 \u00e4gna sig \u00e5t egna litteraturstudier samt arbete med egna handledningsgrupper.<\/div>\n\n\n\n<h3 class=\"wp-block-sanktlukas-genericheading headline headline--small medium-green\">Examination<\/h3>\n\n\n\n<div class=\"wp-block-sanktlukas-generictextblock textblock textblock--undefined\">Kursen examineras p\u00e5 ett varierat s\u00e4tt genom inl\u00e4mningar, praktisk till\u00e4mpning av metod och teori, egna f\u00f6rel\u00e4sningar och uppgifter relaterat till tematik och inneh\u00e5ll. Syftet med examinationerna \u00e4r att fr\u00e4mja l\u00e4rande, gemensamt delande och aktivt deltagande. I slutet av utbildningen kommer deltagarna att f\u00e5 ta del av den metodbank som varje utbildningsgrupp gemensamt har byggt upp, som sedan kan anv\u00e4ndas av handledarna i kommande uppdrag.<\/div>\n\n\n\n<h3 class=\"wp-block-sanktlukas-genericheading headline headline--small medium-green\">Legitimitet<\/h3>\n\n\n\n<div class=\"wp-block-sanktlukas-generictextblock textblock textblock--undefined\">Utbildningen examineras av examinator vid G\u00f6teborgs universitet. Utbildningen uppfyller de mest omfattande kraven som st\u00e4lls vid upphandling av personalhandledning inom kommun och landsting.<\/div>\n\n\n\n<h3 class=\"wp-block-sanktlukas-genericheading headline headline--small medium-green\">Pris<\/h3>\n\n\n\n<div class=\"wp-block-sanktlukas-generictextblock textblock textblock--undefined\">33.000 kr exkl. moms per termin.<\/div>\n\n\n\n<h3 class=\"wp-block-sanktlukas-genericheading headline headline--small medium-green\">Datum och tider<\/h3>\n\n\n\n<div class=\"wp-block-sanktlukas-generictextblock textblock textblock--undefined\">Termin 1, 17-18 augusti 2026 i G\u00f6teborg. D\u00e4refter m\u00e5ndagseftermiddagar p\u00e5 l\u00e4nk. Avslutas 7-8 december i G\u00f6teborg.<\/div>\n\n\n\n<h3 class=\"wp-block-sanktlukas-genericheading headline headline--small medium-green\">Intresseanm\u00e4lan och fr\u00e5gor<\/h3>\n\n\n\n<div class=\"wp-block-sanktlukas-generictextblock textblock textblock--undefined\">Per Reinhardt,<br><a href=\"mailto:per.reinhardt@sanktlukas.se\">per.reinhardt@sanktlukas.se<\/a>,<br>072-050 48 58<br><br>Sista anm\u00e4lningsdag \u00e4r 30\/6 2026. Anm\u00e4lan \u00e4r bindande.<\/div>\n\n\n\n<p class=\"has-beige-background-color has-background\"><a href=\"https:\/\/sanktlukas.se\/goteborg\/wp-content\/uploads\/sites\/11\/Handledarutb-i-personalhandledning_start_ht_2026.pdf\">Ladda ned utskriftsv\u00e4nligt infoblad om utbildningen<\/a><\/p>\n\n\n\n<p><\/p>\n","protected":false},"excerpt":{"rendered":"<p>Ladda ned utskriftsv\u00e4nligt infoblad om utbildningen<\/p>\n","protected":false},"author":3,"featured_media":0,"parent":2732,"menu_order":-3,"comment_status":"closed","ping_status":"closed","template":"","meta":{"_acf_changed":false,"footnotes":""},"class_list":["post-4066","page","type-page","status-publish","hentry"],"acf":[],"_links":{"self":[{"href":"https:\/\/sanktlukas.se\/goteborg\/wp-json\/wp\/v2\/pages\/4066","targetHints":{"allow":["GET"]}}],"collection":[{"href":"https:\/\/sanktlukas.se\/goteborg\/wp-json\/wp\/v2\/pages"}],"about":[{"href":"https:\/\/sanktlukas.se\/goteborg\/wp-json\/wp\/v2\/types\/page"}],"author":[{"embeddable":true,"href":"https:\/\/sanktlukas.se\/goteborg\/wp-json\/wp\/v2\/users\/3"}],"replies":[{"embeddable":true,"href":"https:\/\/sanktlukas.se\/goteborg\/wp-json\/wp\/v2\/comments?post=4066"}],"version-history":[{"count":18,"href":"https:\/\/sanktlukas.se\/goteborg\/wp-json\/wp\/v2\/pages\/4066\/revisions"}],"predecessor-version":[{"id":4508,"href":"https:\/\/sanktlukas.se\/goteborg\/wp-json\/wp\/v2\/pages\/4066\/revisions\/4508"}],"up":[{"embeddable":true,"href":"https:\/\/sanktlukas.se\/goteborg\/wp-json\/wp\/v2\/pages\/2732"}],"wp:attachment":[{"href":"https:\/\/sanktlukas.se\/goteborg\/wp-json\/wp\/v2\/media?parent=4066"}],"curies":[{"name":"wp","href":"https:\/\/api.w.org\/{rel}","templated":true}]}}

<h2 class="wp-block-sanktlukas-genericheading headline headline--medium medium-green">Handledarutbildning i personalhandledning</h2>


<div class="sanktlukas-splitblock">
    <div class="sanktlukas-splitblock__data beige">
        

<div class="wp-block-sanktlukas-generictextblock textblock textblock--undefined"><br><br><br><br><strong>EN PRAKTIKERNÄRA UTBILDNING MED FOKUS PÅ HANDLEDARENS HANTVERKSMÄSSIGA UTVECKLING</strong><br><br>Motsvarande 45 hp. <br>Examineras av examinator vid Göteborgs Universitet<br><br>Nästa kursstart 17 aug 2026<br><br>Sista anmälningsdag 30 juni 2026</div>

    </div>
       <div class="sanktlukas-splitblock__photo" style="background-image: url('https://sanktlukas.se/goteborg/wp-content/uploads/sites/11/Bild-handeledarutb-i-personalhandledning-_1200x800_72px-640x432.jpg');"></div>
    </div>


<h3 class="wp-block-sanktlukas-genericheading headline headline--small medium-green">En handledarutbildning med fokus på hantverket</h3>



<div class="wp-block-sanktlukas-generictextblock textblock textblock--undefined">Handledning fyller en viktig funktion som stöd, avlastning och lärande inom både privat, idéburen och offentlig sektor. Handledning av personal inom människovårdande yrken såsom vård, skola, omsorg och HR är ett hantverk som kräver både ett teoretiskt kunnande och praktiskt handlag.<br><br>Många handledarutbildningar lägger stor vikt på teoretisk fördjupning, men mindre vikt vid färdighetsträning och omsättning av teori i praktik. Detta gör att deltagare efter avslutad utbildning känner osäkerhet inför att hantera det uppdrag som handledarrollen innebär, trots flera terminers studier. De kortare handledarutbildningar inom specifika metoder som finns tillhanda kan i många fall ge en bra grund att stå på, men uppfyller sällan de högt ställda krav som återfinns vid offentlig upphandling av handledning i yrkesutövningen.<br><br>Vi på S:t Lukas erbjuder därför en praktikernära handledarutbildning, med stort fokus på hantverket, den egna utvecklingen i rollen som handledare, reflektion och kunskapsutbyte. Utbildningen använder sig av ett integrativt förhållningssätt, vilket gör att den passar yrkesverksamma oavsett teoretisk och metodologisk grund (psykodynamisk, kognitiv beteendeterapeutisk, systemteoretisk eller pedagogisk). Utbildningen baseras på aktuell forskning och bästa tillgängliga kunskap inom kunskapsområdet och strävar efter att träna deltagarna i evidensbaserad praktik. Utbildningen leds av legitimerade psykologer och psykoterapeuter med gedigen erfarenhet av handledning, samt av fil. dr. i psykologi.<br><br>Utbildningen syftar till att stärka deltagarnas förmåga att självständigt bedriva personalhandledning med ökad praktisk skicklighet och teoretisk kunskap.</div>



<h3 class="wp-block-sanktlukas-genericheading headline headline--small medium-green">Handledning som metod i stöd till personalgrupper</h3>



<div class="wp-block-sanktlukas-generictextblock textblock textblock--undefined">För att handledningen skall bli verksam behöver handledaren ha god kunskap om individers och gruppers fungerande, samt förståelse för den organisation som de befinner sig i. Den här handledarutbildningen utgår ifrån ett tvär-vetenskapligt perspektiv och använder sig av teori inom psykosocial och klinisk handledning, grupp-psykologisk teori, arbets- och organisations-psykologisk teori samt pedagogisk teori.<br><br>Handledaren behöver också kunna möta de handleddas behov av avlastning och reflektion, yrkesmässig utveckling och de processer som kan uppstå i en arbetsgrupp. Handledaren behöver därför på ett pedagogiskt och flexibelt sätt kunna använda sig av metoder, verktyg och faciliterings-tekniker för att på ett konstruktivt sätt skapa en struktur för handledningen som främjar deltagarnas professionella utveckling i linje med deras uppdrag.</div>



<h3 class="wp-block-sanktlukas-genericheading headline headline--small medium-green">Förkunskapskrav</h3>



<div class="wp-block-sanktlukas-generictextblock textblock textblock--undefined">Akademisk examen om minst 120 högskolepoäng (80 poäng enligt tidigare poängsystem) inom pedagogik, hälsa, vård, omsorg och socialt arbete eller motsvarande.<br>Minst fem års yrkeserfarenhet efter avlagd grundexamen.</div>



<h3 class="wp-block-sanktlukas-genericheading headline headline--small medium-green">Målgrupp</h3>



<div class="wp-block-sanktlukas-generictextblock textblock textblock--undefined">Utbildningen vänder sig till dig som idag är verksam eller planerar att arbeta med personalhandledning inom vård, skola, omsorg eller HR.</div>



<h3 class="wp-block-sanktlukas-genericheading headline headline--small medium-green">Omfattning</h3>



<div class="wp-block-sanktlukas-generictextblock textblock textblock--undefined">Utbildningen sker på halvtid under tre terminer och motsvarar totalt 45 hp. Varje deltagare deltar även i en egen mindre handledningsgrupp, som träffas för handledning på handledning var fjärde vecka. Dessa handledningstillfällen sker primärt digitalt och leds av en utbildad handledare vid S:t Lukas Göteborg.</div>



<h3 class="wp-block-sanktlukas-genericheading headline headline--small medium-green">Plats</h3>



<div class="wp-block-sanktlukas-generictextblock textblock textblock--undefined">Två till tre sammanhållna kurstillfällen per termin sker på plats i centrala Göteborg, däremellan sker utbildningen digitalt sk. blended learning.</div>



<h3 class="wp-block-sanktlukas-genericheading headline headline--small medium-green">Pedagogik</h3>



<div class="wp-block-sanktlukas-generictextblock textblock textblock--undefined">Utbildningen omfattar varierande undervisningsformer, där tiden då vi ses till största del kommer att ägnas åt egen reflektion, övning och metodträning, arbete med case, egna ärenden varvat med teori. Stort fokus kommer att ligga på praktiskt inriktade upplägg innehållande handledningsmetodik, konsultation, coachande förhållningssätt och facilitering. <br><br>Mellan tillfällena kommer deltagarna att få ägna sig åt egna litteraturstudier samt arbete med egna handledningsgrupper.</div>



<h3 class="wp-block-sanktlukas-genericheading headline headline--small medium-green">Examination</h3>



<div class="wp-block-sanktlukas-generictextblock textblock textblock--undefined">Kursen examineras på ett varierat sätt genom inlämningar, praktisk tillämpning av metod och teori, egna föreläsningar och uppgifter relaterat till tematik och innehåll. Syftet med examinationerna är att främja lärande, gemensamt delande och aktivt deltagande. I slutet av utbildningen kommer deltagarna att få ta del av den metodbank som varje utbildningsgrupp gemensamt har byggt upp, som sedan kan användas av handledarna i kommande uppdrag.</div>



<h3 class="wp-block-sanktlukas-genericheading headline headline--small medium-green">Legitimitet</h3>



<div class="wp-block-sanktlukas-generictextblock textblock textblock--undefined">Utbildningen examineras av examinator vid Göteborgs universitet. Utbildningen uppfyller de mest omfattande kraven som ställs vid upphandling av personalhandledning inom kommun och landsting.</div>



<h3 class="wp-block-sanktlukas-genericheading headline headline--small medium-green">Pris</h3>



<div class="wp-block-sanktlukas-generictextblock textblock textblock--undefined">33.000 kr exkl. moms per termin.</div>



<h3 class="wp-block-sanktlukas-genericheading headline headline--small medium-green">Datum och tider</h3>



<div class="wp-block-sanktlukas-generictextblock textblock textblock--undefined">Termin 1, 17-18 augusti 2026 i Göteborg. Därefter måndagseftermiddagar på länk. Avslutas 7-8 december i Göteborg.</div>



<h3 class="wp-block-sanktlukas-genericheading headline headline--small medium-green">Intresseanmälan och frågor</h3>



<div class="wp-block-sanktlukas-generictextblock textblock textblock--undefined">Per Reinhardt,<br><a href="mailto:per.reinhardt@sanktlukas.se">per.reinhardt@sanktlukas.se</a>,<br>072-050 48 58<br><br>Sista anmälningsdag är 30/6 2026. Anmälan är bindande.</div>



<p class="has-beige-background-color has-background"><a href="https://sanktlukas.se/goteborg/wp-content/uploads/sites/11/Handledarutb-i-personalhandledning_start_ht_2026.pdf">Ladda ned utskriftsvänligt infoblad om utbildningen</a></p>



<p></p>

<p>Ladda ned utskriftsvänligt infoblad om utbildningen</p>
