{"id":7,"date":"2016-01-15T15:08:37","date_gmt":"2016-01-15T14:08:37","guid":{"rendered":"https:\/\/sanktlukas.se\/goteborg\/foreningen\/"},"modified":"2025-12-02T15:24:16","modified_gmt":"2025-12-02T14:24:16","slug":"foreningen","status":"publish","type":"page","link":"https:\/\/sanktlukas.se\/goteborg\/foreningen\/","title":{"rendered":"F\u00f6reningen"},"content":{"rendered":"\n<h2 class=\"wp-block-sanktlukas-genericheading headline headline--medium medium-green\">V\u00e4lkommen som medlem i F\u00f6reningen S:t Lukas i G\u00f6teborg<\/h2>\n\n\n\n<div class=\"wp-block-sanktlukas-generictextblock textblock textblock--undefined\"><br>S:t Lukas \u00e4r en id\u00e9buren organisation utan vinstintresse och vi \u00e4r politiskt och religi\u00f6st obundna. Mycket av arbetet inom f\u00f6reningen\u00a0g\u00f6rs ideellt s\u00e5 det beh\u00f6vs m\u00e5nga som \u00e4r intresserade och engagerade. S:t Lukas verksamhet grundar sig p\u00e5 f\u00f6reningens medlemmar, s\u00e5 det enklaste s\u00e4ttet att st\u00f6dja S:t Lukas \u00e4r att bli medlem. Alla med intresse f\u00f6r de fr\u00e5gor som \u00e4r S:t Lukas uppdrag \u00e4r\u00a0v\u00e4lkomna som medlemmar.<br><br>Medlemsavgifter och g\u00e5vor till f\u00f6reningen anv\u00e4nds till att subventionera samtalsavgifterna f\u00f6r privatpersoner. D\u00e4rmed blir samtalsterapi tillg\u00e4ngligt f\u00f6r fler och bidrar till att minska den psykiska oh\u00e4lsan.<br><br>Tack f\u00f6r din medlemsavgift och g\u00e5va till f\u00f6reningens verksamhet!<br><\/div>\n\n\n\n<h3 class=\"wp-block-sanktlukas-genericheading headline headline--small medium-green\">F\u00f6reningen S:t Lukas i G\u00f6teborg <\/h3>\n\n\n\n<ul class=\"wp-block-list\">\n<li>\u00c4ger 100% av <strong>S:t Lukas i V\u00e4st AB,<\/strong>\u00a0org nr 559220-4332, som driver mottagningar med kvalificerad psykoterapi och psykosocial verksamhet i G\u00f6teborg, M\u00f6lndal, Bor\u00e5s, Alings\u00e5s och Sk\u00f6vde.<\/li>\n\n\n\n<li>Skapar m\u00f6tesplatser och \u00f6ppna programaktiviteter om viktiga samh\u00e4llsfr\u00e5gor, psykisk h\u00e4lsa och existentiella fr\u00e5gor.<\/li>\n<\/ul>\n\n\n\n<div class=\"wp-block-sanktlukas-generictextblock textblock textblock--undefined\">F\u00f6reningen S:t Lukas i G\u00f6teborg \u00e4r en av 32 ideella f\u00f6reningar som tillsammans\u00a0utg\u00f6r F\u00f6rbundet S:t Lukas.<br> <br>S:t Lukasf\u00f6reningen i G\u00f6teborg\u00a0samarbetar<strong>\u00a0<\/strong>i arbetet med psykoterapi, handledning och utbildning med \u00f6vriga S:t Lukasf\u00f6reningar i Sverige och arbetar bland annat efter avtal med nationella f\u00f6retag och organisationer f\u00f6r st\u00f6d till deras anst\u00e4llda.<br><br>I programverksamheten i G\u00f6teborg samarbetar S:t Lukasf\u00f6reningen med andra organisationer med likartad ideologi och m\u00e5ls\u00e4ttning, till exempel olika id\u00e9burna organisationer.<br><br>S:t Lukasf\u00f6reningens verksamhet \u00e4r\u00a0<strong>inriktad p\u00e5 hela m\u00e4nniskan<\/strong>\u00a0med hennes fysiska, psykiska, sociala och andliga behov. <br><br>Samspelet och m\u00f6tet mellan m\u00e4nniskor av\u00a0<strong>olika professioner och trosinriktningar <\/strong>\u00e4r av stor betydelse. Det avspeglar sig ocks\u00e5 i f\u00f6reningsstyrelsens sammans\u00e4ttning. D\u00e4r ing\u00e5r personer med yrken som psykiater, psykolog, pr\u00e4st, socionom, jurist, personalchef, universitetsl\u00e4rare och ekonom.<\/div>\n","protected":false},"excerpt":{"rendered":"","protected":false},"author":2,"featured_media":-1,"parent":0,"menu_order":0,"comment_status":"closed","ping_status":"closed","template":"","meta":{"_acf_changed":false,"footnotes":""},"class_list":["post-7","page","type-page","status-publish","has-post-thumbnail","hentry"],"acf":[],"_links":{"self":[{"href":"https:\/\/sanktlukas.se\/goteborg\/wp-json\/wp\/v2\/pages\/7","targetHints":{"allow":["GET"]}}],"collection":[{"href":"https:\/\/sanktlukas.se\/goteborg\/wp-json\/wp\/v2\/pages"}],"about":[{"href":"https:\/\/sanktlukas.se\/goteborg\/wp-json\/wp\/v2\/types\/page"}],"author":[{"embeddable":true,"href":"https:\/\/sanktlukas.se\/goteborg\/wp-json\/wp\/v2\/users\/2"}],"replies":[{"embeddable":true,"href":"https:\/\/sanktlukas.se\/goteborg\/wp-json\/wp\/v2\/comments?post=7"}],"version-history":[{"count":23,"href":"https:\/\/sanktlukas.se\/goteborg\/wp-json\/wp\/v2\/pages\/7\/revisions"}],"predecessor-version":[{"id":4485,"href":"https:\/\/sanktlukas.se\/goteborg\/wp-json\/wp\/v2\/pages\/7\/revisions\/4485"}],"wp:featuredmedia":[{"embeddable":true,"href":"https:\/\/sanktlukas.se\/goteborg\/wp-json\/"}],"wp:attachment":[{"href":"https:\/\/sanktlukas.se\/goteborg\/wp-json\/wp\/v2\/media?parent=7"}],"curies":[{"name":"wp","href":"https:\/\/api.w.org\/{rel}","templated":true}]}}

Föreningen

<h2 class="wp-block-sanktlukas-genericheading headline headline--medium medium-green">Välkommen som medlem i Föreningen S:t Lukas i Göteborg</h2>



<div class="wp-block-sanktlukas-generictextblock textblock textblock--undefined"><br>S:t Lukas är en idéburen organisation utan vinstintresse och vi är politiskt och religiöst obundna. Mycket av arbetet inom föreningen görs ideellt så det behövs många som är intresserade och engagerade. S:t Lukas verksamhet grundar sig på föreningens medlemmar, så det enklaste sättet att stödja S:t Lukas är att bli medlem. Alla med intresse för de frågor som är S:t Lukas uppdrag är välkomna som medlemmar.<br><br>Medlemsavgifter och gåvor till föreningen används till att subventionera samtalsavgifterna för privatpersoner. Därmed blir samtalsterapi tillgängligt för fler och bidrar till att minska den psykiska ohälsan.<br><br>Tack för din medlemsavgift och gåva till föreningens verksamhet!<br></div>



<h3 class="wp-block-sanktlukas-genericheading headline headline--small medium-green">Föreningen S:t Lukas i Göteborg </h3>



<ul class="wp-block-list">
<li>Äger 100% av <strong>S:t Lukas i Väst AB,</strong> org nr 559220-4332, som driver mottagningar med kvalificerad psykoterapi och psykosocial verksamhet i Göteborg, Mölndal, Borås, Alingsås och Skövde.</li>



<li>Skapar mötesplatser och öppna programaktiviteter om viktiga samhällsfrågor, psykisk hälsa och existentiella frågor.</li>
</ul>



<div class="wp-block-sanktlukas-generictextblock textblock textblock--undefined">Föreningen S:t Lukas i Göteborg är en av 32 ideella föreningar som tillsammans utgör Förbundet S:t Lukas.<br> <br>S:t Lukasföreningen i Göteborg samarbetar<strong> </strong>i arbetet med psykoterapi, handledning och utbildning med övriga S:t Lukasföreningar i Sverige och arbetar bland annat efter avtal med nationella företag och organisationer för stöd till deras anställda.<br><br>I programverksamheten i Göteborg samarbetar S:t Lukasföreningen med andra organisationer med likartad ideologi och målsättning, till exempel olika idéburna organisationer.<br><br>S:t Lukasföreningens verksamhet är <strong>inriktad på hela människan</strong> med hennes fysiska, psykiska, sociala och andliga behov. <br><br>Samspelet och mötet mellan människor av <strong>olika professioner och trosinriktningar </strong>är av stor betydelse. Det avspeglar sig också i föreningsstyrelsens sammansättning. Där ingår personer med yrken som psykiater, psykolog, präst, socionom, jurist, personalchef, universitetslärare och ekonom.</div>
