{"id":150,"date":"2023-03-13T13:03:21","date_gmt":"2023-03-13T12:03:21","guid":{"rendered":"https:\/\/sanktlukas.se\/kalmar\/?page_id=150"},"modified":"2023-03-21T09:54:12","modified_gmt":"2023-03-21T08:54:12","slug":"styrelsen","status":"publish","type":"page","link":"https:\/\/sanktlukas.se\/kalmar\/styrelsen\/","title":{"rendered":"Styrelsen"},"content":{"rendered":"\n<h3 class=\"wp-block-heading\">Styrelse och programr\u00e5d i S:t Lukas f\u00f6rening i Kronoberg 2023<\/h3>\n\n\n\n<p><strong>Ordf\u00f6rande<\/strong><\/p>\n\n\n\n<p>Lennart Johansson 070 &#8211; 371 36 51<\/p>\n\n\n\n<p><strong>Vice Ordf\u00f6rande<\/strong><\/p>\n\n\n\n<p>Anders Claesson 070 &#8211; 728 32 23<\/p>\n\n\n\n<p><strong>Sekreterare<\/strong><\/p>\n\n\n\n<p>Lena Fritz\u00e9n 070 &#8211; 837 75 49<\/p>\n\n\n\n<p><strong>\u00f6vriga Ledam\u00f6ter<\/strong><\/p>\n\n\n\n<p>Jens Linder<\/p>\n\n\n\n<p>Patrik Nilsson<\/p>\n\n\n\n<p>Ann Lilliefelth<\/p>\n\n\n\n<p>Maude Johansson<\/p>\n\n\n\n<p>Vibeke Hylt\u00e9n Cavallius<\/p>\n\n\n\n<h4 class=\"wp-block-heading\">Programr\u00e5d<\/h4>\n\n\n\n<p>Patrik Nilsson<\/p>\n\n\n\n<p>Vibeke Hylt\u00e9n Cavallius<\/p>\n\n\n\n<p>Olle Sandvall<\/p>\n\n\n\n<p>Ann Lilliefelth <\/p>\n\n\n\n<p>Gunilla Rahm Andergren<\/p>\n\n\n\n<p><strong>Revisorer<\/strong><\/p>\n\n\n\n<p>H\u00e5kan Fransson<\/p>\n\n\n\n<p>Kerstin Sundstr\u00f6m<\/p>\n","protected":false},"excerpt":{"rendered":"<p>Styrelse och programr\u00e5d i S:t Lukas f\u00f6rening i Kronoberg 2023 Ordf\u00f6rande Lennart Johansson 070 &#8211; 371 36 51 Vice Ordf\u00f6rande Anders Claesson 070 &#8211; 728 32 23 Sekreterare Lena Fritz\u00e9n 070 &#8211; 837 75 49 \u00f6vriga Ledam\u00f6ter Jens Linder Patrik Nilsson Ann Lilliefelth Maude Johansson Vibeke Hylt\u00e9n Cavallius Programr\u00e5d Patrik Nilsson Vibeke Hylt\u00e9n Cavallius Olle [&hellip;]<\/p>\n","protected":false},"author":8,"featured_media":0,"parent":0,"menu_order":0,"comment_status":"closed","ping_status":"closed","template":"","meta":{"_acf_changed":false,"footnotes":""},"class_list":["post-150","page","type-page","status-publish","hentry"],"acf":[],"_links":{"self":[{"href":"https:\/\/sanktlukas.se\/kalmar\/wp-json\/wp\/v2\/pages\/150","targetHints":{"allow":["GET"]}}],"collection":[{"href":"https:\/\/sanktlukas.se\/kalmar\/wp-json\/wp\/v2\/pages"}],"about":[{"href":"https:\/\/sanktlukas.se\/kalmar\/wp-json\/wp\/v2\/types\/page"}],"author":[{"embeddable":true,"href":"https:\/\/sanktlukas.se\/kalmar\/wp-json\/wp\/v2\/users\/8"}],"replies":[{"embeddable":true,"href":"https:\/\/sanktlukas.se\/kalmar\/wp-json\/wp\/v2\/comments?post=150"}],"version-history":[{"count":3,"href":"https:\/\/sanktlukas.se\/kalmar\/wp-json\/wp\/v2\/pages\/150\/revisions"}],"predecessor-version":[{"id":164,"href":"https:\/\/sanktlukas.se\/kalmar\/wp-json\/wp\/v2\/pages\/150\/revisions\/164"}],"wp:attachment":[{"href":"https:\/\/sanktlukas.se\/kalmar\/wp-json\/wp\/v2\/media?parent=150"}],"curies":[{"name":"wp","href":"https:\/\/api.w.org\/{rel}","templated":true}]}}

<h3 class="wp-block-heading">Styrelse och programråd i S:t Lukas förening i Kronoberg 2023</h3>



<p><strong>Ordförande</strong></p>



<p>Lennart Johansson 070 &#8211; 371 36 51</p>



<p><strong>Vice Ordförande</strong></p>



<p>Anders Claesson 070 &#8211; 728 32 23</p>



<p><strong>Sekreterare</strong></p>



<p>Lena Fritzén 070 &#8211; 837 75 49</p>



<p><strong>övriga Ledamöter</strong></p>



<p>Jens Linder</p>



<p>Patrik Nilsson</p>



<p>Ann Lilliefelth</p>



<p>Maude Johansson</p>



<p>Vibeke Hyltén Cavallius</p>



<h4 class="wp-block-heading">Programråd</h4>



<p>Patrik Nilsson</p>



<p>Vibeke Hyltén Cavallius</p>



<p>Olle Sandvall</p>



<p>Ann Lilliefelth </p>



<p>Gunilla Rahm Andergren</p>



<p><strong>Revisorer</strong></p>



<p>Håkan Fransson</p>



<p>Kerstin Sundström</p>

<p>Styrelse och programråd i S:t Lukas förening i Kronoberg 2023 Ordförande Lennart Johansson 070 &#8211; 371 36 51 Vice Ordförande Anders Claesson 070 &#8211; 728 32 23 Sekreterare Lena Fritzén 070 &#8211; 837 75 49 övriga Ledamöter Jens Linder Patrik Nilsson Ann Lilliefelth Maude Johansson Vibeke Hyltén Cavallius Programråd Patrik Nilsson Vibeke Hyltén Cavallius Olle [&hellip;]</p>
