{"id":50,"date":"2021-09-01T16:55:23","date_gmt":"2021-09-01T14:55:23","guid":{"rendered":"https:\/\/sanktlukas.se\/kalmar\/?page_id=50"},"modified":"2021-09-01T16:56:19","modified_gmt":"2021-09-01T14:56:19","slug":"sammanhallen-journalforing","status":"publish","type":"page","link":"https:\/\/sanktlukas.se\/kalmar\/sammanhallen-journalforing\/","title":{"rendered":"Sammanh\u00e5llen journalf\u00f6ring"},"content":{"rendered":"<p>Sammanh\u00e5llen journalf\u00f6ring \u00e4r ett s\u00e4tt f\u00f6r v\u00e5rdgivare att under vissa f\u00f6ruts\u00e4ttningar dela v\u00e5rddokumentation. Bland annat f\u00f6ruts\u00e4tter detta att du som patient blir informerad om inneb\u00f6rden. Vidare ska du l\u00e4mna ett samtycke om en annan v\u00e5rdgivare ska f\u00e5 ta del av din journal. Undantag g\u00e4ller vid n\u00f6dsituation.<\/p>\n<p>S:t Lukas samtalsmottagningar anv\u00e4nder ett eget journalsystem. Detta journalsystem har inte n\u00e5gon teknisk koppling till andra journalsystem hos andra v\u00e5rdgivare. Det inneb\u00e4r att en region eller annan privat v\u00e5rdgivare aldrig har tillg\u00e5ng till din journal.<\/p>\n<p>Vi \u00e4r angel\u00e4gna om att du ska f\u00e5 den information du \u00f6nskar kring inneb\u00f6rden av sammanh\u00e5llen journalf\u00f6ring. Vid ditt bes\u00f6k hos oss f\u00e5r du g\u00e4rna st\u00e4lla fr\u00e5gor och bli trygg med v\u00e5rt arbetss\u00e4tt.<\/p>\n<p>Det \u00e4r endast din behandlande terapeut som har r\u00e4tt att \u00f6ppna, l\u00e4sa och skriva i din journal.<\/p>\n<p>Om du anv\u00e4nder flera av v\u00e5ra tj\u00e4nster parallellt kan du f\u00e5 allt p\u00e5 samma faktura. V\u00e5rt digitala journalsystem s\u00e4kerst\u00e4ller ocks\u00e5 att alla anteckningar och dokument som ber\u00f6r ditt h\u00e4lsotillst\u00e5nd kan lagras digitalt. Allt f\u00f6r att st\u00e4rka din patients\u00e4kerhet.<\/p>\n<p>F\u00f6r din s\u00e4kerhet har S:t Lukas journalsystem ett tekniskt varningssystem som f\u00f6rebygger obeh\u00f6rig tillg\u00e5ng till journaluppgifter. Om en annan terapeut skulle f\u00f6rs\u00f6ka eller skulle l\u00e4sa din journal f\u00f6ljs detta \u00e4ven upp genast och automatiskt inom v\u00e5rt kvalitetsledningssystem. D\u00e4rtill \u00e4r all information i journalen krypterad.<\/p>\n<p>N\u00e4r beh\u00f6rig personal anv\u00e4nder S:t Lukas journalsystem anv\u00e4nds begr\u00e4nsade s\u00f6kgrepp som namn och personnummer f\u00f6r att hitta din journal. Vid s\u00f6kning presenteras inga journaluppgifter. All tillg\u00e5ng till journaluppgifter skyddas genom identitetskontroll av beh\u00f6rig personal f\u00f6re tillg\u00e5ng till journaluppgifter. Du som patient har r\u00e4tt att f\u00e5 information om den direkt- och elektroniska \u00e5tkomst av dina uppgifter som f\u00f6rekommit (loggningsinformation).<\/p>\n<p>S:t Lukas erbjuder f\u00f6r n\u00e4rvarande ingen direkt\u00e5tkomst till journalsystemet f\u00f6r dig som patient.<\/p>\n<p>Inga personuppgifter \u00f6verf\u00f6rs till l\u00e4nder utanf\u00f6r EU\/EES.<\/p>\n","protected":false},"excerpt":{"rendered":"<p>Sammanh\u00e5llen journalf\u00f6ring \u00e4r ett s\u00e4tt f\u00f6r v\u00e5rdgivare att under vissa f\u00f6ruts\u00e4ttningar dela v\u00e5rddokumentation. Bland annat f\u00f6ruts\u00e4tter detta att du som patient blir informerad om inneb\u00f6rden. Vidare ska du l\u00e4mna ett samtycke om en annan v\u00e5rdgivare ska f\u00e5 ta del av din journal. Undantag g\u00e4ller vid n\u00f6dsituation. S:t Lukas samtalsmottagningar anv\u00e4nder ett eget journalsystem. Detta journalsystem [&hellip;]<\/p>\n","protected":false},"author":60,"featured_media":-1,"parent":0,"menu_order":0,"comment_status":"closed","ping_status":"closed","template":"","meta":{"_acf_changed":false,"footnotes":""},"class_list":["post-50","page","type-page","status-publish","has-post-thumbnail","hentry"],"acf":[],"_links":{"self":[{"href":"https:\/\/sanktlukas.se\/kalmar\/wp-json\/wp\/v2\/pages\/50","targetHints":{"allow":["GET"]}}],"collection":[{"href":"https:\/\/sanktlukas.se\/kalmar\/wp-json\/wp\/v2\/pages"}],"about":[{"href":"https:\/\/sanktlukas.se\/kalmar\/wp-json\/wp\/v2\/types\/page"}],"author":[{"embeddable":true,"href":"https:\/\/sanktlukas.se\/kalmar\/wp-json\/wp\/v2\/users\/60"}],"replies":[{"embeddable":true,"href":"https:\/\/sanktlukas.se\/kalmar\/wp-json\/wp\/v2\/comments?post=50"}],"version-history":[{"count":2,"href":"https:\/\/sanktlukas.se\/kalmar\/wp-json\/wp\/v2\/pages\/50\/revisions"}],"predecessor-version":[{"id":52,"href":"https:\/\/sanktlukas.se\/kalmar\/wp-json\/wp\/v2\/pages\/50\/revisions\/52"}],"wp:featuredmedia":[{"embeddable":true,"href":"https:\/\/sanktlukas.se\/kalmar\/wp-json\/"}],"wp:attachment":[{"href":"https:\/\/sanktlukas.se\/kalmar\/wp-json\/wp\/v2\/media?parent=50"}],"curies":[{"name":"wp","href":"https:\/\/api.w.org\/{rel}","templated":true}]}}