{"id":53,"date":"2021-09-01T16:57:03","date_gmt":"2021-09-01T14:57:03","guid":{"rendered":"https:\/\/sanktlukas.se\/kalmar\/?page_id=53"},"modified":"2022-08-28T13:00:34","modified_gmt":"2022-08-28T11:00:34","slug":"avbokningsregler","status":"publish","type":"page","link":"https:\/\/sanktlukas.se\/kalmar\/avbokningsregler\/","title":{"rendered":"Avbokningsregler"},"content":{"rendered":"<p><strong>Ibland beh\u00f6ver man omboka\/avboka sin tid men t\u00e4nk d\u00e5 p\u00e5:<\/strong><\/p>\n<p><strong>F<\/strong><strong>\u00f6r att undvika debitering\u00a0 skall eventuell<\/strong><strong> avbokning\/ombokning ske minst 24 timmar innan bes\u00f6ket (g\u00e4ller arbetsdag). Det finns m\u00f6jligheter till digitalt samtal som ett alternativ till sen avbokning f\u00f6r att undvika debitering.<\/strong><\/p>\n<p><strong>Tack f\u00f6r din f\u00f6rst\u00e5else.<\/strong><\/p>\n","protected":false},"excerpt":{"rendered":"<p>Ibland beh\u00f6ver man omboka\/avboka sin tid men t\u00e4nk d\u00e5 p\u00e5: F\u00f6r att undvika debitering\u00a0 skall eventuell avbokning\/ombokning ske minst 24 timmar innan bes\u00f6ket (g\u00e4ller arbetsdag). Det finns m\u00f6jligheter till digitalt samtal som ett alternativ till sen avbokning f\u00f6r att undvika debitering. Tack f\u00f6r din f\u00f6rst\u00e5else.<\/p>\n","protected":false},"author":60,"featured_media":-1,"parent":0,"menu_order":0,"comment_status":"closed","ping_status":"closed","template":"","meta":{"_acf_changed":false,"footnotes":""},"class_list":["post-53","page","type-page","status-publish","has-post-thumbnail","hentry"],"acf":[],"_links":{"self":[{"href":"https:\/\/sanktlukas.se\/kalmar\/wp-json\/wp\/v2\/pages\/53","targetHints":{"allow":["GET"]}}],"collection":[{"href":"https:\/\/sanktlukas.se\/kalmar\/wp-json\/wp\/v2\/pages"}],"about":[{"href":"https:\/\/sanktlukas.se\/kalmar\/wp-json\/wp\/v2\/types\/page"}],"author":[{"embeddable":true,"href":"https:\/\/sanktlukas.se\/kalmar\/wp-json\/wp\/v2\/users\/60"}],"replies":[{"embeddable":true,"href":"https:\/\/sanktlukas.se\/kalmar\/wp-json\/wp\/v2\/comments?post=53"}],"version-history":[{"count":2,"href":"https:\/\/sanktlukas.se\/kalmar\/wp-json\/wp\/v2\/pages\/53\/revisions"}],"predecessor-version":[{"id":121,"href":"https:\/\/sanktlukas.se\/kalmar\/wp-json\/wp\/v2\/pages\/53\/revisions\/121"}],"wp:featuredmedia":[{"embeddable":true,"href":"https:\/\/sanktlukas.se\/kalmar\/wp-json\/"}],"wp:attachment":[{"href":"https:\/\/sanktlukas.se\/kalmar\/wp-json\/wp\/v2\/media?parent=53"}],"curies":[{"name":"wp","href":"https:\/\/api.w.org\/{rel}","templated":true}]}}

<p><strong>Ibland behöver man omboka/avboka sin tid men tänk då på:</strong></p>
<p><strong>F</strong><strong>ör att undvika debitering  skall eventuell</strong><strong> avbokning/ombokning ske minst 24 timmar innan besöket (gäller arbetsdag). Det finns möjligheter till digitalt samtal som ett alternativ till sen avbokning för att undvika debitering.</strong></p>
<p><strong>Tack för din förståelse.</strong></p>

<p>Ibland behöver man omboka/avboka sin tid men tänk då på: För att undvika debitering  skall eventuell avbokning/ombokning ske minst 24 timmar innan besöket (gäller arbetsdag). Det finns möjligheter till digitalt samtal som ett alternativ till sen avbokning för att undvika debitering. Tack för din förståelse.</p>
