{"id":135,"date":"2018-08-22T11:01:13","date_gmt":"2018-08-22T09:01:13","guid":{"rendered":"https:\/\/sanktlukas.se\/karlstad\/?page_id=135"},"modified":"2026-04-13T17:41:32","modified_gmt":"2026-04-13T15:41:32","slug":"gdpr","status":"publish","type":"page","link":"https:\/\/sanktlukas.se\/karlstad\/gdpr\/","title":{"rendered":"GDPR"},"content":{"rendered":"<p>Den 25 maj 2018 b\u00f6rjade den nya dataskyddsf\u00f6rordningen, GDPR (General Data Protection Regulation) att g\u00e4lla.<\/p>\n<p>Dataskyddsf\u00f6rordningen utg\u00f6r ett skydd f\u00f6r fysiska personer med avseende p\u00e5 behandling av personuppgifter och om det fria fl\u00f6det av s\u00e5dana uppgifter. F\u00f6rordningen till\u00e4mpas i Sverige och \u00f6vriga EU fr\u00e5n och med den 25 maj 2018. Det inneb\u00e4r bl.a. att personuppgiftslagen (PuL), som tidigare reglerat behandling av personuppgifter, allts\u00e5 registerhantering, upph\u00f6rde vid denna tidpunkt. Dataskyddsf\u00f6rordningen g\u00e4ller f\u00f6r b\u00e5de privat och offentlig verksamhet, inklusive f\u00f6reningar och f\u00f6retag. Den omfattar i princip all behandling av personuppgifter.<\/p>\n<h3>Information om hur S:t Lukas i V\u00e4rmland hanterar dina personuppgifter<\/h3>\n<h4>Varf\u00f6r registreras mina personuppgifter?<\/h4>\n<p>S:t Lukas i V\u00e4rmland \u00e4r en v\u00e5rdgivare vars verksamhet styrs av Socialstyrelsens riktlinjer och h\u00e4lso- och sjukv\u00e5rdens lagar. De tre lagar som reglerar hanteringen av personuppgifter inom S:t Lukas verksamhet \u00e4r patientdatalagen, dataskyddsf\u00f6rordningen och bokf\u00f6ringslagen.<\/p>\n<p>S:t Lukas i V\u00e4rmland \u00e4r skyldig att f\u00f6ra patientjournal avseende varje konfident\/patient. Patientjournalen kan exempelvis inneh\u00e5lla personuppgifter som bakgrunden till v\u00e5rden, utf\u00f6rda och planerade \u00e5tg\u00e4rder och uppgift om n\u00e4r och vem som har gjort anteckningen i journalen. Personuppgifterna beh\u00f6vs f\u00f6r att kunna ge en god, s\u00e4ker och trygg v\u00e5rd. Personuppgifterna anv\u00e4nds f\u00f6r journalskrivning och som underlag f\u00f6r fakturering och bokf\u00f6ring. S:t Lukas i V\u00e4rmland har r\u00e4tt att registrera dina personuppgifter i patientjournalen och h\u00e4lso- och sjukv\u00e5rdsregister \u00e4ven om du inte gett oss ditt samtycke. Behandlingen av dina personuppgifter \u00e4r n\u00f6dv\u00e4ndig f\u00f6r att kunna fullg\u00f6ra avtalet med dig eller den som skickat remiss eller best\u00e4llt tj\u00e4nst av oss och f\u00f6r att fullg\u00f6ra r\u00e4ttsliga f\u00f6rpliktelser som \u00e5l\u00e4ggs oss i egenskap av v\u00e5rdgivare. Med personuppgifter avses tex; namn, adress, personnummer, telefonnummer, mailadress.<\/p>\n<h4>Hur behandlas mina personuppgifter?<\/h4>\n<p>Kontaktuppgifterna sparas minst 10 \u00e5r i v\u00e5rt patientjournalsystem i enlighet med best\u00e4mmelserna i Patientdatalagen. Bokf\u00f6ringsunderlag, t.ex. fakturor, sparas i 7 \u00e5r. Inom v\u00e5rden r\u00e5der str\u00e4ng sekretess f\u00f6r uppgifter om patienters h\u00e4lsotillst\u00e5nd eller andra personliga f\u00f6rh\u00e5llanden. S:t Lukas i V\u00e4rmland kommer d\u00e4rf\u00f6r inte att l\u00e4mna ut dina personuppgifter med mindre \u00e4n att lagstiftning f\u00f6reskriver det, eller om du ger ditt uttryckliga samtycke till s\u00e5dant utl\u00e4mnande.<\/p>\n<h4>Vilka r\u00e4ttigheter har jag?<\/h4>\n<p>Som patient har du r\u00e4tt att ta del av uppgifter som finns i din patientjournal. Du har \u00e4ven r\u00e4tt att f\u00e5 en kopia av hela eller delar av patientjournalen. Om du har en avvikande mening i f\u00f6rh\u00e5llande till det som st\u00e5r i din patientjournal, eller anser att en uppgift d\u00e4r \u00e4r oriktig, har du r\u00e4tt att f\u00e5 detta inf\u00f6rt i din patientjournal. F\u00f6r att f\u00e5 en uppgift borttagen i din patientjournal m\u00e5ste du v\u00e4nda dig till Inspektionen f\u00f6r v\u00e5rd och omsorg (IVO) p\u00e5 <a href=\"http:\/\/www.ivo.se\">http:\/\/www.ivo.se<\/a> f\u00f6r att f\u00e5 detta pr\u00f6vat. Du har r\u00e4tt att n\u00e4r som helst inge ett klagom\u00e5l avseende v\u00e5r behandling av dina personuppgifter till S:t Lukas i V\u00e4rmland eller till Datainspektionen, <a href=\"https:\/\/www.datainspektionen.se\">http:\/\/www.datainspektionen.se<\/a>.<\/p>\n<h4>Du \u00e4r v\u00e4lkommen att kontakta oss<\/h4>\n<p>Personuppgiftsansvarig \u00e4r verksamhetschefen S:t Lukas mottagning i V\u00e4rmland maila; <a href=\"mailto:helene.rahm@sanktlukas.se\">helene.rahm@sanktlukas.se<\/a><\/p>\n<p>Dataskyddsombud \u00e4r S:t Lukas IT-samordnare samt samordnare f\u00f6r kvalitetsgruppen.<\/p>\n<p>Personuppgiftsbitr\u00e4de \u00e4r S:t Lukas generalsekreterare; maila <a href=\"mailto:info@sanktlukas.se\">info@sanktlukas.se<\/a><\/p>\n\n\n<p><\/p>\n","protected":false},"excerpt":{"rendered":"<p>Den 25 maj 2018 b\u00f6rjade den nya dataskyddsf\u00f6rordningen, GDPR (General Data Protection Regulation) att g\u00e4lla. Dataskyddsf\u00f6rordningen utg\u00f6r ett skydd f\u00f6r fysiska personer med avseende p\u00e5 behandling av personuppgifter och om det fria fl\u00f6det av s\u00e5dana uppgifter. F\u00f6rordningen till\u00e4mpas i Sverige och \u00f6vriga EU fr\u00e5n och med den 25 maj 2018. Det inneb\u00e4r bl.a. att personuppgiftslagen [&hellip;]<\/p>\n","protected":false},"author":3,"featured_media":-1,"parent":0,"menu_order":0,"comment_status":"closed","ping_status":"closed","template":"mall-sidomeny-utan-banner","meta":{"_acf_changed":false,"footnotes":""},"class_list":["post-135","page","type-page","status-publish","has-post-thumbnail","hentry"],"acf":[],"_links":{"self":[{"href":"https:\/\/sanktlukas.se\/karlstad\/wp-json\/wp\/v2\/pages\/135","targetHints":{"allow":["GET"]}}],"collection":[{"href":"https:\/\/sanktlukas.se\/karlstad\/wp-json\/wp\/v2\/pages"}],"about":[{"href":"https:\/\/sanktlukas.se\/karlstad\/wp-json\/wp\/v2\/types\/page"}],"author":[{"embeddable":true,"href":"https:\/\/sanktlukas.se\/karlstad\/wp-json\/wp\/v2\/users\/3"}],"replies":[{"embeddable":true,"href":"https:\/\/sanktlukas.se\/karlstad\/wp-json\/wp\/v2\/comments?post=135"}],"version-history":[{"count":5,"href":"https:\/\/sanktlukas.se\/karlstad\/wp-json\/wp\/v2\/pages\/135\/revisions"}],"predecessor-version":[{"id":619,"href":"https:\/\/sanktlukas.se\/karlstad\/wp-json\/wp\/v2\/pages\/135\/revisions\/619"}],"wp:featuredmedia":[{"embeddable":true,"href":"https:\/\/sanktlukas.se\/karlstad\/wp-json\/"}],"wp:attachment":[{"href":"https:\/\/sanktlukas.se\/karlstad\/wp-json\/wp\/v2\/media?parent=135"}],"curies":[{"name":"wp","href":"https:\/\/api.w.org\/{rel}","templated":true}]}}