{"id":453,"date":"2024-12-05T15:02:31","date_gmt":"2024-12-05T14:02:31","guid":{"rendered":"https:\/\/sanktlukas.se\/karlstad\/?page_id=453"},"modified":"2024-12-05T15:12:32","modified_gmt":"2024-12-05T14:12:32","slug":"synpunkter","status":"publish","type":"page","link":"https:\/\/sanktlukas.se\/karlstad\/synpunkter\/","title":{"rendered":"Synpunkter"},"content":{"rendered":"\n<p><strong>Har Du klagom\u00e5l eller synpunkter?<\/strong>&nbsp;<\/p>\n\n\n\n<p><strong>Dina synpunkter \u00e4r viktiga f\u00f6r v\u00e5r mottagning!&nbsp;<\/strong>&nbsp;<\/p>\n\n\n\n<p>F\u00f6r att kunna bli b\u00e4ttre vill vi g\u00e4rna veta vad Du eller n\u00e4rst\u00e5ende tycker om v\u00e5rden hos oss.&nbsp;<\/p>\n\n\n\n<p>Vi vill g\u00e4rna ha Dina synpunkter, b\u00e5de ris och ros. Det hj\u00e4lper oss att f\u00f6rb\u00e4ttra v\u00e5rden och v\u00e5r service p\u00e5 mottagningen.&nbsp;<\/p>\n\n\n\n<p>Har Du synpunkter, f\u00f6rslag till f\u00f6rb\u00e4ttringar eller klagom\u00e5l kan Du framf\u00f6ra dem till v\u00e5r mottagning p\u00e5 flera olika s\u00e4tt&nbsp;&nbsp;<\/p>\n\n\n\n<p><strong>Kontakt med v\u00e5r mottagning:&nbsp;&nbsp;<\/strong>&nbsp;<\/p>\n\n\n\n<p>I f\u00f6rsta hand b\u00f6r du kontakta din terapeut eller v\u00e5r verksamhetschef p\u00e5 mottagningen. Du kan \u00e4ven v\u00e4lja att ringa eller maila, med m\u00f6jlighet till \u00e5terkoppling.&nbsp;&nbsp;<\/p>\n\n\n\n<p>F\u00f6r kontakt med v\u00e5r verksamhetschef Birgitta Lid\u00e9n s\u00e5 ring 070-413 03 76 eller mail: <a href=\"mailto:birgitta.liden@sanktlukas.se\" target=\"_blank\" rel=\"noreferrer noopener\">birgitta.liden@sanktlukas.se<\/a>&nbsp;<\/p>\n\n\n\n<p><strong>L\u00e4mna Dina synpunkter anonymt:<\/strong>&nbsp;<\/p>\n\n\n\n<p>Blankett finns i v\u00e4ntrummet p\u00e5 mottagningen och Du fyller i den och l\u00e4gger den i brevl\u00e5dan i v\u00e4ntrummet.&nbsp;<\/p>\n","protected":false},"excerpt":{"rendered":"<p>Har Du klagom\u00e5l eller synpunkter?&nbsp; Dina synpunkter \u00e4r viktiga f\u00f6r v\u00e5r mottagning!&nbsp;&nbsp; F\u00f6r att kunna bli b\u00e4ttre vill vi g\u00e4rna veta vad Du eller n\u00e4rst\u00e5ende tycker om v\u00e5rden hos oss.&nbsp; Vi vill g\u00e4rna ha Dina synpunkter, b\u00e5de ris och ros. Det hj\u00e4lper oss att f\u00f6rb\u00e4ttra v\u00e5rden och v\u00e5r service p\u00e5 mottagningen.&nbsp; Har Du synpunkter, f\u00f6rslag [&hellip;]<\/p>\n","protected":false},"author":84,"featured_media":0,"parent":0,"menu_order":0,"comment_status":"closed","ping_status":"closed","template":"mall-sidomeny-utan-banner","meta":{"_acf_changed":false,"footnotes":""},"class_list":["post-453","page","type-page","status-publish","hentry"],"acf":[],"_links":{"self":[{"href":"https:\/\/sanktlukas.se\/karlstad\/wp-json\/wp\/v2\/pages\/453","targetHints":{"allow":["GET"]}}],"collection":[{"href":"https:\/\/sanktlukas.se\/karlstad\/wp-json\/wp\/v2\/pages"}],"about":[{"href":"https:\/\/sanktlukas.se\/karlstad\/wp-json\/wp\/v2\/types\/page"}],"author":[{"embeddable":true,"href":"https:\/\/sanktlukas.se\/karlstad\/wp-json\/wp\/v2\/users\/84"}],"replies":[{"embeddable":true,"href":"https:\/\/sanktlukas.se\/karlstad\/wp-json\/wp\/v2\/comments?post=453"}],"version-history":[{"count":4,"href":"https:\/\/sanktlukas.se\/karlstad\/wp-json\/wp\/v2\/pages\/453\/revisions"}],"predecessor-version":[{"id":459,"href":"https:\/\/sanktlukas.se\/karlstad\/wp-json\/wp\/v2\/pages\/453\/revisions\/459"}],"wp:attachment":[{"href":"https:\/\/sanktlukas.se\/karlstad\/wp-json\/wp\/v2\/media?parent=453"}],"curies":[{"name":"wp","href":"https:\/\/api.w.org\/{rel}","templated":true}]}}

<p><strong>Har Du klagomål eller synpunkter?</strong>&nbsp;</p>



<p><strong>Dina synpunkter är viktiga för vår mottagning!&nbsp;</strong>&nbsp;</p>



<p>För att kunna bli bättre vill vi gärna veta vad Du eller närstående tycker om vården hos oss.&nbsp;</p>



<p>Vi vill gärna ha Dina synpunkter, både ris och ros. Det hjälper oss att förbättra vården och vår service på mottagningen.&nbsp;</p>



<p>Har Du synpunkter, förslag till förbättringar eller klagomål kan Du framföra dem till vår mottagning på flera olika sätt&nbsp;&nbsp;</p>



<p><strong>Kontakt med vår mottagning:&nbsp;&nbsp;</strong>&nbsp;</p>



<p>I första hand bör du kontakta din terapeut eller vår verksamhetschef på mottagningen. Du kan även välja att ringa eller maila, med möjlighet till återkoppling.&nbsp;&nbsp;</p>



<p>För kontakt med vår verksamhetschef Birgitta Lidén så ring 070-413 03 76 eller mail: <a href="mailto:birgitta.liden@sanktlukas.se" target="_blank" rel="noreferrer noopener">birgitta.liden@sanktlukas.se</a>&nbsp;</p>



<p><strong>Lämna Dina synpunkter anonymt:</strong>&nbsp;</p>



<p>Blankett finns i väntrummet på mottagningen och Du fyller i den och lägger den i brevlådan i väntrummet.&nbsp;</p>

<p>Har Du klagomål eller synpunkter?&nbsp; Dina synpunkter är viktiga för vår mottagning!&nbsp;&nbsp; För att kunna bli bättre vill vi gärna veta vad Du eller närstående tycker om vården hos oss.&nbsp; Vi vill gärna ha Dina synpunkter, både ris och ros. Det hjälper oss att förbättra vården och vår service på mottagningen.&nbsp; Har Du synpunkter, förslag [&hellip;]</p>
