{"id":5,"date":"2016-05-26T06:02:05","date_gmt":"2016-05-26T04:02:05","guid":{"rendered":"https:\/\/sanktlukas.se\/karlstad\/kontakt\/"},"modified":"2025-05-27T15:54:10","modified_gmt":"2025-05-27T13:54:10","slug":"kontakt","status":"publish","type":"page","link":"https:\/\/sanktlukas.se\/karlstad\/kontakt\/","title":{"rendered":"Kontakt"},"content":{"rendered":"<p>S:t Lukas i V\u00e4rmland bedriver sedan 1970 en mottagning f\u00f6r psykoterapi, samtalsst\u00f6d och handledning i Karlstad. Hos oss arbetar v\u00e4lutbildade och v\u00e4lrenommerade psykoterapeuter med olika yrkesbakgrund. Vi har \u00e4ven handledar- och l\u00e4rarkompetens i psykoterapi.<\/p>\n<p>Vid mottagningarna tar vi emot personer \u00f6ver 18 \u00e5r. Barn och ungdom under 18 \u00e5r h\u00e4nvisar vi till Region V\u00e4rmlands mottagningar; F\u00f6rsta Linjen, Barn och Ungdomspsykiatrin och Ungdomsmottagningar.<\/p>\n\n\n<div style=\"height:35px\" aria-hidden=\"true\" class=\"wp-block-spacer\"><\/div>\n\n\n\n<figure class=\"wp-block-image size-full\"><a href=\"https:\/\/sanktlukas.se\/karlstad\/wp-content\/uploads\/sites\/17\/Skarmbild-2024-03-15-131628.png\"><img loading=\"lazy\" decoding=\"async\" width=\"402\" height=\"347\" src=\"https:\/\/sanktlukas.se\/karlstad\/wp-content\/uploads\/sites\/17\/Skarmbild-2024-03-15-131628.png\" alt=\"\" class=\"wp-image-396\" \/><\/a><\/figure>\n","protected":false},"excerpt":{"rendered":"<p>S:t Lukas i V\u00e4rmland bedriver sedan 1970 en mottagning f\u00f6r psykoterapi, samtalsst\u00f6d och handledning i Karlstad. Hos oss arbetar v\u00e4lutbildade och v\u00e4lrenommerade psykoterapeuter med olika yrkesbakgrund. Vi har \u00e4ven handledar- och l\u00e4rarkompetens i psykoterapi. Vid mottagningarna tar vi emot personer \u00f6ver 18 \u00e5r. Barn och ungdom under 18 \u00e5r h\u00e4nvisar vi till Region V\u00e4rmlands mottagningar; [&hellip;]<\/p>\n","protected":false},"author":3,"featured_media":-1,"parent":0,"menu_order":0,"comment_status":"closed","ping_status":"closed","template":"mall-sidomeny-utan-banner","meta":{"_acf_changed":false,"footnotes":""},"class_list":["post-5","page","type-page","status-publish","has-post-thumbnail","hentry"],"acf":[],"_links":{"self":[{"href":"https:\/\/sanktlukas.se\/karlstad\/wp-json\/wp\/v2\/pages\/5","targetHints":{"allow":["GET"]}}],"collection":[{"href":"https:\/\/sanktlukas.se\/karlstad\/wp-json\/wp\/v2\/pages"}],"about":[{"href":"https:\/\/sanktlukas.se\/karlstad\/wp-json\/wp\/v2\/types\/page"}],"author":[{"embeddable":true,"href":"https:\/\/sanktlukas.se\/karlstad\/wp-json\/wp\/v2\/users\/3"}],"replies":[{"embeddable":true,"href":"https:\/\/sanktlukas.se\/karlstad\/wp-json\/wp\/v2\/comments?post=5"}],"version-history":[{"count":9,"href":"https:\/\/sanktlukas.se\/karlstad\/wp-json\/wp\/v2\/pages\/5\/revisions"}],"predecessor-version":[{"id":535,"href":"https:\/\/sanktlukas.se\/karlstad\/wp-json\/wp\/v2\/pages\/5\/revisions\/535"}],"wp:featuredmedia":[{"embeddable":true,"href":"https:\/\/sanktlukas.se\/karlstad\/wp-json\/"}],"wp:attachment":[{"href":"https:\/\/sanktlukas.se\/karlstad\/wp-json\/wp\/v2\/media?parent=5"}],"curies":[{"name":"wp","href":"https:\/\/api.w.org\/{rel}","templated":true}]}}

<p>S:t Lukas i Värmland bedriver sedan 1970 en mottagning för psykoterapi, samtalsstöd och handledning i Karlstad. Hos oss arbetar välutbildade och välrenommerade psykoterapeuter med olika yrkesbakgrund. Vi har även handledar- och lärarkompetens i psykoterapi.</p>
<p>Vid mottagningarna tar vi emot personer över 18 år. Barn och ungdom under 18 år hänvisar vi till Region Värmlands mottagningar; Första Linjen, Barn och Ungdomspsykiatrin och Ungdomsmottagningar.</p>


<div style="height:35px" aria-hidden="true" class="wp-block-spacer"></div>



<figure class="wp-block-image size-full"><a href="https://sanktlukas.se/karlstad/wp-content/uploads/sites/17/Skarmbild-2024-03-15-131628.png"><img loading="lazy" decoding="async" width="402" height="347" src="https://sanktlukas.se/karlstad/wp-content/uploads/sites/17/Skarmbild-2024-03-15-131628.png" alt="" class="wp-image-396" /></a></figure>

<p>S:t Lukas i Värmland bedriver sedan 1970 en mottagning för psykoterapi, samtalsstöd och handledning i Karlstad. Hos oss arbetar välutbildade och välrenommerade psykoterapeuter med olika yrkesbakgrund. Vi har även handledar- och lärarkompetens i psykoterapi. Vid mottagningarna tar vi emot personer över 18 år. Barn och ungdom under 18 år hänvisar vi till Region Värmlands mottagningar; [&hellip;]</p>
