{"id":737,"date":"2026-08-20T11:01:29","date_gmt":"2026-08-20T09:01:29","guid":{"rendered":"https:\/\/sanktlukas.se\/kristianstad\/?post_type=calendar&#038;p=737"},"modified":"2026-08-20T11:01:29","modified_gmt":"2026-08-20T09:01:29","slug":"behandling-av-psykisk-ohalsa-da-och-nu","status":"publish","type":"calendar","link":"https:\/\/sanktlukas.se\/kristianstad\/kalendarium\/behandling-av-psykisk-ohalsa-da-och-nu\/","title":{"rendered":"Behandling av psykisk oh\u00e4lsa &#8211; d\u00e5 och nu"},"content":{"rendered":"\n<h2 class=\"wp-block-heading\">Behandling av psykisk oh\u00e4lsa &#8211; d\u00e5 och nu<\/h2>\n\n\n\n<div class=\"wp-block-sanktlukas-generictextblock textblock textblock--undefined\"><br>Under h\u00f6sten kommer vi fr\u00e5n S:t Lukas belysa hur man behandlade psykisk oh\u00e4lsa <br>f\u00f6r hundra \u00e5r sen och hur man behandlar den idag.<br><br>\u00c5sa Malmstr\u00f6m och Ewa B\u00e4ckstr\u00f6m kommer utifr\u00e5n sina b\u00f6cker om Hilda <br>ta er till en tid d\u00e5 stigman och okunskapen runt psykisk oh\u00e4lsa var stor.<br><br><\/div>\n\n\n\n<figure class=\"wp-block-image size-full\"><a href=\"https:\/\/sanktlukas.se\/kristianstad\/wp-content\/uploads\/sites\/18\/Bild1.png\"><img loading=\"lazy\" decoding=\"async\" width=\"314\" height=\"558\" src=\"https:\/\/sanktlukas.se\/kristianstad\/wp-content\/uploads\/sites\/18\/Bild1-edited-3.png\" alt=\"\" class=\"wp-image-742\" style=\"aspect-ratio:0.6841757951695921\" \/><\/a><\/figure>\n\n\n\n<div class=\"wp-block-sanktlukas-generictextblock textblock textblock--undefined\">Efter f\u00f6rel\u00e4sningen har ni m\u00f6jlighet att k\u00f6pa de tv\u00e5 f\u00f6rsta b\u00f6ckerna i trilogin om Hilda. <br>Den tredje \u00e4r p\u00e5 g\u00e5ng och kommer att sl\u00e4ppas lagom till jul.<br><br>Missa inte denna intressanta och medryckande f\u00f6rel\u00e4sning som \u00e4r ett samarrangemang mellan \u00d6stermalmskyrkan och S:t Lukas.<\/div>\n\n\n\n<div class=\"wp-block-sanktlukas-generictextblock textblock textblock--undefined\"><br>Tid: Tisdagen den 15 september kl. 18.30<br>Plats: \u00d6stermalmskyrkan, Lasarettsboulevarden 6 i Kristianstad<br>Pris: Fri entr\u00e9<br><br><\/div>\n\n\n\n<figure class=\"wp-block-image size-full\"><a href=\"https:\/\/sanktlukas.se\/kristianstad\/wp-content\/uploads\/sites\/18\/image-1-1.png\"><img loading=\"lazy\" decoding=\"async\" width=\"769\" height=\"128\" src=\"https:\/\/sanktlukas.se\/kristianstad\/wp-content\/uploads\/sites\/18\/image-1-1.png\" alt=\"\" class=\"wp-image-532\" srcset=\"https:\/\/sanktlukas.se\/kristianstad\/wp-content\/uploads\/sites\/18\/image-1-1.png 769w, https:\/\/sanktlukas.se\/kristianstad\/wp-content\/uploads\/sites\/18\/image-1-1-600x100.png 600w\" sizes=\"auto, (max-width: 769px) 100vw, 769px\" \/><\/a><\/figure>\n","protected":false},"featured_media":740,"template":"","class_list":["post-737","calendar","type-calendar","status-publish","has-post-thumbnail","hentry"],"acf":[],"_links":{"self":[{"href":"https:\/\/sanktlukas.se\/kristianstad\/wp-json\/wp\/v2\/calendar\/737","targetHints":{"allow":["GET"]}}],"collection":[{"href":"https:\/\/sanktlukas.se\/kristianstad\/wp-json\/wp\/v2\/calendar"}],"about":[{"href":"https:\/\/sanktlukas.se\/kristianstad\/wp-json\/wp\/v2\/types\/calendar"}],"wp:featuredmedia":[{"embeddable":true,"href":"https:\/\/sanktlukas.se\/kristianstad\/wp-json\/wp\/v2\/media\/740"}],"wp:attachment":[{"href":"https:\/\/sanktlukas.se\/kristianstad\/wp-json\/wp\/v2\/media?parent=737"}],"curies":[{"name":"wp","href":"https:\/\/api.w.org\/{rel}","templated":true}]}}

Behandling av psykisk ohälsa &#8211; då och nu

<h2 class="wp-block-heading">Behandling av psykisk ohälsa &#8211; då och nu</h2>



<div class="wp-block-sanktlukas-generictextblock textblock textblock--undefined"><br>Under hösten kommer vi från S:t Lukas belysa hur man behandlade psykisk ohälsa <br>för hundra år sen och hur man behandlar den idag.<br><br>Åsa Malmström och Ewa Bäckström kommer utifrån sina böcker om Hilda <br>ta er till en tid då stigman och okunskapen runt psykisk ohälsa var stor.<br><br></div>



<figure class="wp-block-image size-full"><a href="https://sanktlukas.se/kristianstad/wp-content/uploads/sites/18/Bild1.png"><img loading="lazy" decoding="async" width="314" height="558" src="https://sanktlukas.se/kristianstad/wp-content/uploads/sites/18/Bild1-edited-3.png" alt="" class="wp-image-742" style="aspect-ratio:0.6841757951695921" /></a></figure>



<div class="wp-block-sanktlukas-generictextblock textblock textblock--undefined">Efter föreläsningen har ni möjlighet att köpa de två första böckerna i trilogin om Hilda. <br>Den tredje är på gång och kommer att släppas lagom till jul.<br><br>Missa inte denna intressanta och medryckande föreläsning som är ett samarrangemang mellan Östermalmskyrkan och S:t Lukas.</div>



<div class="wp-block-sanktlukas-generictextblock textblock textblock--undefined"><br>Tid: Tisdagen den 15 september kl. 18.30<br>Plats: Östermalmskyrkan, Lasarettsboulevarden 6 i Kristianstad<br>Pris: Fri entré<br><br></div>



<figure class="wp-block-image size-full"><a href="https://sanktlukas.se/kristianstad/wp-content/uploads/sites/18/image-1-1.png"><img loading="lazy" decoding="async" width="769" height="128" src="https://sanktlukas.se/kristianstad/wp-content/uploads/sites/18/image-1-1.png" alt="" class="wp-image-532" srcset="https://sanktlukas.se/kristianstad/wp-content/uploads/sites/18/image-1-1.png 769w, https://sanktlukas.se/kristianstad/wp-content/uploads/sites/18/image-1-1-600x100.png 600w" sizes="auto, (max-width: 769px) 100vw, 769px" /></a></figure>
