{"id":366,"date":"2021-05-31T10:35:41","date_gmt":"2021-05-31T08:35:41","guid":{"rendered":"https:\/\/sanktlukas.se\/kristianstad\/?page_id=366"},"modified":"2024-06-11T10:37:04","modified_gmt":"2024-06-11T08:37:04","slug":"integritetspolicy-gdpr","status":"publish","type":"page","link":"https:\/\/sanktlukas.se\/kristianstad\/integritetspolicy-gdpr\/","title":{"rendered":"Integritetspolicy &#8211; GDPR"},"content":{"rendered":"\n<h2 class=\"wp-block-sanktlukas-genericheading headline headline--medium medium-green\">Sekretess och GDPR<\/h2>\n\n\n\n<h3 class=\"wp-block-sanktlukas-genericheading headline headline--small medium-green\">Integritetspolicy GDPR<\/h3>\n\n\n\n<p>GDPR \u00e4r den lag som reglerar hur personuppgifter f\u00e5r behandlas. S:t Lukas behandlar dina personuppgifter f\u00f6r tillhandah\u00e5llande och administration av S:t Lukas tj\u00e4nster, utbildningar, seminarier eller andra uppdrag som du anm\u00e4lt dig till eller best\u00e4llt. Det \u00e4r viktigt f\u00f6r oss p\u00e5 S:t Lukas att du som konfident\/kund k\u00e4nner dig trygg med hur vi hanterar dina personuppgifter.<\/p>\n\n\n\n<p>Verksamma inom S:t Lukas \u00e4r alla \u00e5lagda tystnadsplikt enligt Patients\u00e4kerhetslagen. Vi \u00e4r skyldiga att f\u00f6ra journaler och f\u00f6lja H\u00e4lso- och sjukv\u00e5rdslagens regler. Journalen f\u00f6rvaras i tio \u00e5r efter avslutad terapi och makuleras d\u00e4refter.<\/p>\n\n\n\n<h3 class=\"wp-block-sanktlukas-genericheading headline headline--small medium-green\">Patientinformation GDPR<\/h3>\n\n\n\n<p>Varf\u00f6r registreras mina personuppgifter?<br>S:t Lukas \u00e4r en v\u00e5rdgivare vars verksamhet styrs av Socialstyrelsens lagar och riktlinjer. De tre lagar som reglerar hanteringen av personuppgifter inom S:t Lukas verksamhet \u00e4r patientdatalagen, dataskyddsf\u00f6rordningen och bokf\u00f6ringslagen.<\/p>\n\n\n\n<p>S:t Lukas \u00e4r skyldig att f\u00f6ra patientjournal avseende varje patient\/konfident. Patientjournalen kan exempelvis inneh\u00e5lla personuppgifter som bakgrund till v\u00e5rden, st\u00e4lld diagnos, utf\u00f6rda och planerade \u00e5tg\u00e4rder och uppgift om n\u00e4r och vem som har gjort anteckningen i journalen. Personuppgifterna beh\u00f6vs f\u00f6r att kunna ge en god, s\u00e4ker och trygg v\u00e5rd. Personuppgifterna anv\u00e4nds f\u00f6r journalskrivning och som underlag f\u00f6r fakturering och bokf\u00f6ring.<\/p>\n\n\n\n<p>S:t Lukas har r\u00e4tt att registrera dina personuppgifter i patientjournalen och h\u00e4lso- och sjukv\u00e5rdsregister \u00e4ven om du inte gett oss ditt samtycke.<\/p>\n\n\n\n<p>Behandlingen av dina personuppgifter \u00e4r n\u00f6dv\u00e4ndig f\u00f6r att kunna fullg\u00f6ra avtalet med dig eller den som skickat remiss eller best\u00e4llt tj\u00e4nst av oss och f\u00f6r att fullg\u00f6ra r\u00e4ttsliga f\u00f6rpliktelser som \u00e5vilar oss i egenskap av v\u00e5rdgivare. Med personuppgifter avses t.ex; namn, adress, personnummer, telefonnummer, mailadress.<\/p>\n\n\n\n<h3 class=\"wp-block-sanktlukas-genericheading headline headline--small medium-green\">Hur behandlas dina personuppgifter?<\/h3>\n\n\n\n<p>Kontaktuppgifterna sparas 10 \u00e5r i v\u00e5rt patientjournalsystem i enlighet med Patientdatalagen. Bokf\u00f6ringsunderlag, t. ex fakturor, sparas i 7 \u00e5r. Inom v\u00e5rden r\u00e5der str\u00e4ng sekretess och S:t Lukas kommer inte att l\u00e4mna ut personuppgifter med mindre \u00e4n att lagstiftning f\u00f6reskriver det, eller om patienten\/konfidenten ger sitt uttryckliga samtycke.<\/p>\n\n\n\n<p>Detta utesluter inte att S:t Lukas kan anv\u00e4nda leverant\u00f6rer som behandlar personuppgifter f\u00f6r v\u00e5r r\u00e4kning i enlighet med skriftliga avtal och v\u00e5ra instruktioner. Leverant\u00f6ren som f\u00e5r tillg\u00e5ng till personuppgifter ges inte n\u00e5gon r\u00e4tt att anv\u00e4nda dem f\u00f6r andra syften \u00e4n de som anges enligt denna patientinformation.<\/p>\n\n\n\n<h3 class=\"wp-block-sanktlukas-genericheading headline headline--small medium-green\">Vem f\u00e5r tillg\u00e5ng till dina personuppgifter?<\/h3>\n\n\n\n<p>Inom v\u00e5rden r\u00e5der str\u00e4ng sekretess f\u00f6r uppgifter om patienters h\u00e4lsotillst\u00e5nd eller andra personliga f\u00f6rh\u00e5llanden.<\/p>\n\n\n\n<p>Vi kommer d\u00e4rf\u00f6r inte att l\u00e4mna ut dina personuppgifter om vi inte \u00e4r skyldiga att g\u00f6ra det till f\u00f6ljd av lagar och&nbsp;f\u00f6reskrifter eller om vi har f\u00e5tt ditt uttryckliga samtycke till s\u00e5dant utl\u00e4mnande.<\/p>\n\n\n\n<p>Detta utesluter inte att vi kan anv\u00e4nda leverant\u00f6rer som behandlar dina personuppgifter f\u00f6r v\u00e5r r\u00e4kning i enlighet med skriftliga avtal och v\u00e5ra instruktioner. Leverant\u00f6ren som f\u00e5r tillg\u00e5ng till dina personuppgifter ges inte n\u00e5gon r\u00e4tt att anv\u00e4nda dina personuppgifter f\u00f6r andra syften \u00e4n de syften som anges enligt denna patientinformation.<\/p>\n\n\n\n<h3 class=\"wp-block-sanktlukas-genericheading headline headline--small medium-green\">Vilka r\u00e4ttigheter har jag?<\/h3>\n\n\n\n<p>GDPR \u00e4r den lag som reglerar hur personuppgifter f\u00e5r behandlas. Som patient har du r\u00e4tt att ta del av din patientjournal. Du har \u00e4ven r\u00e4tt att f\u00e5 en kopia av hela eller delar av patientjournalen. Om du har en avvikande mening i f\u00f6rh\u00e5llande till det som st\u00e5r i din patientjournal, eller anser att en uppgift d\u00e4r \u00e4r oriktig, har du r\u00e4tt att f\u00e5 detta inf\u00f6rt i din patientjournal. F\u00f6r att f\u00e5 en uppgift borttagen i din patientjournal m\u00e5ste du v\u00e4nda dig till Inspektionen f\u00f6r v\u00e5rd och omsorg (IVO) p\u00e5&nbsp;<a href=\"http:\/\/www.ivo.se\/\" rel=\"noreferrer noopener\" target=\"_blank\">http:\/\/www.ivo.se<\/a>&nbsp;f\u00f6r att f\u00e5 detta privat.<\/p>\n\n\n\n<p>Du har m\u00f6jlighet att f\u00e5 en lista \u00f6ver vilka som har tittat p\u00e5 dina personuppgifter. Det \u00e4r uteslutande din behandlande terapeut och i f\u00f6rekommande fall verksamhetschefen.<\/p>\n\n\n\n<p>Innan uppgift g\u00f6rs tillg\u00e4nglig f\u00f6r annan v\u00e5rdgivare genom sammanh\u00e5llen journalf\u00f6ring ska du informeras om vad sammanh\u00e5llen journalf\u00f6ring inneb\u00e4r. F\u00f6r att annan v\u00e5rdgivare ska f\u00e5 behandla dina uppgifter kr\u00e4vs ditt samtycke. Om du inte vill att dina journaluppgifter ska vara elektroniskt tillg\u00e4ngliga f\u00f6r andra v\u00e5rdgivare kan du beg\u00e4ra att uppgifterna sp\u00e4rras helt eller delvis f\u00f6r elektronisk \u00e5tkomst. Du ska d\u00e5 bli upplyst om vad detta kan f\u00e5 f\u00f6r konsekvenser f\u00f6r din v\u00e5rd, till exempel att du sj\u00e4lv m\u00e5ste ber\u00e4tta f\u00f6r v\u00e5rdpersonalen vad de beh\u00f6ver veta f\u00f6r att ge dig en god och s\u00e4ker v\u00e5rd.<br>Du har r\u00e4tt att g\u00f6ra inv\u00e4ndningar mot vissa personuppgiftsbehandlingar som S:t Lukas utf\u00f6r med st\u00f6d av ett allm\u00e4nt intresse. Du m\u00e5ste d\u00e5 specificera vilken behandling av personuppgifter du inv\u00e4nder mot. Om du har l\u00e4mnat ditt samtycke f\u00f6r behandling av dina personuppgifter har du r\u00e4tt att n\u00e4r som helst \u00e5terkalla detta samtycke.<\/p>\n\n\n\n<p>Du har r\u00e4tt att n\u00e4r som helst inge ett klagom\u00e5l avseende v\u00e5r behandling av dina personuppgifter till S:t Lukas eller till Integritetsskyddsmyndigheten (f.d Datainspektionen)\u00a0<a href=\"https:\/\/imy.se\/\" target=\"_blank\" rel=\"noreferrer noopener\">http:\/\/www.imy.se<\/a><\/p>\n\n\n\n<h3 class=\"wp-block-sanktlukas-genericheading headline headline--small medium-green\">Sammanh\u00e5llen journalf\u00f6ring<\/h3>\n\n\n\n<p>Sammanh\u00e5llen journalf\u00f6ring \u00e4r ett s\u00e4tt f\u00f6r v\u00e5rdgivare att under vissa f\u00f6ruts\u00e4ttningar dela v\u00e5rddokumentation. Bland annat f\u00f6ruts\u00e4tter detta att du som patient blir informerad om inneb\u00f6rden. Vidare ska du l\u00e4mna ett samtycke om en annan v\u00e5rdgivare ska f\u00e5 ta del av din journal. Undantag g\u00e4ller vid n\u00f6dsituation.<\/p>\n\n\n\n<p>S:t Lukas samtalsmottagningar anv\u00e4nder ett eget journalsystem. Detta journalsystem har inte n\u00e5gon teknisk koppling till andra journalsystem hos andra v\u00e5rdgivare. Det inneb\u00e4r att en region eller annan privat v\u00e5rdgivare aldrig har tillg\u00e5ng till din journal. Vi \u00e4r angel\u00e4gna om att du ska f\u00e5 den information du \u00f6nskar kring inneb\u00f6rden av sammanh\u00e5llen journalf\u00f6ring. Vid ditt bes\u00f6k hos oss f\u00e5r du g\u00e4rna st\u00e4lla fr\u00e5gor och bli trygg med v\u00e5rt arbetss\u00e4tt.<\/p>\n\n\n\n<p>Det \u00e4r endast din behandlande terapeut som har r\u00e4tt att \u00f6ppna, l\u00e4sa och skriva i din journal.<br>Om du anv\u00e4nder flera av v\u00e5ra tj\u00e4nster parallellt kan du f\u00e5 allt p\u00e5 samma faktura. V\u00e5rt digitala journalsystem s\u00e4kerst\u00e4ller ocks\u00e5 att alla anteckningar och dokument som ber\u00f6r ditt h\u00e4lsotillst\u00e5nd kan lagras digitalt. Allt f\u00f6r att st\u00e4rka din patients\u00e4kerhet. F\u00f6r din s\u00e4kerhet har S:t Lukas journalsystem ett tekniskt varningssystem som f\u00f6rebygger obeh\u00f6rig tillg\u00e5ng till journaluppgifter. Om en annan terapeut skulle f\u00f6rs\u00f6ka eller skulle l\u00e4sa din journal f\u00f6ljs detta \u00e4ven upp genast och automatiskt inom v\u00e5rt kvalitetsledningssystem. D\u00e4rtill \u00e4r all information i journalen krypterad. N\u00e4r beh\u00f6rig personal anv\u00e4nder S:t Lukas journalsystem anv\u00e4nds begr\u00e4nsade s\u00f6kgrepp som namn och personnummer f\u00f6r att hitta din journal. Vid s\u00f6kning presenteras inga journaluppgifter. All tillg\u00e5ng till journaluppgifter skyddas genom identitetskontroll av beh\u00f6rig personal f\u00f6re tillg\u00e5ng till journaluppgifter. Du som patient har r\u00e4tt att f\u00e5 information om den direkt- och elektroniska \u00e5tkomst av dina uppgifter som f\u00f6rekommit (loggningsinformation).<\/p>\n\n\n\n<p>S:t Lukas erbjuder f\u00f6r n\u00e4rvarande ingen direkt\u00e5tkomst till journalsystemet f\u00f6r dig som patient.<br>Inga personuppgifter \u00f6verf\u00f6rs till l\u00e4nder utanf\u00f6r EU\/EES.<\/p>\n\n\n\n<p>Om du vill anv\u00e4nda n\u00e5gon av dina r\u00e4ttigheter \u00e4r du v\u00e4lkommen att kontakta oss p\u00e5 kontaktuppgifterna nedan. Om du vill l\u00e4mna ett klagom\u00e5l till en tillsynsmyndighet ber vi dig kontakta Integritetsskyddsmyndigheten (IMY) <a href=\"http:\/\/www.imy.se\" rel=\"nofollow\">http:\/\/www.imy.se<\/a><\/p>\n\n\n\n<h3 class=\"wp-block-sanktlukas-genericheading headline headline--small medium-green\">Vem \u00e4r personuppgiftsansvarig?<\/h3>\n\n\n\n<p>Verksamhetschef Johan Mont\u00e1n \u00e4r personuppgiftsansvarig f\u00f6r behandlingen av dina personuppgifter enligt&nbsp;denna patientinformation.<\/p>\n\n\n\n<h3 class=\"wp-block-sanktlukas-genericheading headline headline--small medium-green\">Hur kontaktar du oss?<\/h3>\n\n\n\n<p>Johan Mont\u00e1n ansvarar f\u00f6r dataskyddsfr\u00e5gor.<br>Om du har n\u00e5gra fr\u00e5gor kring denna patientinformation,&nbsp;behandlingen av dina personuppgifter eller hur kan ut\u00f6va dina r\u00e4ttigheter \u00e4r du v\u00e4lkommen att kontakta oss.<\/p>\n\n\n\n<p>Johan Mont\u00e1n<br>Spannm\u00e5lsgatan 5<br>291 32 Kristianstad<br>Tel: 044-102160<br>Mail: <a href=\"mailto:johan.montan@sanktlukas.se\">johan.montan@sanktlukas.se<\/a><\/p>\n\n\n\n<p>Patentinformationen uppdaterades senast 2024-06-11<\/p>\n","protected":false},"excerpt":{"rendered":"<p>GDPR \u00e4r den lag som reglerar hur personuppgifter f\u00e5r behandlas. S:t Lukas behandlar dina personuppgifter f\u00f6r tillhandah\u00e5llande och administration av S:t Lukas tj\u00e4nster, utbildningar, seminarier eller andra uppdrag som du anm\u00e4lt dig till eller best\u00e4llt. Det \u00e4r viktigt f\u00f6r oss p\u00e5 S:t Lukas att du som konfident\/kund k\u00e4nner dig trygg med hur vi hanterar dina [&hellip;]<\/p>\n","protected":false},"author":59,"featured_media":-1,"parent":0,"menu_order":10,"comment_status":"closed","ping_status":"closed","template":"","meta":{"_acf_changed":false,"footnotes":""},"class_list":["post-366","page","type-page","status-publish","has-post-thumbnail","hentry"],"acf":[],"_links":{"self":[{"href":"https:\/\/sanktlukas.se\/kristianstad\/wp-json\/wp\/v2\/pages\/366","targetHints":{"allow":["GET"]}}],"collection":[{"href":"https:\/\/sanktlukas.se\/kristianstad\/wp-json\/wp\/v2\/pages"}],"about":[{"href":"https:\/\/sanktlukas.se\/kristianstad\/wp-json\/wp\/v2\/types\/page"}],"author":[{"embeddable":true,"href":"https:\/\/sanktlukas.se\/kristianstad\/wp-json\/wp\/v2\/users\/59"}],"replies":[{"embeddable":true,"href":"https:\/\/sanktlukas.se\/kristianstad\/wp-json\/wp\/v2\/comments?post=366"}],"version-history":[{"count":18,"href":"https:\/\/sanktlukas.se\/kristianstad\/wp-json\/wp\/v2\/pages\/366\/revisions"}],"predecessor-version":[{"id":528,"href":"https:\/\/sanktlukas.se\/kristianstad\/wp-json\/wp\/v2\/pages\/366\/revisions\/528"}],"wp:featuredmedia":[{"embeddable":true,"href":"https:\/\/sanktlukas.se\/kristianstad\/wp-json\/"}],"wp:attachment":[{"href":"https:\/\/sanktlukas.se\/kristianstad\/wp-json\/wp\/v2\/media?parent=366"}],"curies":[{"name":"wp","href":"https:\/\/api.w.org\/{rel}","templated":true}]}}