{"id":640,"date":"2025-10-23T12:58:47","date_gmt":"2025-10-23T10:58:47","guid":{"rendered":"https:\/\/sanktlukas.se\/kristianstad\/?page_id=640"},"modified":"2025-12-30T10:14:46","modified_gmt":"2025-12-30T09:14:46","slug":"psykodynamisk-psykoterapi","status":"publish","type":"page","link":"https:\/\/sanktlukas.se\/kristianstad\/psykodynamisk-psykoterapi\/","title":{"rendered":"PDT"},"content":{"rendered":"\n<h2 class=\"wp-block-heading\">PDT (psykodynamisk terapi)<\/h2>\n\n\n\n<div class=\"wp-block-sanktlukas-generictextblock textblock textblock--undefined\">\u00a0<br>Psykodynamisk psykoterapi \u00e4r ett samlingsnamn f\u00f6r psykoterapier d\u00e4r man arbetar med sj\u00e4lvinsikt och relationer till andra f\u00f6r att minska psykologiska problem.\u00a0<br>\u00a0<br>Grundtanken \u00e4r att m\u00e4nniskan har ett omedvetet inre liv som huvudsakligen formats av n\u00e4ra och viktiga relationer under uppv\u00e4xten, och att relationer och anknytningen till andra forts\u00e4tter att v\u00e4gleda under livet. Ordet \u201ddynamisk\u201d betonar att individers inre liv p\u00e5 s\u00e5 vis kan vara mer eller mindre i balans.<br>\u00a0<br>Man arbetar med k\u00e4nslor och att f\u00f6rst\u00e5 vad som st\u00e5r i v\u00e4gen f\u00f6r att kunna lyssna p\u00e5 dessa, med syfte att kunna leva ett s\u00e5 autentiskt liv som m\u00f6jligt utan att vara styrd av gamla m\u00f6nster.<br><br>PDT \u00e4r inte begr\u00e4nsat till n\u00e5gon speciell m\u00e5lgrupp utan kan ges till individer, par och grupper.<br><br>Du kan v\u00e4lja om du vill boka ett fysiskt samtal p\u00e5 plats p\u00e5 v\u00e5r mottagning eller ses digitalt. F\u00f6rsta bes\u00f6ket best\u00e5r av ett orienterande samtal d\u00e4r vi tillsammans tar reda p\u00e5 varf\u00f6r du s\u00f6ker och hur vi kan hj\u00e4lpa dig.<br>\u00a0<br>Tillsammans med terapeuten s\u00e4tter ni upp m\u00e5l och ramar i b\u00f6rjan p\u00e5 terapin f\u00f6r att hitta ett gemensamt fokus.<br>\u00a0<br><strong>Kostnad:<\/strong> 1150 kr\/45 min samtal.<br><br><strong>\u00c5terbud-\/avbokningregler: <\/strong>48 timmar (2 arbetsdagar) f\u00f6re avtalad tid, vid senare \u00e5terbud erl\u00e4ggs full avgift, detsamma g\u00e4ller vid uteblivande och \u00e4ven vid akut sjukdom.<br>\u00a0<br>F\u00f6r mer information och bokning av bed\u00f6mningssamtal kontakta oss p\u00e5 v\u00e5ra telefontider som \u00e4r m\u00e5ndagar och onsdagar mellan 10.00 &#8211; 11.00, telefonnummer 044 \u2013 10 21 60 eller via <a href=\"mailto:kristianstad@sanktlukas.se\">kristianstad@sanktlukas.se<\/a>.<\/div>\n","protected":false},"excerpt":{"rendered":"<p>PDT (psykodynamisk terapi)<\/p>\n","protected":false},"author":59,"featured_media":0,"parent":0,"menu_order":0,"comment_status":"closed","ping_status":"closed","template":"","meta":{"_acf_changed":false,"footnotes":""},"class_list":["post-640","page","type-page","status-publish","hentry"],"acf":[],"_links":{"self":[{"href":"https:\/\/sanktlukas.se\/kristianstad\/wp-json\/wp\/v2\/pages\/640","targetHints":{"allow":["GET"]}}],"collection":[{"href":"https:\/\/sanktlukas.se\/kristianstad\/wp-json\/wp\/v2\/pages"}],"about":[{"href":"https:\/\/sanktlukas.se\/kristianstad\/wp-json\/wp\/v2\/types\/page"}],"author":[{"embeddable":true,"href":"https:\/\/sanktlukas.se\/kristianstad\/wp-json\/wp\/v2\/users\/59"}],"replies":[{"embeddable":true,"href":"https:\/\/sanktlukas.se\/kristianstad\/wp-json\/wp\/v2\/comments?post=640"}],"version-history":[{"count":11,"href":"https:\/\/sanktlukas.se\/kristianstad\/wp-json\/wp\/v2\/pages\/640\/revisions"}],"predecessor-version":[{"id":705,"href":"https:\/\/sanktlukas.se\/kristianstad\/wp-json\/wp\/v2\/pages\/640\/revisions\/705"}],"wp:attachment":[{"href":"https:\/\/sanktlukas.se\/kristianstad\/wp-json\/wp\/v2\/media?parent=640"}],"curies":[{"name":"wp","href":"https:\/\/api.w.org\/{rel}","templated":true}]}}