{"id":59,"date":"2024-11-09T18:24:53","date_gmt":"2024-11-09T17:24:53","guid":{"rendered":"https:\/\/sanktlukas.se\/lulea\/?page_id=59"},"modified":"2025-09-02T10:33:48","modified_gmt":"2025-09-02T08:33:48","slug":"sekretess-och-gdpr","status":"publish","type":"page","link":"https:\/\/sanktlukas.se\/lulea\/sekretess-och-gdpr\/","title":{"rendered":"Sekretess och GDPR"},"content":{"rendered":"\n<h2 class=\"wp-block-heading has-text-align-left\">Integritetspolicy GDPR<\/h2>\n\n\n\n<p>GDPR \u00e4r den lag som reglerar hur personuppgifter f\u00e5r behandlas. S:t Lukas behandlar dina personuppgifter f\u00f6r tillhandah\u00e5llande och administration av S:t Lukas tj\u00e4nster, utbildningar, seminarier eller andra uppdrag som du anm\u00e4lt dig till eller best\u00e4llt. Det \u00e4r viktigt f\u00f6r oss p\u00e5 S:t Lukas att du som patient\/kund k\u00e4nner dig trygg med hur vi hanterar dina personuppgifter.<\/p>\n\n\n\n<p>Verksamma inom S:t Lukas \u00e4r alla \u00e5lagda tystnadsplikt enligt Patients\u00e4kerhetslagen. Vid psykoterapi \u00e4r vi skyldiga att f\u00f6ra journal enligt H\u00e4lso- och sjukv\u00e5rdslagens regler.<\/p>\n\n\n\n<p class=\"has-text-align-left\">Har du n\u00e5gra fr\u00e5gor om hur vi hanterar dina personuppgifter kan du kontakta oss p\u00e5 <a href=\"mailto:lulea@sanktlukas.se\">lulea@sanktlukas.se<\/a>.<\/p>\n\n\n\n<h3 class=\"wp-block-sanktlukas-genericheading headline headline--small medium-green\">Patients\u00e4kerhetsber\u00e4ttelse<\/h3>\n\n\n\n<div class=\"wp-block-sanktlukas-generictextblock textblock textblock--undefined\">Vill du ta del av v\u00e5r patients\u00e4kerhetsber\u00e4ttelse \u00e4r du v\u00e4lkommen att kontakta v\u00e5r verksamhetschef \u00c5sa Lundb\u00e4ck, 070-538 82 42, <br><a href=\"mailto:asa.lundback@sanktlukas.se\">asa.lundback@sanktlukas.se<\/a>.<\/div>\n\n\n\n<p><\/p>\n","protected":false},"excerpt":{"rendered":"<p>Integritetspolicy GDPR GDPR \u00e4r den lag som reglerar hur personuppgifter f\u00e5r behandlas. S:t Lukas behandlar dina personuppgifter f\u00f6r tillhandah\u00e5llande och administration av S:t Lukas tj\u00e4nster, utbildningar, seminarier eller andra uppdrag som du anm\u00e4lt dig till eller best\u00e4llt. Det \u00e4r viktigt f\u00f6r oss p\u00e5 S:t Lukas att du som patient\/kund k\u00e4nner dig trygg med hur vi [&hellip;]<\/p>\n","protected":false},"author":14,"featured_media":0,"parent":0,"menu_order":0,"comment_status":"closed","ping_status":"closed","template":"","meta":{"_acf_changed":false,"footnotes":""},"class_list":["post-59","page","type-page","status-publish","hentry"],"acf":[],"_links":{"self":[{"href":"https:\/\/sanktlukas.se\/lulea\/wp-json\/wp\/v2\/pages\/59","targetHints":{"allow":["GET"]}}],"collection":[{"href":"https:\/\/sanktlukas.se\/lulea\/wp-json\/wp\/v2\/pages"}],"about":[{"href":"https:\/\/sanktlukas.se\/lulea\/wp-json\/wp\/v2\/types\/page"}],"author":[{"embeddable":true,"href":"https:\/\/sanktlukas.se\/lulea\/wp-json\/wp\/v2\/users\/14"}],"replies":[{"embeddable":true,"href":"https:\/\/sanktlukas.se\/lulea\/wp-json\/wp\/v2\/comments?post=59"}],"version-history":[{"count":8,"href":"https:\/\/sanktlukas.se\/lulea\/wp-json\/wp\/v2\/pages\/59\/revisions"}],"predecessor-version":[{"id":104,"href":"https:\/\/sanktlukas.se\/lulea\/wp-json\/wp\/v2\/pages\/59\/revisions\/104"}],"wp:attachment":[{"href":"https:\/\/sanktlukas.se\/lulea\/wp-json\/wp\/v2\/media?parent=59"}],"curies":[{"name":"wp","href":"https:\/\/api.w.org\/{rel}","templated":true}]}}

<h2 class="wp-block-heading has-text-align-left">Integritetspolicy GDPR</h2>



<p>GDPR är den lag som reglerar hur personuppgifter får behandlas. S:t Lukas behandlar dina personuppgifter för tillhandahållande och administration av S:t Lukas tjänster, utbildningar, seminarier eller andra uppdrag som du anmält dig till eller beställt. Det är viktigt för oss på S:t Lukas att du som patient/kund känner dig trygg med hur vi hanterar dina personuppgifter.</p>



<p>Verksamma inom S:t Lukas är alla ålagda tystnadsplikt enligt Patientsäkerhetslagen. Vid psykoterapi är vi skyldiga att föra journal enligt Hälso- och sjukvårdslagens regler.</p>



<p class="has-text-align-left">Har du några frågor om hur vi hanterar dina personuppgifter kan du kontakta oss på <a href="mailto:lulea@sanktlukas.se">lulea@sanktlukas.se</a>.</p>



<h3 class="wp-block-sanktlukas-genericheading headline headline--small medium-green">Patientsäkerhetsberättelse</h3>



<div class="wp-block-sanktlukas-generictextblock textblock textblock--undefined">Vill du ta del av vår patientsäkerhetsberättelse är du välkommen att kontakta vår verksamhetschef Åsa Lundbäck, 070-538 82 42, <br><a href="mailto:asa.lundback@sanktlukas.se">asa.lundback@sanktlukas.se</a>.</div>



<p></p>

<p>Integritetspolicy GDPR GDPR är den lag som reglerar hur personuppgifter får behandlas. S:t Lukas behandlar dina personuppgifter för tillhandahållande och administration av S:t Lukas tjänster, utbildningar, seminarier eller andra uppdrag som du anmält dig till eller beställt. Det är viktigt för oss på S:t Lukas att du som patient/kund känner dig trygg med hur vi [&hellip;]</p>
