{"id":1,"date":"2016-05-26T06:02:31","date_gmt":"2016-05-26T04:02:31","guid":{"rendered":"https:\/\/sanktlukas.se\/malmo\/foreningen\/"},"modified":"2023-05-21T11:06:56","modified_gmt":"2023-05-21T09:06:56","slug":"foreningen","status":"publish","type":"page","link":"https:\/\/sanktlukas.se\/malmo\/foreningen\/","title":{"rendered":"F\u00f6reningen"},"content":{"rendered":"<h2>F\u00f6reningen<\/h2>\n<h3>Idella f\u00f6reningen S:t Lukas i Malm\u00f6\u00a0har som syfte att:<\/h3>\n<ul>\n<li>Driva samtalsmottagningar i Helsingborg, Malm\u00f6, Ystad och \u00c4ngelholm<\/li>\n<li>Erbjuda programverksamhet i Malm\u00f6 \u00a0som inspirerar till eftertanke och engagemang<\/li>\n<\/ul>\n<p>Att f\u00f6reningen \u00e4r ideell betyder specifikt att verksamheten bedrivs utan vinstsyfte. Eventuellt \u00f6verskott stannar i verksamheten och anv\u00e4nds till s\u00e4nka avgiften f\u00f6r beh\u00f6vande samt till att vidareutveckla verksamheten.<\/p>\n<p>Medarbetarna p\u00e5 v\u00e5ra mottagningar\u00a0\u00e4r leg. psykoterapeuter eller i vissa fall personer som h\u00e5ller p\u00e5 att utbilda sig till leg. psykoterapeut. De arbetar professionellt i enlighet med de riktlinjer f\u00f6r psykoterapeutisk verksamhet som finns nationellt och inom F\u00f6rbundet S:t Lukas.<\/p>\n<p>S:t Lukas i Malm\u00f6 \u00e4r en av f\u00f6reningarna som ing\u00e5r i F\u00f6rbundet S:t Lukas.<\/p>\n","protected":false},"excerpt":{"rendered":"<p>F\u00f6reningen Idella f\u00f6reningen S:t Lukas i Malm\u00f6\u00a0har som syfte att: Driva samtalsmottagningar i Helsingborg, Malm\u00f6, Ystad och \u00c4ngelholm Erbjuda programverksamhet i Malm\u00f6 \u00a0som inspirerar till eftertanke och engagemang Att f\u00f6reningen \u00e4r ideell betyder specifikt att verksamheten bedrivs utan vinstsyfte. Eventuellt \u00f6verskott stannar i verksamheten och anv\u00e4nds till s\u00e4nka avgiften f\u00f6r beh\u00f6vande samt till att vidareutveckla [&hellip;]<\/p>\n","protected":false},"author":3,"featured_media":-1,"parent":0,"menu_order":0,"comment_status":"closed","ping_status":"closed","template":"","meta":{"_acf_changed":false,"footnotes":""},"class_list":["post-1","page","type-page","status-publish","has-post-thumbnail","hentry"],"acf":[],"_links":{"self":[{"href":"https:\/\/sanktlukas.se\/malmo\/wp-json\/wp\/v2\/pages\/1","targetHints":{"allow":["GET"]}}],"collection":[{"href":"https:\/\/sanktlukas.se\/malmo\/wp-json\/wp\/v2\/pages"}],"about":[{"href":"https:\/\/sanktlukas.se\/malmo\/wp-json\/wp\/v2\/types\/page"}],"author":[{"embeddable":true,"href":"https:\/\/sanktlukas.se\/malmo\/wp-json\/wp\/v2\/users\/3"}],"replies":[{"embeddable":true,"href":"https:\/\/sanktlukas.se\/malmo\/wp-json\/wp\/v2\/comments?post=1"}],"version-history":[{"count":8,"href":"https:\/\/sanktlukas.se\/malmo\/wp-json\/wp\/v2\/pages\/1\/revisions"}],"predecessor-version":[{"id":402,"href":"https:\/\/sanktlukas.se\/malmo\/wp-json\/wp\/v2\/pages\/1\/revisions\/402"}],"wp:featuredmedia":[{"embeddable":true,"href":"https:\/\/sanktlukas.se\/malmo\/wp-json\/"}],"wp:attachment":[{"href":"https:\/\/sanktlukas.se\/malmo\/wp-json\/wp\/v2\/media?parent=1"}],"curies":[{"name":"wp","href":"https:\/\/api.w.org\/{rel}","templated":true}]}}

Föreningen

<h2>Föreningen</h2>
<h3>Idella föreningen S:t Lukas i Malmö har som syfte att:</h3>
<ul>
<li>Driva samtalsmottagningar i Helsingborg, Malmö, Ystad och Ängelholm</li>
<li>Erbjuda programverksamhet i Malmö  som inspirerar till eftertanke och engagemang</li>
</ul>
<p>Att föreningen är ideell betyder specifikt att verksamheten bedrivs utan vinstsyfte. Eventuellt överskott stannar i verksamheten och används till sänka avgiften för behövande samt till att vidareutveckla verksamheten.</p>
<p>Medarbetarna på våra mottagningar är leg. psykoterapeuter eller i vissa fall personer som håller på att utbilda sig till leg. psykoterapeut. De arbetar professionellt i enlighet med de riktlinjer för psykoterapeutisk verksamhet som finns nationellt och inom Förbundet S:t Lukas.</p>
<p>S:t Lukas i Malmö är en av föreningarna som ingår i Förbundet S:t Lukas.</p>

<p>Föreningen Idella föreningen S:t Lukas i Malmö har som syfte att: Driva samtalsmottagningar i Helsingborg, Malmö, Ystad och Ängelholm Erbjuda programverksamhet i Malmö  som inspirerar till eftertanke och engagemang Att föreningen är ideell betyder specifikt att verksamheten bedrivs utan vinstsyfte. Eventuellt överskott stannar i verksamheten och används till sänka avgiften för behövande samt till att vidareutveckla [&hellip;]</p>
