{"id":12,"date":"2016-06-01T13:59:53","date_gmt":"2016-06-01T11:59:53","guid":{"rendered":"https:\/\/sanktlukas.se\/malmo\/?page_id=12"},"modified":"2025-08-19T09:07:17","modified_gmt":"2025-08-19T07:07:17","slug":"styrelse","status":"publish","type":"page","link":"https:\/\/sanktlukas.se\/malmo\/foreningen\/styrelse\/","title":{"rendered":"Styrelse"},"content":{"rendered":"<h2>Styrelse<\/h2>\n<h4>Ordf\u00f6rande<\/h4>\n<ul>\n<li>Kaj Johansson, civ.ing.<\/li>\n<\/ul>\n<h4>Ledam\u00f6ter<\/h4>\n<ul>\n<li>Eva Blomdell<\/li>\n<li>Peter Conradi<\/li>\n<li>Ann-Marie Hansson<\/li>\n<\/ul>\n<ul>\n<li>Du n\u00e5r du styrelsen p\u00e5 E-mail: <a href=\"mailto:kaj.johansson@sanktlukas.se\">kaj.johansson@sanktlukas.se<\/a><\/li>\n<\/ul>\n","protected":false},"excerpt":{"rendered":"<p>Styrelse Ordf\u00f6rande Kaj Johansson, civ.ing. Ledam\u00f6ter Eva Blomdell Peter Conradi Ann-Marie Hansson Du n\u00e5r du styrelsen p\u00e5 E-mail: kaj.johansson@sanktlukas.se<\/p>\n","protected":false},"author":3,"featured_media":-1,"parent":1,"menu_order":2,"comment_status":"closed","ping_status":"closed","template":"","meta":{"_acf_changed":false,"footnotes":""},"class_list":["post-12","page","type-page","status-publish","has-post-thumbnail","hentry"],"acf":[],"_links":{"self":[{"href":"https:\/\/sanktlukas.se\/malmo\/wp-json\/wp\/v2\/pages\/12","targetHints":{"allow":["GET"]}}],"collection":[{"href":"https:\/\/sanktlukas.se\/malmo\/wp-json\/wp\/v2\/pages"}],"about":[{"href":"https:\/\/sanktlukas.se\/malmo\/wp-json\/wp\/v2\/types\/page"}],"author":[{"embeddable":true,"href":"https:\/\/sanktlukas.se\/malmo\/wp-json\/wp\/v2\/users\/3"}],"replies":[{"embeddable":true,"href":"https:\/\/sanktlukas.se\/malmo\/wp-json\/wp\/v2\/comments?post=12"}],"version-history":[{"count":9,"href":"https:\/\/sanktlukas.se\/malmo\/wp-json\/wp\/v2\/pages\/12\/revisions"}],"predecessor-version":[{"id":497,"href":"https:\/\/sanktlukas.se\/malmo\/wp-json\/wp\/v2\/pages\/12\/revisions\/497"}],"up":[{"embeddable":true,"href":"https:\/\/sanktlukas.se\/malmo\/wp-json\/wp\/v2\/pages\/1"}],"wp:featuredmedia":[{"embeddable":true,"href":"https:\/\/sanktlukas.se\/malmo\/wp-json\/"}],"wp:attachment":[{"href":"https:\/\/sanktlukas.se\/malmo\/wp-json\/wp\/v2\/media?parent=12"}],"curies":[{"name":"wp","href":"https:\/\/api.w.org\/{rel}","templated":true}]}}

<h2>Styrelse</h2>
<h4>Ordförande</h4>
<ul>
<li>Kaj Johansson, civ.ing.</li>
</ul>
<h4>Ledamöter</h4>
<ul>
<li>Eva Blomdell</li>
<li>Peter Conradi</li>
<li>Ann-Marie Hansson</li>
</ul>
<ul>
<li>Du når du styrelsen på E-mail: <a href="mailto:kaj.johansson@sanktlukas.se">kaj.johansson@sanktlukas.se</a></li>
</ul>

<p>Styrelse Ordförande Kaj Johansson, civ.ing. Ledamöter Eva Blomdell Peter Conradi Ann-Marie Hansson Du når du styrelsen på E-mail: kaj.johansson@sanktlukas.se</p>
