{"id":14,"date":"2016-06-01T14:01:20","date_gmt":"2016-06-01T12:01:20","guid":{"rendered":"https:\/\/sanktlukas.se\/malmo\/?page_id=14"},"modified":"2016-06-01T14:02:00","modified_gmt":"2016-06-01T12:02:00","slug":"historik","status":"publish","type":"page","link":"https:\/\/sanktlukas.se\/malmo\/foreningen\/historik\/","title":{"rendered":"Historik"},"content":{"rendered":"<h4>1939 grundades S:t Lukasstiftelsen som ett samtals- och samarbetsforum f\u00f6r m\u00e4nniskor med olika m\u00e4nniskov\u00e5rdande yrken. Ur detta v\u00e4xte det fram mottagningar f\u00f6r r\u00e5dgivning, sj\u00e4lav\u00e5rd och psykoterapi.<\/h4>\n<p><strong>Sedan 1995 heter vi &#8221;S:t Lukas&#8221;<\/strong>\u00a0och \u00e4r ett riksomfattande f\u00f6rbund av\u00a0ideella S:t Lukasf\u00f6reningar, som arbetar med psykoterapi och\u00a0psykosociala fr\u00e5gor. Vi \u00e4r religi\u00f6st oberoende\u00a0och\u00a0har en psykodynamisk grundsyn.\u00a0De flesta\u00a0S:t Lukasf\u00f6reningar driver en eller flera psykoterapimottagningar.<\/p>\n<p><strong>1961 bildades S:t Lukas lokalavdelning i sydv\u00e4stra Sk\u00e5ne<\/strong>, som under 70-talet delades upp i tre, n\u00e4mligen Lund, Helsingborg och Malm\u00f6. Vi\u00a0firade gemensamt 50-\u00e5rsjubileum med minif\u00f6rel\u00e4sningar i Lunds stadshall l\u00f6rdagen 1 oktober 2011.<\/p>\n<p><strong>Mottagning har funnits i Malm\u00f6 har sedan 1968<\/strong>. 1996 flyttade vi till lokalen p\u00e5 Norra Vallgatan 90\u00a0i centrala Malm\u00f6.<\/p>\n","protected":false},"excerpt":{"rendered":"<p>1939 grundades S:t Lukasstiftelsen som ett samtals- och samarbetsforum f\u00f6r m\u00e4nniskor med olika m\u00e4nniskov\u00e5rdande yrken. Ur detta v\u00e4xte det fram mottagningar f\u00f6r r\u00e5dgivning, sj\u00e4lav\u00e5rd och psykoterapi. Sedan 1995 heter vi &#8221;S:t Lukas&#8221;\u00a0och \u00e4r ett riksomfattande f\u00f6rbund av\u00a0ideella S:t Lukasf\u00f6reningar, som arbetar med psykoterapi och\u00a0psykosociala fr\u00e5gor. Vi \u00e4r religi\u00f6st oberoende\u00a0och\u00a0har en psykodynamisk grundsyn.\u00a0De flesta\u00a0S:t Lukasf\u00f6reningar driver [&hellip;]<\/p>\n","protected":false},"author":3,"featured_media":0,"parent":1,"menu_order":3,"comment_status":"closed","ping_status":"closed","template":"","meta":{"_acf_changed":false,"footnotes":""},"class_list":["post-14","page","type-page","status-publish","hentry"],"acf":[],"_links":{"self":[{"href":"https:\/\/sanktlukas.se\/malmo\/wp-json\/wp\/v2\/pages\/14","targetHints":{"allow":["GET"]}}],"collection":[{"href":"https:\/\/sanktlukas.se\/malmo\/wp-json\/wp\/v2\/pages"}],"about":[{"href":"https:\/\/sanktlukas.se\/malmo\/wp-json\/wp\/v2\/types\/page"}],"author":[{"embeddable":true,"href":"https:\/\/sanktlukas.se\/malmo\/wp-json\/wp\/v2\/users\/3"}],"replies":[{"embeddable":true,"href":"https:\/\/sanktlukas.se\/malmo\/wp-json\/wp\/v2\/comments?post=14"}],"version-history":[{"count":3,"href":"https:\/\/sanktlukas.se\/malmo\/wp-json\/wp\/v2\/pages\/14\/revisions"}],"predecessor-version":[{"id":407,"href":"https:\/\/sanktlukas.se\/malmo\/wp-json\/wp\/v2\/pages\/14\/revisions\/407"}],"up":[{"embeddable":true,"href":"https:\/\/sanktlukas.se\/malmo\/wp-json\/wp\/v2\/pages\/1"}],"wp:attachment":[{"href":"https:\/\/sanktlukas.se\/malmo\/wp-json\/wp\/v2\/media?parent=14"}],"curies":[{"name":"wp","href":"https:\/\/api.w.org\/{rel}","templated":true}]}}

<h4>1939 grundades S:t Lukasstiftelsen som ett samtals- och samarbetsforum för människor med olika människovårdande yrken. Ur detta växte det fram mottagningar för rådgivning, själavård och psykoterapi.</h4>
<p><strong>Sedan 1995 heter vi &#8221;S:t Lukas&#8221;</strong> och är ett riksomfattande förbund av ideella S:t Lukasföreningar, som arbetar med psykoterapi och psykosociala frågor. Vi är religiöst oberoende och har en psykodynamisk grundsyn. De flesta S:t Lukasföreningar driver en eller flera psykoterapimottagningar.</p>
<p><strong>1961 bildades S:t Lukas lokalavdelning i sydvästra Skåne</strong>, som under 70-talet delades upp i tre, nämligen Lund, Helsingborg och Malmö. Vi firade gemensamt 50-årsjubileum med miniföreläsningar i Lunds stadshall lördagen 1 oktober 2011.</p>
<p><strong>Mottagning har funnits i Malmö har sedan 1968</strong>. 1996 flyttade vi till lokalen på Norra Vallgatan 90 i centrala Malmö.</p>

<p>1939 grundades S:t Lukasstiftelsen som ett samtals- och samarbetsforum för människor med olika människovårdande yrken. Ur detta växte det fram mottagningar för rådgivning, själavård och psykoterapi. Sedan 1995 heter vi &#8221;S:t Lukas&#8221; och är ett riksomfattande förbund av ideella S:t Lukasföreningar, som arbetar med psykoterapi och psykosociala frågor. Vi är religiöst oberoende och har en psykodynamisk grundsyn. De flesta S:t Lukasföreningar driver [&hellip;]</p>
