{"id":275,"date":"2020-09-07T22:06:26","date_gmt":"2020-09-07T20:06:26","guid":{"rendered":"https:\/\/sanktlukas.se\/malmo\/?page_id=275"},"modified":"2023-06-01T22:07:07","modified_gmt":"2023-06-01T20:07:07","slug":"parterapi","status":"publish","type":"page","link":"https:\/\/sanktlukas.se\/malmo\/parterapi\/","title":{"rendered":"Parterapi Malm\u00f6"},"content":{"rendered":"\n<h2 class=\"wp-block-heading\">Vi erbjuder parterapi centralt i Malm\u00f6<\/h2>\n\n\n\n<p>Parterapi kan minska konflikter och kommunikationssv\u00e5righeter i en relation. Ibland kan parterapi ge v\u00e4gledning huruvida relationen b\u00f6r forts\u00e4tta eller inte. Parterapi kan \u00e4ven vara bra f\u00f6r par utan st\u00f6rre konflikter men som \u00f6nskar \u00f6ka kommunikationen och st\u00e4rka banden.<\/p>\n\n\n\n<p>Vi har l\u00e5ng erfarenhet av parterapi och utbildning i olika metoder s\u00e5som EFT (Emotionellt fokuserad parterapi) och IBCT&nbsp;(Integrated Behavoural Couple Therapi)<\/p>\n\n\n\n<p><strong>V\u00e4lkommen!<\/strong><\/p>\n","protected":false},"excerpt":{"rendered":"<p>Vi erbjuder parterapi centralt i Malm\u00f6 Parterapi kan minska konflikter och kommunikationssv\u00e5righeter i en relation. Ibland kan parterapi ge v\u00e4gledning huruvida relationen b\u00f6r forts\u00e4tta eller inte. Parterapi kan \u00e4ven vara bra f\u00f6r par utan st\u00f6rre konflikter men som \u00f6nskar \u00f6ka kommunikationen och st\u00e4rka banden. Vi har l\u00e5ng erfarenhet av parterapi och utbildning i olika metoder [&hellip;]<\/p>\n","protected":false},"author":39,"featured_media":-1,"parent":0,"menu_order":0,"comment_status":"closed","ping_status":"closed","template":"","meta":{"_acf_changed":false,"footnotes":""},"class_list":["post-275","page","type-page","status-publish","has-post-thumbnail","hentry"],"acf":[],"_links":{"self":[{"href":"https:\/\/sanktlukas.se\/malmo\/wp-json\/wp\/v2\/pages\/275","targetHints":{"allow":["GET"]}}],"collection":[{"href":"https:\/\/sanktlukas.se\/malmo\/wp-json\/wp\/v2\/pages"}],"about":[{"href":"https:\/\/sanktlukas.se\/malmo\/wp-json\/wp\/v2\/types\/page"}],"author":[{"embeddable":true,"href":"https:\/\/sanktlukas.se\/malmo\/wp-json\/wp\/v2\/users\/39"}],"replies":[{"embeddable":true,"href":"https:\/\/sanktlukas.se\/malmo\/wp-json\/wp\/v2\/comments?post=275"}],"version-history":[{"count":10,"href":"https:\/\/sanktlukas.se\/malmo\/wp-json\/wp\/v2\/pages\/275\/revisions"}],"predecessor-version":[{"id":425,"href":"https:\/\/sanktlukas.se\/malmo\/wp-json\/wp\/v2\/pages\/275\/revisions\/425"}],"wp:featuredmedia":[{"embeddable":true,"href":"https:\/\/sanktlukas.se\/malmo\/wp-json\/"}],"wp:attachment":[{"href":"https:\/\/sanktlukas.se\/malmo\/wp-json\/wp\/v2\/media?parent=275"}],"curies":[{"name":"wp","href":"https:\/\/api.w.org\/{rel}","templated":true}]}}