{"id":471,"date":"2023-02-05T20:39:46","date_gmt":"2023-02-05T19:39:46","guid":{"rendered":"https:\/\/sanktlukas.se\/molndal\/?page_id=471"},"modified":"2023-06-05T15:26:48","modified_gmt":"2023-06-05T13:26:48","slug":"organisationspsykologi","status":"publish","type":"page","link":"https:\/\/sanktlukas.se\/molndal\/organisationspsykologi\/","title":{"rendered":"Organisationspsykologi"},"content":{"rendered":"\n<h1 class=\"wp-block-sanktlukas-genericheading headline headline--large medium-green\">Organisationspsykologi<\/h1>\n\n\n<div class=\"sanktlukas-splitblock\">\n    <div class=\"sanktlukas-splitblock__data beige\">\n        \n\n<h2 class=\"wp-block-sanktlukas-genericheading headline headline--medium medium-green\"><br><br>Organisation &amp; Ledarskap<\/h2>\n\n\n\n<div class=\"wp-block-sanktlukas-generictextblock textblock textblock--undefined\">Professionella tj\u00e4nster f\u00f6r utveckling av individer, grupper och organisationer<\/div>\n\n    <\/div>\n       <div class=\"sanktlukas-splitblock__photo\" style=\"background-image: url('https:\/\/sanktlukas.se\/goteborg\/wp-content\/uploads\/sites\/11\/shutterstock_394804009_1200px_72px-640x432.jpg');\"><\/div>\n    <\/div>\n\n\n<div class=\"wp-block-sanktlukas-generictextblock textblock textblock--undefined\"><br>Har ni problem p\u00e5 er arbetsplats? Har det blivit konflikter efter en omorganisation? \u00a0Har ni tvingats s\u00e4ga upp personal? Finns det relationer som f\u00f6rsv\u00e5rar det gemensamma arbetet? Har ni n\u00e5gon anst\u00e4lld som hamnat i en kris eller i en \u00e5terv\u00e4ndsgr\u00e4nd? \u00a0Har du som chef funderingar p\u00e5 hur du b\u00e4st ska leda individerna, arbetsgruppen och f\u00f6retaget fram\u00e5t?<\/div>\n\n\n\n<h3 class=\"wp-block-sanktlukas-genericheading headline headline--small medium-green\">Beh\u00f6ver du som chef eller dina medarbetare st\u00f6d i den aktuella situationen?<\/h3>\n\n\n\n<div class=\"wp-block-sanktlukas-generictextblock textblock textblock--undefined\">Vi kan erbjuda dig en tid med kort varsel. Du v\u00e4ljer om du vill komma hit eller ses via videol\u00e4nk. Du kan boka fr\u00e5n en halvtimma och upp\u00e5t. Boka genom <a href=\"mailto:isabel.abrahamsson@sanktlukas.se\" data-type=\"mailto\" data-id=\"mailto:per.reinhardt@sanktlukas.se\">isabel.abrahamsson@sanktlukas.se<\/a>.<br><br>V\u00e5rt tj\u00e4nsteutbud omfattar olika former av samtal, handledning, coaching, ledar- och grupputveckling\u00a0\u00a0samt\u00a0korta och arbetsplatsinriktade kurser i samtalsmetodik, konflikthantering, stresshantering.<br><br>Vi samarbetar med\u00a0\u00f6vriga S:t Lukas mottagningar i Sverige\u00a0genom gemensamma avtal med st\u00f6rre myndigheter, nationella f\u00f6retag och organisationer r\u00f6rande t.ex samtalsjour, krisst\u00f6d, chefshandledning och utbildning.<br><br><\/div>\n\n\n\n<h3 class=\"wp-block-sanktlukas-genericheading headline headline--small medium-green\">V\u00e5ra organisationskonsulter<\/h3>\n\n\n\n<div class=\"wp-block-sanktlukas-generictextblock textblock textblock--undefined\">Kontakta oss om du vill veta mer om v\u00e5ra tj\u00e4nsters inneh\u00e5ll eller beg\u00e4ra en offert. Vi arbetar \u00f6ver hela l\u00e4net och har egna centrala m\u00f6teslokaler i G\u00f6teborg, M\u00f6lndal och Bor\u00e5s.<\/div>\n\n\n\n<div style=\"height:50px\" aria-hidden=\"true\" class=\"wp-block-spacer\"><\/div>\n\n\n\n<div class=\"wp-block-media-text alignwide is-stacked-on-mobile\" style=\"grid-template-columns:18% auto\"><figure class=\"wp-block-media-text__media\"><img decoding=\"async\" src=\"https:\/\/sanktlukas.se\/goteborg\/wp-content\/uploads\/sites\/11\/Isabel2_sv_360x443px.jpg\" alt=\"\" class=\"wp-image-1308 size-full\"\/><\/figure><div class=\"wp-block-media-text__content\">\n<h3 class=\"wp-block-sanktlukas-genericheading headline headline--small medium-green\">Isabel Abrahamsson<\/h3>\n\n\n\n<p style=\"font-style:normal;font-weight:300\">Omr\u00e5deschef Organisation &amp; Ledarskap, leg. psykolog, organisationspsykolog, handledare<\/p>\n\n\n\n<p>031-58 85 16, 076-677 53 45<br><a href=\"mailto:isabel.abrahamsson@.sanktlukas.se\">isabel.abrahamsson@sanktlukas.se<\/a><\/p>\n<\/div><\/div>\n\n\n\n<div style=\"height:50px\" aria-hidden=\"true\" class=\"wp-block-spacer\"><\/div>\n\n\n\n<div class=\"wp-block-media-text alignwide is-stacked-on-mobile\" style=\"grid-template-columns:18% auto\"><figure class=\"wp-block-media-text__media\"><img decoding=\"async\" src=\"https:\/\/sanktlukas.se\/goteborg\/wp-content\/uploads\/sites\/11\/Per1_svvit_hemsidan.jpg\" alt=\"\" class=\"wp-image-2464 size-full\"\/><\/figure><div class=\"wp-block-media-text__content\">\n<h3 class=\"wp-block-sanktlukas-genericheading headline headline--small medium-green\">Per Reinhardt<\/h3>\n\n\n\n<p>Teamledare Organisation &amp; Ledarskap, leg. psykolog, organisationspsykolog, handledare<\/p>\n\n\n\n<p>031-58 85 26, 072-050 48 58<br><a href=\"mailto:per.reinhardt@sanktlukas.se\">per.reinhardt@.sanktlukas.se<\/a><\/p>\n<\/div><\/div>\n\n\n\n<div style=\"height:50px\" aria-hidden=\"true\" class=\"wp-block-spacer\"><\/div>\n\n\n\n<div class=\"wp-block-media-text alignwide is-stacked-on-mobile\" style=\"grid-template-columns:18% auto\"><figure class=\"wp-block-media-text__media\"><img decoding=\"async\" src=\"https:\/\/sanktlukas.se\/goteborg\/wp-content\/uploads\/sites\/11\/Filip_1_bokavard_rgb_sv.jpg\" alt=\"\" class=\"wp-image-135 size-full\"\/><\/figure><div class=\"wp-block-media-text__content\">\n<h3 class=\"wp-block-sanktlukas-genericheading headline headline--small medium-green\">Filip Lindkvist<\/h3>\n\n\n\n<p>Leg. psykolog, organisationspsykolog, handledare<\/p>\n\n\n\n<p>031-58 85 07, 0766-77 23 37<br><a href=\"mailto:filip.lindkvist@sanktlukas.se\">filip.lindkvist@sanktlukas.se<\/a><\/p>\n<\/div><\/div>\n\n\n\n<div style=\"height:50px\" aria-hidden=\"true\" class=\"wp-block-spacer\"><\/div>\n\n\n\n<div class=\"wp-block-media-text alignwide is-stacked-on-mobile\" style=\"grid-template-columns:18% auto\"><figure class=\"wp-block-media-text__media\"><img decoding=\"async\" src=\"https:\/\/sanktlukas.se\/goteborg\/wp-content\/uploads\/sites\/11\/Anita1_svvit_bokavard.jpg\" alt=\"\" class=\"wp-image-1010 size-full\"\/><\/figure><div class=\"wp-block-media-text__content\">\n<h3 class=\"wp-block-sanktlukas-genericheading headline headline--small medium-green\">Anita Naucl\u00e9r<\/h3>\n\n\n\n<p>Leg. psykolog, organisationspsykolog, handledare<\/p>\n\n\n\n<p>031-58 85 04, 070-658 85 45<br><a href=\"mailto:anita.naucler@sanktlukas.se\">anita.naucler@sanktlukas.se<\/a><\/p>\n<\/div><\/div>\n\n\n\n<div style=\"height:50px\" aria-hidden=\"true\" class=\"wp-block-spacer\"><\/div>\n\n\n\n<div class=\"wp-block-media-text alignwide is-stacked-on-mobile\" style=\"grid-template-columns:18% auto\"><figure class=\"wp-block-media-text__media\"><img decoding=\"async\" src=\"https:\/\/sanktlukas.se\/goteborg\/wp-content\/uploads\/sites\/11\/Anna2_svvit.png\" alt=\"\" class=\"wp-image-2274 size-full\"\/><\/figure><div class=\"wp-block-media-text__content\">\n<h3 class=\"wp-block-sanktlukas-genericheading headline headline--small medium-green\">Anna Stenholm<\/h3>\n\n\n\n<p>TJ\u00c4NSTLEDIG UNDER 2023<\/p>\n\n\n\n<p>Leg. psykolog, organisationspsykolog, handledare<\/p>\n\n\n\n<p>031- 58 85 27,&nbsp; 076-677 23 28<br><a href=\"mailto:anna.stenholm@sanktlukas.se\">anna.stenholm@sanktlukas.se<\/a><\/p>\n<\/div><\/div>\n\n\n\n<div style=\"height:50px\" aria-hidden=\"true\" class=\"wp-block-spacer\"><\/div>\n\n\n\n<div class=\"wp-block-media-text alignwide is-stacked-on-mobile\" style=\"grid-template-columns:18% auto\"><figure class=\"wp-block-media-text__media\"><img decoding=\"async\" src=\"https:\/\/sanktlukas.se\/goteborg\/wp-content\/uploads\/sites\/11\/Johan-Granfors_360x440px.jpg\" alt=\"\" class=\"wp-image-3076 size-full\"\/><\/figure><div class=\"wp-block-media-text__content\">\n<h3 class=\"wp-block-sanktlukas-genericheading headline headline--small medium-green\">Johan Granfors<\/h3>\n\n\n\n<p>Leg. psykolog, organisationspsykolog, handledare<\/p>\n\n\n\n<p>031-58 85 29, 076-677 23 29<br><a href=\"mailto:johan.granfors@sanktlukas.se\" data-type=\"mailto\" data-id=\"mailto:johan.granfors@sanktlukas.se\">johan.granfors@sanktlukas.se<\/a><\/p>\n<\/div><\/div>\n\n\n\n<div style=\"height:50px\" aria-hidden=\"true\" class=\"wp-block-spacer\"><\/div>\n\n\n\n<div class=\"wp-block-media-text alignwide is-stacked-on-mobile\" style=\"grid-template-columns:18% auto\"><figure class=\"wp-block-media-text__media\"><img loading=\"lazy\" decoding=\"async\" width=\"360\" height=\"440\" src=\"https:\/\/sanktlukas.se\/molndal\/wp-content\/uploads\/sites\/43\/2023\/06\/Christer-Borg-2_-svvit_360x440px.png\" alt=\"\" class=\"wp-image-497 size-thumbnail\"\/><\/figure><div class=\"wp-block-media-text__content\">\n<h3 class=\"wp-block-sanktlukas-genericheading headline headline--small medium-green\">Christer Borg<\/h3>\n\n\n\n<p>Leg. psykolog, leg. psykoterapeut, organisationspsykolog, handledare<\/p>\n\n\n\n<p>031-300 08 17, 076-669 85 04<br><a href=\"mailto:christer.borg@sanktlukas.se\">christer.borg@sanktlukas.se<\/a><\/p>\n<\/div><\/div>\n","protected":false},"excerpt":{"rendered":"","protected":false},"author":3,"featured_media":0,"parent":0,"menu_order":0,"comment_status":"closed","ping_status":"closed","template":"","meta":{"_acf_changed":false,"footnotes":""},"class_list":["post-471","page","type-page","status-publish","hentry"],"acf":[],"_links":{"self":[{"href":"https:\/\/sanktlukas.se\/molndal\/wp-json\/wp\/v2\/pages\/471","targetHints":{"allow":["GET"]}}],"collection":[{"href":"https:\/\/sanktlukas.se\/molndal\/wp-json\/wp\/v2\/pages"}],"about":[{"href":"https:\/\/sanktlukas.se\/molndal\/wp-json\/wp\/v2\/types\/page"}],"author":[{"embeddable":true,"href":"https:\/\/sanktlukas.se\/molndal\/wp-json\/wp\/v2\/users\/3"}],"replies":[{"embeddable":true,"href":"https:\/\/sanktlukas.se\/molndal\/wp-json\/wp\/v2\/comments?post=471"}],"version-history":[{"count":7,"href":"https:\/\/sanktlukas.se\/molndal\/wp-json\/wp\/v2\/pages\/471\/revisions"}],"predecessor-version":[{"id":515,"href":"https:\/\/sanktlukas.se\/molndal\/wp-json\/wp\/v2\/pages\/471\/revisions\/515"}],"wp:attachment":[{"href":"https:\/\/sanktlukas.se\/molndal\/wp-json\/wp\/v2\/media?parent=471"}],"curies":[{"name":"wp","href":"https:\/\/api.w.org\/{rel}","templated":true}]}}