{"id":544,"date":"2023-11-17T16:30:33","date_gmt":"2023-11-17T15:30:33","guid":{"rendered":"https:\/\/sanktlukas.se\/molndal\/?page_id=544"},"modified":"2023-11-17T16:30:33","modified_gmt":"2023-11-17T15:30:33","slug":"sammanhallen-journalforing","status":"publish","type":"page","link":"https:\/\/sanktlukas.se\/molndal\/sammanhallen-journalforing\/","title":{"rendered":"Sammanh\u00e5llen journalf\u00f6ring"},"content":{"rendered":"\n<h1 class=\"wp-block-heading\">Sammanh\u00e5llen journalf\u00f6ring<\/h1>\n\n\n\n<h3 class=\"wp-block-heading\">S:t Lukas till\u00e4mpar sammanh\u00e5llen journalf\u00f6ring<\/h3>\n\n\n\n<p>Inom S:t Lukas till\u00e4mpar vi sammanh\u00e5llen journalf\u00f6ring och det g\u00f6r att uppgifter i din patientjournal kan g\u00f6ras tillg\u00e4ngliga f\u00f6r annan leg. psykoterapeut\/leg. psykolog inom S:t Lukas om du t.ex flyttar och p\u00e5 nytt s\u00f6ker st\u00f6d hos en annan S:t Lukasmottagning i Sverige.<br>Du kan st\u00e5 utanf\u00f6r sammanh\u00e5llen journalf\u00f6ring genom att sp\u00e4rra uppgifter i din journal.<br>Fr\u00e5ga din behandlare om du vill veta mer.<\/p>\n\n\n\n<p>Hos S:t Lukas i G\u00f6teborg AB hanteras dina personuppgifter p\u00e5 ett s\u00e4kert och korrekt s\u00e4tt. Fr\u00e5n och med den 25 maj 2018 till\u00e4mpas EU:s Dataskyddsf\u00f6rordning (GDPR) och den ers\u00e4tter personuppgiftslagen.<\/p>\n\n\n\n<p>Mycket \u00e4r sig likt fr\u00e5n personuppgiftslagen men skyddet f\u00f6r den personliga integriteten har st\u00e4rkts. GDPR f\u00f6rbjuder all hantering av personuppgifter utan st\u00f6d i lag. Hanteringen av dina personuppgifter styrs av flera lagar som ska skydda din personliga integritet. De lagar som reglerar hanteringen av personuppgifter inom S:t Lukas verksamhet \u00e4r i huvudsak sekretesslagen, patientdatalagen, dataskyddsf\u00f6rordningen (GDPR) och bokf\u00f6ringslagen.<\/p>\n\n\n\n<h3 class=\"wp-block-heading\">Varf\u00f6r registreras mina personuppgifter?<\/h3>\n\n\n\n<p>S:t Lukas i G\u00f6teborg AB \u00e4r en v\u00e5rdgivare vars verksamhet styrs av Socialstyrelsens riktlinjer och H\u00e4lso- och sjukv\u00e5rdens lagar. Personuppgifterna beh\u00f6vs f\u00f6r att kunna ge en god, patients\u00e4ker och trygg v\u00e5rd. S:t Lukas i G\u00f6teborg AB \u00e4r skyldig att f\u00f6ra patientjournal avseende varje patient. Det \u00e4r noga best\u00e4mt hur v\u00e5rden f\u00e5r registrera och anv\u00e4nda personuppgifter s\u00e5 att dina personuppgifter hanteras p\u00e5 r\u00e4tt s\u00e4tt och samtidigt skyddar din integritet.<\/p>\n\n\n\n<p>Personuppgifterna anv\u00e4nds f\u00f6r journalskrivning och som underlag f\u00f6r fakturering och bokf\u00f6ring. S:t Lukas i G\u00f6teborg AB har r\u00e4tt att registrera dina personuppgifter i patientjournal och h\u00e4lso- och sjukv\u00e5rdsregister utan ditt samtycke. Behandlingen av dina personuppgifter \u00e4r n\u00f6dv\u00e4ndig f\u00f6r att kunna fullg\u00f6ra avtalet med dig eller den som skickat remiss, best\u00e4llt tj\u00e4nst av oss och f\u00f6r att fullg\u00f6ra r\u00e4ttsliga f\u00f6rpliktelser som \u00e5l\u00e4ggs oss i egenskap av v\u00e5rdgivare. Med personuppgifter avses namn, adress, personnummer, telefonnummer, mailadress.<\/p>\n\n\n\n<h3 class=\"wp-block-heading\">Hur behandlas mina personuppgifter?<\/h3>\n\n\n\n<p>Kontaktuppgifterna sparas minst 10 \u00e5r i v\u00e5rt patientjournalsystem i enligt med best\u00e4mmelserna i Patientdatalagen. Bokf\u00f6ringsunderlag, t.ex. fakturor sparas i 7 \u00e5r. Personuppgifter inom H\u00e4lso-och sjukv\u00e5rden omfattas av str\u00e4ng sekretess f\u00f6r uppgifter om patienters h\u00e4lsotillst\u00e5nd eller andra personliga f\u00f6rh\u00e5llanden. S:t Lukas i G\u00f6teborg AB kan d\u00e4rf\u00f6r&nbsp;<strong>inte<\/strong>&nbsp;l\u00e4mna ut dina personuppgifter med mindre \u00e4n en lagstiftning f\u00f6reskriver det \u2013 eller om du ger ditt uttryckliga samtycke till s\u00e5dant utl\u00e4mnande. Som patient har du r\u00e4tt att f\u00e5 ta del av din patientjournal.<\/p>\n","protected":false},"excerpt":{"rendered":"<p>Sammanh\u00e5llen journalf\u00f6ring S:t Lukas till\u00e4mpar sammanh\u00e5llen journalf\u00f6ring Inom S:t Lukas till\u00e4mpar vi sammanh\u00e5llen journalf\u00f6ring och det g\u00f6r att uppgifter i din patientjournal kan g\u00f6ras tillg\u00e4ngliga f\u00f6r annan leg. psykoterapeut\/leg. psykolog inom S:t Lukas om du t.ex flyttar och p\u00e5 nytt s\u00f6ker st\u00f6d hos en annan S:t Lukasmottagning i Sverige.Du kan st\u00e5 utanf\u00f6r sammanh\u00e5llen journalf\u00f6ring genom [&hellip;]<\/p>\n","protected":false},"author":3,"featured_media":0,"parent":0,"menu_order":0,"comment_status":"closed","ping_status":"closed","template":"","meta":{"_acf_changed":false,"footnotes":""},"class_list":["post-544","page","type-page","status-publish","hentry"],"acf":[],"_links":{"self":[{"href":"https:\/\/sanktlukas.se\/molndal\/wp-json\/wp\/v2\/pages\/544","targetHints":{"allow":["GET"]}}],"collection":[{"href":"https:\/\/sanktlukas.se\/molndal\/wp-json\/wp\/v2\/pages"}],"about":[{"href":"https:\/\/sanktlukas.se\/molndal\/wp-json\/wp\/v2\/types\/page"}],"author":[{"embeddable":true,"href":"https:\/\/sanktlukas.se\/molndal\/wp-json\/wp\/v2\/users\/3"}],"replies":[{"embeddable":true,"href":"https:\/\/sanktlukas.se\/molndal\/wp-json\/wp\/v2\/comments?post=544"}],"version-history":[{"count":1,"href":"https:\/\/sanktlukas.se\/molndal\/wp-json\/wp\/v2\/pages\/544\/revisions"}],"predecessor-version":[{"id":545,"href":"https:\/\/sanktlukas.se\/molndal\/wp-json\/wp\/v2\/pages\/544\/revisions\/545"}],"wp:attachment":[{"href":"https:\/\/sanktlukas.se\/molndal\/wp-json\/wp\/v2\/media?parent=544"}],"curies":[{"name":"wp","href":"https:\/\/api.w.org\/{rel}","templated":true}]}}