{"id":10,"date":"2016-06-01T16:51:18","date_gmt":"2016-06-01T14:51:18","guid":{"rendered":"https:\/\/sanktlukas.se\/nordvastra-skane-angelholm\/?page_id=10"},"modified":"2025-11-18T17:11:40","modified_gmt":"2025-11-18T16:11:40","slug":"styrelse","status":"publish","type":"page","link":"https:\/\/sanktlukas.se\/nordvastra-skane-angelholm\/foreningen\/styrelse\/","title":{"rendered":"Styrelse"},"content":{"rendered":"<h5 style=\"text-align: left\">Ordf\u00f6rande<\/h5>\n<p>Bert-Inge Karlsson, Klippan<\/p>\n<p><span data-olk-copy-source=\"MessageBody\">0730-251424<\/span><\/p>\n<h5>Sekreterare<\/h5>\n<p>Lena Kristiansson, \u00c4ngelholm<\/p>\n<p>0431-15917<\/p>\n<h5>Kass\u00f6r<\/h5>\n<p>Lena Jerlebo, \u00c4ngelholm<\/p>\n<p><strong>\u00d6vriga ledam\u00f6ter<\/strong><\/p>\n<p>Karin H\u00e5kansson, \u00c4ngelholm<\/p>\n<p>Lilian Johansson, Munka Ljungby<\/p>\n<p>Marie Berlin, Klippan<\/p>\n<p>Suppl<\/p>\n<p>Ann-Charlotte Torstensson, \u00c4ngelholm<\/p>\n<p>Maria Bergstr\u00f6m<\/p>\n<footer>\n<div class=\"kontakt\">\u00a0<\/div>\n<\/footer>\n\n\n<h5 class=\"wp-block-heading\"><\/h5>\n\n\n\n<p><\/p>\n","protected":false},"excerpt":{"rendered":"<p>Ordf\u00f6rande Bert-Inge Karlsson, Klippan 0730-251424 Sekreterare Lena Kristiansson, \u00c4ngelholm 0431-15917 Kass\u00f6r Lena Jerlebo, \u00c4ngelholm \u00d6vriga ledam\u00f6ter Karin H\u00e5kansson, \u00c4ngelholm Lilian Johansson, Munka Ljungby Marie Berlin, Klippan Suppl Ann-Charlotte Torstensson, \u00c4ngelholm Maria Bergstr\u00f6m \u00a0<\/p>\n","protected":false},"author":3,"featured_media":-1,"parent":1,"menu_order":0,"comment_status":"closed","ping_status":"closed","template":"","meta":{"_acf_changed":false,"footnotes":""},"class_list":["post-10","page","type-page","status-publish","has-post-thumbnail","hentry"],"acf":[],"_links":{"self":[{"href":"https:\/\/sanktlukas.se\/nordvastra-skane-angelholm\/wp-json\/wp\/v2\/pages\/10","targetHints":{"allow":["GET"]}}],"collection":[{"href":"https:\/\/sanktlukas.se\/nordvastra-skane-angelholm\/wp-json\/wp\/v2\/pages"}],"about":[{"href":"https:\/\/sanktlukas.se\/nordvastra-skane-angelholm\/wp-json\/wp\/v2\/types\/page"}],"author":[{"embeddable":true,"href":"https:\/\/sanktlukas.se\/nordvastra-skane-angelholm\/wp-json\/wp\/v2\/users\/3"}],"replies":[{"embeddable":true,"href":"https:\/\/sanktlukas.se\/nordvastra-skane-angelholm\/wp-json\/wp\/v2\/comments?post=10"}],"version-history":[{"count":16,"href":"https:\/\/sanktlukas.se\/nordvastra-skane-angelholm\/wp-json\/wp\/v2\/pages\/10\/revisions"}],"predecessor-version":[{"id":282,"href":"https:\/\/sanktlukas.se\/nordvastra-skane-angelholm\/wp-json\/wp\/v2\/pages\/10\/revisions\/282"}],"up":[{"embeddable":true,"href":"https:\/\/sanktlukas.se\/nordvastra-skane-angelholm\/wp-json\/wp\/v2\/pages\/1"}],"wp:featuredmedia":[{"embeddable":true,"href":"https:\/\/sanktlukas.se\/nordvastra-skane-angelholm\/wp-json\/"}],"wp:attachment":[{"href":"https:\/\/sanktlukas.se\/nordvastra-skane-angelholm\/wp-json\/wp\/v2\/media?parent=10"}],"curies":[{"name":"wp","href":"https:\/\/api.w.org\/{rel}","templated":true}]}}