{"id":1,"date":"2016-05-26T06:02:46","date_gmt":"2016-05-26T04:02:46","guid":{"rendered":"https:\/\/sanktlukas.se\/norrkoping\/foreningen\/"},"modified":"2021-02-10T16:30:13","modified_gmt":"2021-02-10T15:30:13","slug":"foreningen","status":"publish","type":"page","link":"https:\/\/sanktlukas.se\/norrkoping\/foreningen\/","title":{"rendered":"F\u00f6reningen"},"content":{"rendered":"<h4><\/h4>\n<h3>V\u00e4lkommen som medlem i F\u00f6reningen S:t Lukas i \u00d6sterg\u00f6tland<\/h3>\n<p>S:t Lukas \u00e4r en id\u00e9buren organisation utan vinstintresse och vi \u00e4r politiskt och religi\u00f6st obundna. Mycket av arbetet inom f\u00f6reningen\u00a0g\u00f6rs ideellt s\u00e5 det beh\u00f6vs m\u00e5nga som \u00e4r intresserade och engagerade. S:t Lukas verksamhet grundar sig p\u00e5 f\u00f6reningens medlemmar, s\u00e5 det enklaste s\u00e4ttet att st\u00f6dja S:t Lukas \u00e4r att bli medlem. Alla med intresse f\u00f6r de fr\u00e5gor som \u00e4r S:t Lukas uppdrag \u00e4r\u00a0v\u00e4lkomna som medlemmar.<\/p>\n<p>Medlemsavgifter och g\u00e5vor till f\u00f6reningen anv\u00e4nds till att subventionera samtalsavgifterna f\u00f6r privatpersoner. D\u00e4rmed blir samtalsterapi tillg\u00e4ngligt f\u00f6r fler och bidrar till att minska den psykiska oh\u00e4lsan.<\/p>\n<p>Tack f\u00f6r din medlemsavgift som \u00e4r 200:-\/ \u00e5r och g\u00e5va till f\u00f6reningens verksamhet!<\/p>\n<p>&nbsp;<\/p>\n","protected":false},"excerpt":{"rendered":"<p>V\u00e4lkommen som medlem i F\u00f6reningen S:t Lukas i \u00d6sterg\u00f6tland S:t Lukas \u00e4r en id\u00e9buren organisation utan vinstintresse och vi \u00e4r politiskt och religi\u00f6st obundna. Mycket av arbetet inom f\u00f6reningen\u00a0g\u00f6rs ideellt s\u00e5 det beh\u00f6vs m\u00e5nga som \u00e4r intresserade och engagerade. S:t Lukas verksamhet grundar sig p\u00e5 f\u00f6reningens medlemmar, s\u00e5 det enklaste s\u00e4ttet att st\u00f6dja S:t Lukas [&hellip;]<\/p>\n","protected":false},"author":3,"featured_media":-1,"parent":0,"menu_order":0,"comment_status":"closed","ping_status":"closed","template":"","meta":{"_acf_changed":false,"footnotes":""},"class_list":["post-1","page","type-page","status-publish","has-post-thumbnail","hentry"],"acf":[],"_links":{"self":[{"href":"https:\/\/sanktlukas.se\/norrkoping\/wp-json\/wp\/v2\/pages\/1","targetHints":{"allow":["GET"]}}],"collection":[{"href":"https:\/\/sanktlukas.se\/norrkoping\/wp-json\/wp\/v2\/pages"}],"about":[{"href":"https:\/\/sanktlukas.se\/norrkoping\/wp-json\/wp\/v2\/types\/page"}],"author":[{"embeddable":true,"href":"https:\/\/sanktlukas.se\/norrkoping\/wp-json\/wp\/v2\/users\/3"}],"replies":[{"embeddable":true,"href":"https:\/\/sanktlukas.se\/norrkoping\/wp-json\/wp\/v2\/comments?post=1"}],"version-history":[{"count":4,"href":"https:\/\/sanktlukas.se\/norrkoping\/wp-json\/wp\/v2\/pages\/1\/revisions"}],"predecessor-version":[{"id":181,"href":"https:\/\/sanktlukas.se\/norrkoping\/wp-json\/wp\/v2\/pages\/1\/revisions\/181"}],"wp:featuredmedia":[{"embeddable":true,"href":"https:\/\/sanktlukas.se\/norrkoping\/wp-json\/"}],"wp:attachment":[{"href":"https:\/\/sanktlukas.se\/norrkoping\/wp-json\/wp\/v2\/media?parent=1"}],"curies":[{"name":"wp","href":"https:\/\/api.w.org\/{rel}","templated":true}]}}