{"id":393,"date":"2022-11-01T09:29:32","date_gmt":"2022-11-01T08:29:32","guid":{"rendered":"https:\/\/sanktlukas.se\/vasteras\/?page_id=393"},"modified":"2024-06-17T10:55:24","modified_gmt":"2024-06-17T08:55:24","slug":"vagbeskrivning","status":"publish","type":"page","link":"https:\/\/sanktlukas.se\/vasteras\/vagbeskrivning\/","title":{"rendered":"V\u00e4gbeskrivning"},"content":{"rendered":"\n<p class=\"has-black-color has-text-color\"><strong>V\u00e4lkommen till S:t Lukas mottagning i V\u00e4ster\u00e5s&nbsp;<\/strong><\/p>\n\n\n\n<p>Adressen \u00e4r K\u00e4llgatan 29 C, men ing\u00e5ngen \u00e4r genom portalen fr\u00e5n Biskopsgatan.<\/p>\n\n\n\n<p>Ta till v\u00e4nster, g\u00e5 in genom glasentr\u00e9n 29C. &nbsp;<\/p>\n\n\n\n<p>Mottagningen ligger en trappa upp.&nbsp;<\/p>\n\n\n\n<p>Det finns en stor parkering mittemot portalen p\u00e5 andra sidan Biskopsgatan.&nbsp;<\/p>\n","protected":false},"excerpt":{"rendered":"<p>V\u00e4lkommen till S:t Lukas mottagning i V\u00e4ster\u00e5s&nbsp; Adressen \u00e4r K\u00e4llgatan 29 C, men ing\u00e5ngen \u00e4r genom portalen fr\u00e5n Biskopsgatan. Ta till v\u00e4nster, g\u00e5 in genom glasentr\u00e9n 29C. &nbsp; Mottagningen ligger en trappa upp.&nbsp; Det finns en stor parkering mittemot portalen p\u00e5 andra sidan Biskopsgatan.&nbsp;<\/p>\n","protected":false},"author":3,"featured_media":0,"parent":0,"menu_order":0,"comment_status":"closed","ping_status":"closed","template":"","meta":{"_acf_changed":false,"footnotes":""},"class_list":["post-393","page","type-page","status-publish","hentry"],"acf":[],"_links":{"self":[{"href":"https:\/\/sanktlukas.se\/vasteras\/wp-json\/wp\/v2\/pages\/393","targetHints":{"allow":["GET"]}}],"collection":[{"href":"https:\/\/sanktlukas.se\/vasteras\/wp-json\/wp\/v2\/pages"}],"about":[{"href":"https:\/\/sanktlukas.se\/vasteras\/wp-json\/wp\/v2\/types\/page"}],"author":[{"embeddable":true,"href":"https:\/\/sanktlukas.se\/vasteras\/wp-json\/wp\/v2\/users\/3"}],"replies":[{"embeddable":true,"href":"https:\/\/sanktlukas.se\/vasteras\/wp-json\/wp\/v2\/comments?post=393"}],"version-history":[{"count":3,"href":"https:\/\/sanktlukas.se\/vasteras\/wp-json\/wp\/v2\/pages\/393\/revisions"}],"predecessor-version":[{"id":596,"href":"https:\/\/sanktlukas.se\/vasteras\/wp-json\/wp\/v2\/pages\/393\/revisions\/596"}],"wp:attachment":[{"href":"https:\/\/sanktlukas.se\/vasteras\/wp-json\/wp\/v2\/media?parent=393"}],"curies":[{"name":"wp","href":"https:\/\/api.w.org\/{rel}","templated":true}]}}